{"id":751075,"date":"2025-08-28T04:39:01","date_gmt":"2025-08-28T01:39:01","guid":{"rendered":"https:\/\/roveyayinevi.com.tr\/index.php\/urun\/sultan-ii-abdulhamidin-savunma-sanayii-fonlari-1896-1902\/"},"modified":"2026-04-16T03:04:07","modified_gmt":"2026-04-16T00:04:07","slug":"sultan-ii-abdulhamidin-savunma-sanayii-fonlari-1896-1902","status":"publish","type":"product","link":"https:\/\/roveyayinevi.com.tr\/index.php\/urun\/sultan-ii-abdulhamidin-savunma-sanayii-fonlari-1896-1902\/","title":{"rendered":"Sultan II. Abd\u00fclhamid\u2019in Savunma Sanayii Fonlar\u0131 (1896-1902)"},"content":{"rendered":"<p>1878 Berlin Kongresi sonras\u0131nda Osmanl\u0131 Devleti par\u00e7alanma ve da\u011f\u0131lman\u0131n e\u015fi\u011findeydi. Sultan II. Abd\u00fclhamid\u2019in 33 y\u0131l s\u00fcren saltanat\u0131 bu s\u00fcreci duraklatt\u0131. Onun ba\u015far\u0131s\u0131 muhakkak sadece diplomatik ve siyas\u00ee maharetinden ileri gelmiyordu. 93 Harbi\u2019nin ac\u0131 tecr\u00fcbelerinden ders al\u0131nm\u0131\u015f, ordunun ve te\u00e7hizat\u0131n\u0131n ne denli \u00f6nemli oldu\u011fu bir kez daha anla\u015f\u0131lm\u0131\u015ft\u0131. B\u00f6ylesine bir beka meselesinin \u00e7\u00f6z\u00fcm\u00fc ancak cayd\u0131r\u0131c\u0131 ve g\u00fc\u00e7l\u00fc bir ordu ile m\u00fcmk\u00fcnd\u00fc. Topraklar\u0131 ku\u015fat\u0131lm\u0131\u015f, maliyesi iflas etmi\u015f bir devletin halk\u0131ndan toplad\u0131\u011f\u0131 yard\u0131mlarla ordusunu nas\u0131l yeniden te\u00e7hizatland\u0131rd\u0131\u011f\u0131 bu kitab\u0131n konusudur. Osmanl\u0131 asker\u00ee erk\u00e2n\u0131n\u0131n ald\u0131\u011f\u0131 tedbirler \u00e7er\u00e7evesinde Almanya\u2019dan uzmanlar getirilmi\u015f, \u00e7e\u015fitli te\u00e7hizat al\u0131mlar\u0131yla beraber orduda geni\u015f \u00e7apl\u0131 bir reform hareketine giri\u015filmi\u015fti. Modern teknik, silah ve te\u00e7hizatla ordunun donat\u0131lmas\u0131 ve bunun y\u00fcksek maliyetlerinin kar\u015f\u0131lanmas\u0131 i\u00e7in II. Abd\u00fclhamid yerli kaynaklarla iki savunma fonunu, Tesis\u00e2t-\u0131 Askeriye \u0130\u00e2nesi ve Te\u00e7hiz\u00e2t-\u0131 Askeriye Tertibi\u2019ni olu\u015fturdu. Bu fonlar savunma sanayii ve ordunun modernizasyonu i\u00e7in halk\u0131 da seferber ederek mali kaynak sa\u011flad\u0131. M\u00fcsl\u00fcman ve gayrim\u00fcslim ahaliden toplanan gelirler T\u00fcrklerin ordu-millet dayan\u0131\u015fmas\u0131na bu d\u00f6nemden verilecek en iyi \u00f6rnektir. Sultan II. Abd\u00fclhamid\u2019in Savunma Sanayii Fonlar\u0131 (1896-1902) ar\u015fiv kaynaklar\u0131ndan hareketle kaleme al\u0131nm\u0131\u015f, en uzun y\u00fczy\u0131l\u0131n son \u00e7eyre\u011finde, II. Abd\u00fclhamid\u2019in \u00f6nc\u00fcl\u00fc\u011f\u00fcndeki savunma sanayii \u00e7abalar\u0131n\u0131 t\u00fcm ayr\u0131nt\u0131lar\u0131yla tarih okurlar\u0131na ve tarih\u00e7ilere sunan bir eser. <\/p>\n","protected":false},"excerpt":{"rendered":"<p>1878 Berlin Kongresi sonras\u0131nda Osmanl\u0131 Devleti par\u00e7alanma ve da\u011f\u0131lman\u0131n e\u015fi\u011findeydi. Sultan II. Abd\u00fclhamid\u2019in 33 y\u0131l s\u00fcren saltanat\u0131 bu s\u00fcreci duraklatt\u0131. Onun ba\u015far\u0131s\u0131 muhakkak sadece diplomatik ve<span class=\"excerpt-hellip\"> [\u2026]<\/span><\/p>\n","protected":false},"featured_media":0,"template":"","meta":{"_monsterinsights_skip_tracking":false,"_monsterinsights_sitenote_active":false,"_monsterinsights_sitenote_note":"","_monsterinsights_sitenote_category":0},"product_brand":[],"product_cat":[12312,12304],"product_tag":[],"class_list":{"0":"post-751075","1":"product","2":"type-product","3":"status-publish","5":"product_cat-diger","6":"product_cat-tarih","7":"pa_cilt-ciltsiz","8":"pa_tur-kitap","9":"pa_yayinevi-vakifbank-kultur-yayinlari","10":"pa_yazar-hakki-oz","12":"first","13":"instock","14":"sale","15":"shipping-taxable","16":"purchasable","17":"product-type-simple"},"_links":{"self":[{"href":"https:\/\/roveyayinevi.com.tr\/index.php\/wp-json\/wp\/v2\/product\/751075","targetHints":{"allow":["GET"]}}],"collection":[{"href":"https:\/\/roveyayinevi.com.tr\/index.php\/wp-json\/wp\/v2\/product"}],"about":[{"href":"https:\/\/roveyayinevi.com.tr\/index.php\/wp-json\/wp\/v2\/types\/product"}],"wp:attachment":[{"href":"https:\/\/roveyayinevi.com.tr\/index.php\/wp-json\/wp\/v2\/media?parent=751075"}],"wp:term":[{"taxonomy":"product_brand","embeddable":true,"href":"https:\/\/roveyayinevi.com.tr\/index.php\/wp-json\/wp\/v2\/product_brand?post=751075"},{"taxonomy":"product_cat","embeddable":true,"href":"https:\/\/roveyayinevi.com.tr\/index.php\/wp-json\/wp\/v2\/product_cat?post=751075"},{"taxonomy":"product_tag","embeddable":true,"href":"https:\/\/roveyayinevi.com.tr\/index.php\/wp-json\/wp\/v2\/product_tag?post=751075"}],"curies":[{"name":"wp","href":"https:\/\/api.w.org\/{rel}","templated":true}]}}