{"id":751068,"date":"2025-08-28T04:38:48","date_gmt":"2025-08-28T01:38:48","guid":{"rendered":"https:\/\/roveyayinevi.com.tr\/index.php\/urun\/ev-kedisi-bobo-ve-sokak-kedisi-ciko\/"},"modified":"2026-04-16T03:04:06","modified_gmt":"2026-04-16T00:04:06","slug":"ev-kedisi-bobo-ve-sokak-kedisi-ciko","status":"publish","type":"product","link":"https:\/\/roveyayinevi.com.tr\/index.php\/urun\/ev-kedisi-bobo-ve-sokak-kedisi-ciko\/","title":{"rendered":"Ev Kedisi Bobo ve Sokak Kedisi \u00c7iko"},"content":{"rendered":"<p>Kanepede k\u0131vr\u0131l\u0131p televizyon izlemeyi seven ev kedisi Bobo ile toprakta yuvarlanmay\u0131 ve yapraklarla oynamay\u0131 seven sokak kedisi \u00c7iko\u2019nun s\u0131cac\u0131k \u00f6yk\u00fcs\u00fc\u2026   Bobo ve \u00c7iko birbirinden farkl\u0131 iki kedi ama tan\u0131\u015ft\u0131klar\u0131nda asl\u0131nda benzer yanlar\u0131n\u0131n da oldu\u011funu fark ediyorlar&#8230;   Arkada\u015f edinmek, benzerliklerimiz kadar farkl\u0131l\u0131klar\u0131m\u0131z\u0131n da oldu\u011funu bilmek \u00fczerine b\u00fcy\u00fcleyici ve e\u011flenceli bir \u00f6yk\u00fc.<\/p>\n","protected":false},"excerpt":{"rendered":"<p>Kanepede k\u0131vr\u0131l\u0131p televizyon izlemeyi seven ev kedisi Bobo ile toprakta yuvarlanmay\u0131 ve yapraklarla oynamay\u0131 seven sokak kedisi \u00c7iko\u2019nun s\u0131cac\u0131k \u00f6yk\u00fcs\u00fc\u2026 Bobo ve \u00c7iko birbirinden farkl\u0131 iki<span class=\"excerpt-hellip\"> [\u2026]<\/span><\/p>\n","protected":false},"featured_media":0,"template":"","meta":{"_monsterinsights_skip_tracking":false,"_monsterinsights_sitenote_active":false,"_monsterinsights_sitenote_note":"","_monsterinsights_sitenote_category":0},"product_brand":[],"product_cat":[12274,12284],"product_tag":[],"class_list":{"0":"post-751068","1":"product","2":"type-product","3":"status-publish","5":"product_cat-cocuk-ve-genclik-kitaplari","6":"product_cat-hikayeler","7":"pa_cilt-ciltsiz","8":"pa_tur-kitap","9":"pa_yayinevi-1001-cicek-kitaplar","10":"pa_yazar-maisie-paradise-shearing-rose-blake","12":"first","13":"instock","14":"sale","15":"shipping-taxable","16":"purchasable","17":"product-type-simple"},"_links":{"self":[{"href":"https:\/\/roveyayinevi.com.tr\/index.php\/wp-json\/wp\/v2\/product\/751068","targetHints":{"allow":["GET"]}}],"collection":[{"href":"https:\/\/roveyayinevi.com.tr\/index.php\/wp-json\/wp\/v2\/product"}],"about":[{"href":"https:\/\/roveyayinevi.com.tr\/index.php\/wp-json\/wp\/v2\/types\/product"}],"wp:attachment":[{"href":"https:\/\/roveyayinevi.com.tr\/index.php\/wp-json\/wp\/v2\/media?parent=751068"}],"wp:term":[{"taxonomy":"product_brand","embeddable":true,"href":"https:\/\/roveyayinevi.com.tr\/index.php\/wp-json\/wp\/v2\/product_brand?post=751068"},{"taxonomy":"product_cat","embeddable":true,"href":"https:\/\/roveyayinevi.com.tr\/index.php\/wp-json\/wp\/v2\/product_cat?post=751068"},{"taxonomy":"product_tag","embeddable":true,"href":"https:\/\/roveyayinevi.com.tr\/index.php\/wp-json\/wp\/v2\/product_tag?post=751068"}],"curies":[{"name":"wp","href":"https:\/\/api.w.org\/{rel}","templated":true}]}}