{"id":751067,"date":"2025-08-28T04:38:47","date_gmt":"2025-08-28T01:38:47","guid":{"rendered":"https:\/\/roveyayinevi.com.tr\/index.php\/urun\/turkiyede-goc-ve-gocmenler\/"},"modified":"2026-04-16T03:04:06","modified_gmt":"2026-04-16T00:04:06","slug":"turkiyede-goc-ve-gocmenler","status":"publish","type":"product","link":"https:\/\/roveyayinevi.com.tr\/index.php\/urun\/turkiyede-goc-ve-gocmenler\/","title":{"rendered":"T\u00fcrkiye&#8217;de G\u00f6\u00e7 ve G\u00f6\u00e7menler"},"content":{"rendered":"<p>T\u00fcrkiye co\u011frafyas\u0131 y\u00fczy\u0131llard\u0131r g\u00f6\u00e7lere sahne oldu\u011fu gibi \u00fclkenin sosyal ve k\u00fclt\u00fcrel yap\u0131lanmas\u0131 da neredeyse her d\u00f6nemde g\u00f6\u00e7lerle \u015fekillendi. Osmanl\u0131 Devleti\u2019nin son d\u00f6neminde K\u0131r\u0131m, Kafkasya ve Balkanlarda kaybedilen topraklardan 20. y\u00fczy\u0131l boyunca Anadolu ve Trakya\u2019ya g\u00f6\u00e7ler yap\u0131ld\u0131. Lozan Bar\u0131\u015f Antla\u015fmas\u0131 kapsam\u0131nda yap\u0131lan \u201cT\u00fcrk-Yunan N\u00fcfus M\u00fcbadelesi\u201d ise yeni kurulan cumhuriyetin \u00f6ncelikli meselelerinden biri haline geldi. Balkanlarda artan az\u0131nl\u0131k sorunlar\u0131na siyasi m\u00fcdahalelerin eklenmesi; Romanya, Bulgaristan ve Yugoslavya\u2019dan da uzun y\u0131llar g\u00f6\u00e7lerin yap\u0131lmas\u0131na neden oldu. 20. y\u00fczy\u0131lda ayr\u0131ca Do\u011fu T\u00fcrkistan, Kuzey Afrika ve Orta Do\u011fu gibi \u00fclke ve b\u00f6lgelerden de T\u00fcrkiye\u2019ye g\u00f6\u00e7ler ger\u00e7ekle\u015fti. T\u00fcrkiye\u2019ye yap\u0131lan g\u00f6\u00e7leri sosyal, k\u00fclt\u00fcrel ve ekonomik y\u00f6nleriyle ele alan bu \u00e7al\u0131\u015f &#8211; man\u0131n birinci b\u00f6l\u00fcm\u00fcnde 19. y\u00fczy\u0131ldan g\u00fcn\u00fcm\u00fcze kadar ger\u00e7ekle\u015fen g\u00f6\u00e7ler incelenirken, ikinci b\u00f6l\u00fcm\u00fcnde T\u00fcrkiye\u2019ye isk\u00e2n edilen g\u00f6\u00e7menlerin ekonomi, mimari, edebiyat, mutfak k\u00fclt\u00fcr\u00fc, sinema ve m\u00fczik gibi alanlara etkisi de\u011ferlendirildi. <\/p>\n","protected":false},"excerpt":{"rendered":"<p>T\u00fcrkiye co\u011frafyas\u0131 y\u00fczy\u0131llard\u0131r g\u00f6\u00e7lere sahne oldu\u011fu gibi \u00fclkenin sosyal ve k\u00fclt\u00fcrel yap\u0131lanmas\u0131 da neredeyse her d\u00f6nemde g\u00f6\u00e7lerle \u015fekillendi. Osmanl\u0131 Devleti\u2019nin son d\u00f6neminde K\u0131r\u0131m, Kafkasya ve Balkanlarda<span class=\"excerpt-hellip\"> [\u2026]<\/span><\/p>\n","protected":false},"featured_media":0,"template":"","meta":{"_monsterinsights_skip_tracking":false,"_monsterinsights_sitenote_active":false,"_monsterinsights_sitenote_note":"","_monsterinsights_sitenote_category":0},"product_brand":[],"product_cat":[12325,12324],"product_tag":[],"class_list":{"0":"post-751067","1":"product","2":"type-product","3":"status-publish","5":"product_cat-diger-sosyoloji","6":"product_cat-sosyoloji","7":"pa_cilt-ciltsiz","8":"pa_tur-kitap","9":"pa_yayinevi-altinordu-yayinlari","10":"pa_yazar-kolektif","12":"first","13":"instock","14":"sale","15":"shipping-taxable","16":"purchasable","17":"product-type-simple"},"_links":{"self":[{"href":"https:\/\/roveyayinevi.com.tr\/index.php\/wp-json\/wp\/v2\/product\/751067","targetHints":{"allow":["GET"]}}],"collection":[{"href":"https:\/\/roveyayinevi.com.tr\/index.php\/wp-json\/wp\/v2\/product"}],"about":[{"href":"https:\/\/roveyayinevi.com.tr\/index.php\/wp-json\/wp\/v2\/types\/product"}],"wp:attachment":[{"href":"https:\/\/roveyayinevi.com.tr\/index.php\/wp-json\/wp\/v2\/media?parent=751067"}],"wp:term":[{"taxonomy":"product_brand","embeddable":true,"href":"https:\/\/roveyayinevi.com.tr\/index.php\/wp-json\/wp\/v2\/product_brand?post=751067"},{"taxonomy":"product_cat","embeddable":true,"href":"https:\/\/roveyayinevi.com.tr\/index.php\/wp-json\/wp\/v2\/product_cat?post=751067"},{"taxonomy":"product_tag","embeddable":true,"href":"https:\/\/roveyayinevi.com.tr\/index.php\/wp-json\/wp\/v2\/product_tag?post=751067"}],"curies":[{"name":"wp","href":"https:\/\/api.w.org\/{rel}","templated":true}]}}