{"id":751058,"date":"2025-08-28T04:38:33","date_gmt":"2025-08-28T01:38:33","guid":{"rendered":"https:\/\/roveyayinevi.com.tr\/index.php\/urun\/gecenin-hikayesi-amelya\/"},"modified":"2026-04-16T03:04:06","modified_gmt":"2026-04-16T00:04:06","slug":"gecenin-hikayesi-amelya","status":"publish","type":"product","link":"https:\/\/roveyayinevi.com.tr\/index.php\/urun\/gecenin-hikayesi-amelya\/","title":{"rendered":"Gecenin Hikayesi &#8211; Amelya"},"content":{"rendered":"<p>GECEN\u0130N H\u0130KAYES\u0130 serisinin final kitab\u0131 AMELYA&#8217;da herkes  i\u00e7in son bir sava\u015f daha verilecek.   Maya Efnan, sonunda ko\u015fulsuz bir \u015fekilde g\u00fcvenebilece\u011fi yol arkada\u015f\u0131na sahip. Ya\u015fan\u0131lan onca ihanetin \u00fcstesinden geldikten ve \u00e7ok kay\u0131p verdikten sonra nihayetinde yolun sonuna kadar gitmeye kararl\u0131.   Kar\u015f\u0131s\u0131na \u00e7\u0131kabilecek hi\u00e7bir \u015feyden korkusu yok ama yolun tek ki\u015filik olabilece\u011fini, yolun ger\u00e7ekten bir sonu olabilece\u011fini bilmiyor.   H\u00fck\u00fcmdarlar\u0131n kalesinde \u00f6\u011frendikleriyle t\u00fcm inan\u00e7 sistemi \u00e7\u00f6kt\u00fc. Her \u015feyi tamam\u0131yla bitirebilmek onun elinde. \u0130\u00e7 i\u00e7e ge\u00e7mi\u015f her yalana ra\u011fmen yeni bir ya\u015fam umudu hi\u00e7 olmad\u0131\u011f\u0131 kadar g\u00fc\u00e7l\u00fc. Bilmedi\u011fi her \u015fey bildiklerinden \u00e7ok daha tehlikeli. Ve ilk kez kafas\u0131n\u0131n i\u00e7indeki o sesle kar\u015f\u0131 kar\u015f\u0131ya.   Tek ba\u015f\u0131na verilmesi gereken bir kavga. Ge\u00e7ilmesi gereken son k\u00f6pr\u00fc. Tuza\u011f\u0131 kendi zihninde kurulu.   Buzlar erimeye ba\u015flad\u0131.   Ac\u0131n\u0131n zamandan \u00fcst\u00fcn gelmesi gereken bir sava\u015f\u0131 kazanmak i\u00e7in vakit doldu.   Son kur\u015fun, son \u015fans.   Son kez. <\/p>\n","protected":false},"excerpt":{"rendered":"<p>GECEN\u0130N H\u0130KAYES\u0130 serisinin final kitab\u0131 AMELYA&#8217;da herkes i\u00e7in son bir sava\u015f daha verilecek. Maya Efnan, sonunda ko\u015fulsuz bir \u015fekilde g\u00fcvenebilece\u011fi yol arkada\u015f\u0131na sahip. Ya\u015fan\u0131lan onca ihanetin<span class=\"excerpt-hellip\"> [\u2026]<\/span><\/p>\n","protected":false},"featured_media":0,"template":"","meta":{"_monsterinsights_skip_tracking":false,"_monsterinsights_sitenote_active":false,"_monsterinsights_sitenote_note":"","_monsterinsights_sitenote_category":0},"product_brand":[],"product_cat":[12291,14777],"product_tag":[],"class_list":{"0":"post-751058","1":"product","2":"type-product","3":"status-publish","5":"product_cat-edebiyat","6":"product_cat-fantastik","7":"pa_cilt-ciltsiz","8":"pa_tur-kitap","9":"pa_yayinevi-marti-yayinlari","10":"pa_yazar-n-g-kabal","12":"first","13":"instock","14":"sale","15":"shipping-taxable","16":"purchasable","17":"product-type-simple"},"_links":{"self":[{"href":"https:\/\/roveyayinevi.com.tr\/index.php\/wp-json\/wp\/v2\/product\/751058","targetHints":{"allow":["GET"]}}],"collection":[{"href":"https:\/\/roveyayinevi.com.tr\/index.php\/wp-json\/wp\/v2\/product"}],"about":[{"href":"https:\/\/roveyayinevi.com.tr\/index.php\/wp-json\/wp\/v2\/types\/product"}],"wp:attachment":[{"href":"https:\/\/roveyayinevi.com.tr\/index.php\/wp-json\/wp\/v2\/media?parent=751058"}],"wp:term":[{"taxonomy":"product_brand","embeddable":true,"href":"https:\/\/roveyayinevi.com.tr\/index.php\/wp-json\/wp\/v2\/product_brand?post=751058"},{"taxonomy":"product_cat","embeddable":true,"href":"https:\/\/roveyayinevi.com.tr\/index.php\/wp-json\/wp\/v2\/product_cat?post=751058"},{"taxonomy":"product_tag","embeddable":true,"href":"https:\/\/roveyayinevi.com.tr\/index.php\/wp-json\/wp\/v2\/product_tag?post=751058"}],"curies":[{"name":"wp","href":"https:\/\/api.w.org\/{rel}","templated":true}]}}