{"id":751046,"date":"2025-08-28T04:38:16","date_gmt":"2025-08-28T01:38:16","guid":{"rendered":"https:\/\/roveyayinevi.com.tr\/index.php\/urun\/saglik-ekonomisi-ve-saglik-finansmani\/"},"modified":"2026-04-16T03:04:06","modified_gmt":"2026-04-16T00:04:06","slug":"saglik-ekonomisi-ve-saglik-finansmani","status":"publish","type":"product","link":"https:\/\/roveyayinevi.com.tr\/index.php\/urun\/saglik-ekonomisi-ve-saglik-finansmani\/","title":{"rendered":"Sa\u011fl\u0131k Ekonomisi ve Sa\u011fl\u0131k Finansman\u0131"},"content":{"rendered":"<p>\u0130\u00e7indekiler     B\u0130R\u0130NC\u0130 B\u00d6L\u00dcM SA\u011eLIK EKONOM\u0130S\u0130 VE SA\u011eLIK H\u0130ZMETLER\u0130 VE P\u0130YASASI   \u0130K\u0130NC\u0130 B\u00d6L\u00dcM SA\u011eLIK H\u0130ZMETLER\u0130N\u0130N F\u0130NANSMAN MEKAN\u0130ZMALARI   \u00dc\u00c7\u00dcNC\u00dc B\u00d6L\u00dcM SA\u011eLIK H\u0130ZMETLER\u0130 S\u0130STEMLER\u0130 VE REFERANS \u00dcLKELER\u0130N SA\u011eLIK S\u0130STEM\u0130 F\u0130NANSMAN MODELLER\u0130   D\u00d6RD\u00dcNC\u00dc B\u00d6L\u00dcM SA\u011eLIKTA F\u0130NANSAL Y\u00dcK VE HAKKAN\u0130YET \u0130LKES\u0130 <\/p>\n","protected":false},"excerpt":{"rendered":"<p>\u0130\u00e7indekiler B\u0130R\u0130NC\u0130 B\u00d6L\u00dcM SA\u011eLIK EKONOM\u0130S\u0130 VE SA\u011eLIK H\u0130ZMETLER\u0130 VE P\u0130YASASI \u0130K\u0130NC\u0130 B\u00d6L\u00dcM SA\u011eLIK H\u0130ZMETLER\u0130N\u0130N F\u0130NANSMAN MEKAN\u0130ZMALARI \u00dc\u00c7\u00dcNC\u00dc B\u00d6L\u00dcM SA\u011eLIK H\u0130ZMETLER\u0130 S\u0130STEMLER\u0130 VE REFERANS \u00dcLKELER\u0130N SA\u011eLIK S\u0130STEM\u0130<span class=\"excerpt-hellip\"> [\u2026]<\/span><\/p>\n","protected":false},"featured_media":0,"template":"","meta":{"_monsterinsights_skip_tracking":false,"_monsterinsights_sitenote_active":false,"_monsterinsights_sitenote_note":"","_monsterinsights_sitenote_category":0},"product_brand":[],"product_cat":[13043],"product_tag":[],"class_list":{"0":"post-751046","1":"product","2":"type-product","3":"status-publish","5":"product_cat-ekonomi","6":"pa_cilt-ciltsiz","7":"pa_tur-kitap","8":"pa_yayinevi-gazi-kitabevi","9":"pa_yazar-gokce-manavgat","11":"first","12":"instock","13":"sale","14":"shipping-taxable","15":"purchasable","16":"product-type-simple"},"_links":{"self":[{"href":"https:\/\/roveyayinevi.com.tr\/index.php\/wp-json\/wp\/v2\/product\/751046","targetHints":{"allow":["GET"]}}],"collection":[{"href":"https:\/\/roveyayinevi.com.tr\/index.php\/wp-json\/wp\/v2\/product"}],"about":[{"href":"https:\/\/roveyayinevi.com.tr\/index.php\/wp-json\/wp\/v2\/types\/product"}],"wp:attachment":[{"href":"https:\/\/roveyayinevi.com.tr\/index.php\/wp-json\/wp\/v2\/media?parent=751046"}],"wp:term":[{"taxonomy":"product_brand","embeddable":true,"href":"https:\/\/roveyayinevi.com.tr\/index.php\/wp-json\/wp\/v2\/product_brand?post=751046"},{"taxonomy":"product_cat","embeddable":true,"href":"https:\/\/roveyayinevi.com.tr\/index.php\/wp-json\/wp\/v2\/product_cat?post=751046"},{"taxonomy":"product_tag","embeddable":true,"href":"https:\/\/roveyayinevi.com.tr\/index.php\/wp-json\/wp\/v2\/product_tag?post=751046"}],"curies":[{"name":"wp","href":"https:\/\/api.w.org\/{rel}","templated":true}]}}