{"id":751044,"date":"2025-08-28T04:38:13","date_gmt":"2025-08-28T01:38:13","guid":{"rendered":"https:\/\/roveyayinevi.com.tr\/index.php\/urun\/kisa-kore-tarihi\/"},"modified":"2026-04-16T03:04:06","modified_gmt":"2026-04-16T00:04:06","slug":"kisa-kore-tarihi","status":"publish","type":"product","link":"https:\/\/roveyayinevi.com.tr\/index.php\/urun\/kisa-kore-tarihi\/","title":{"rendered":"K\u0131sa Kore Tarihi"},"content":{"rendered":"<p>Y\u00fczy\u0131llar boyunca kom\u015fular\u0131 \u00c7in ve Japonya\u2019n\u0131n g\u00f6lgesinde kalan Kore g\u00fcn\u00fcm\u00fczde bamba\u015fka nedenlerle ilgi konusu: Bir tarafta ekonomik bir ba\u015far\u0131 \u00f6yk\u00fcs\u00fc ve pop\u00fcler k\u00fclt\u00fcr\u00fcyle G\u00fcney, di\u011fer tarafta d\u00fcnyan\u0131n en tehditk\u00e2r ve bask\u0131c\u0131 rejimlerinden biri olan Kuzey. Michael Seth derinden b\u00f6l\u00fcnm\u00fc\u015f bir b\u00f6lgenin tarihini, k\u00fclt\u00fcr\u00fcn\u00fc ve toplumunu ara\u015ft\u0131r\u0131rken ayn\u0131 zamanda Koreli olman\u0131n ne anlama geldi\u011fini ve yar\u0131madada d\u00fcnyan\u0131n en homojen uluslar\u0131ndan birinin nas\u0131l ortaya \u00e7\u0131kt\u0131\u011f\u0131n\u0131 analiz ediyor. Bu kitap, Kore\u2019ye y\u00f6nelik bu b\u00fcy\u00fcyen ilgiyi, Kore\u2019nin tarihini tan\u0131tarak te\u015fvik etmeyi ve bilgilendirmeyi umuyor, bu kadar k\u0131sa bir kitapta anlat\u0131lamayacak kadar \u00e7ok konu oldu\u011fu i\u00e7in, kitap birka\u00e7 tarihi soruya odaklan\u0131yor: Koreli olmak ne anlama gelir; Kore Yar\u0131madas\u0131nda ya\u015fayan \u00e7e\u015fitli halklar nas\u0131l tek bir ulus haline geldi? Bu ulus, tek bir insan\u0131n ya\u015fam\u0131na s\u0131\u011facak bir s\u00fcrede, bug\u00fcn\u00fcn keskin tezatlar i\u00e7indeki toplumu haline nas\u0131l evrildi ve Kore\u2019nin daha b\u00fcy\u00fck d\u00fcnya tarihi anlat\u0131s\u0131 i\u00e7indeki yeri nedir? <\/p>\n","protected":false},"excerpt":{"rendered":"<p>Y\u00fczy\u0131llar boyunca kom\u015fular\u0131 \u00c7in ve Japonya\u2019n\u0131n g\u00f6lgesinde kalan Kore g\u00fcn\u00fcm\u00fczde bamba\u015fka nedenlerle ilgi konusu: Bir tarafta ekonomik bir ba\u015far\u0131 \u00f6yk\u00fcs\u00fc ve pop\u00fcler k\u00fclt\u00fcr\u00fcyle G\u00fcney, di\u011fer tarafta<span class=\"excerpt-hellip\"> [\u2026]<\/span><\/p>\n","protected":false},"featured_media":0,"template":"","meta":{"_monsterinsights_skip_tracking":false,"_monsterinsights_sitenote_active":false,"_monsterinsights_sitenote_note":"","_monsterinsights_sitenote_category":0},"product_brand":[],"product_cat":[12312,12304],"product_tag":[],"class_list":{"0":"post-751044","1":"product","2":"type-product","3":"status-publish","5":"product_cat-diger","6":"product_cat-tarih","7":"pa_cilt-ciltsiz","8":"pa_tur-kitap","9":"pa_yayinevi-say-yayinlari","10":"pa_yazar-michael-j-seth","12":"first","13":"instock","14":"sale","15":"shipping-taxable","16":"purchasable","17":"product-type-simple"},"_links":{"self":[{"href":"https:\/\/roveyayinevi.com.tr\/index.php\/wp-json\/wp\/v2\/product\/751044","targetHints":{"allow":["GET"]}}],"collection":[{"href":"https:\/\/roveyayinevi.com.tr\/index.php\/wp-json\/wp\/v2\/product"}],"about":[{"href":"https:\/\/roveyayinevi.com.tr\/index.php\/wp-json\/wp\/v2\/types\/product"}],"wp:attachment":[{"href":"https:\/\/roveyayinevi.com.tr\/index.php\/wp-json\/wp\/v2\/media?parent=751044"}],"wp:term":[{"taxonomy":"product_brand","embeddable":true,"href":"https:\/\/roveyayinevi.com.tr\/index.php\/wp-json\/wp\/v2\/product_brand?post=751044"},{"taxonomy":"product_cat","embeddable":true,"href":"https:\/\/roveyayinevi.com.tr\/index.php\/wp-json\/wp\/v2\/product_cat?post=751044"},{"taxonomy":"product_tag","embeddable":true,"href":"https:\/\/roveyayinevi.com.tr\/index.php\/wp-json\/wp\/v2\/product_tag?post=751044"}],"curies":[{"name":"wp","href":"https:\/\/api.w.org\/{rel}","templated":true}]}}