{"id":751042,"date":"2025-08-28T04:38:11","date_gmt":"2025-08-28T01:38:11","guid":{"rendered":"https:\/\/roveyayinevi.com.tr\/index.php\/urun\/saglik-isletmelerinde-yonetim-surecleri-ve-ornek-olaylar\/"},"modified":"2026-04-16T03:04:06","modified_gmt":"2026-04-16T00:04:06","slug":"saglik-isletmelerinde-yonetim-surecleri-ve-ornek-olaylar","status":"publish","type":"product","link":"https:\/\/roveyayinevi.com.tr\/index.php\/urun\/saglik-isletmelerinde-yonetim-surecleri-ve-ornek-olaylar\/","title":{"rendered":"Sa\u011fl\u0131k \u0130\u015fletmelerinde Y\u00f6netim S\u00fcre\u00e7leri ve \u00d6rnek Olaylar"},"content":{"rendered":"<p>\u0130\u00e7indekiler     1.B\u00d6L\u00dcM : SA\u011eLIK \u0130\u015eLETMELER\u0130NDE PERFORMANS Y\u00d6NET\u0130M\u0130   2. B\u00d6L\u00dcM : SA\u011eLIK \u0130\u015eLETMELER\u0130NDE \u0130\u015eG\u00d6REN TEDAR\u0130K\u0130   3. B\u00d6L\u00dcM : SA\u011eLIK \u0130\u015eLETMELER\u0130NDE B\u0130LG\u0130 Y\u00d6NET\u0130M S\u0130STEMLER\u0130   4. B\u00d6L\u00dcM : SA\u011eLIK \u0130\u015eLETMELER\u0130NDE MALZEME Y\u00d6NET\u0130M\u0130 VE SATIN ALMA S\u00dcRE\u00c7LER\u0130   5. B\u00d6L\u00dcM : SA\u011eLIK \u0130\u015eLETMELER\u0130NDE OPERASYON Y\u00d6NET\u0130M\u0130   6. B\u00d6L\u00dcM : SA\u011eLIK \u0130\u015eLETMELER\u0130NDE MAL\u0130YET Y\u00d6NET\u0130M\u0130<\/p>\n","protected":false},"excerpt":{"rendered":"<p>\u0130\u00e7indekiler 1.B\u00d6L\u00dcM : SA\u011eLIK \u0130\u015eLETMELER\u0130NDE PERFORMANS Y\u00d6NET\u0130M\u0130 2. B\u00d6L\u00dcM : SA\u011eLIK \u0130\u015eLETMELER\u0130NDE \u0130\u015eG\u00d6REN TEDAR\u0130K\u0130 3. B\u00d6L\u00dcM : SA\u011eLIK \u0130\u015eLETMELER\u0130NDE B\u0130LG\u0130 Y\u00d6NET\u0130M S\u0130STEMLER\u0130 4. B\u00d6L\u00dcM : SA\u011eLIK<span class=\"excerpt-hellip\"> [\u2026]<\/span><\/p>\n","protected":false},"featured_media":0,"template":"","meta":{"_monsterinsights_skip_tracking":false,"_monsterinsights_sitenote_active":false,"_monsterinsights_sitenote_note":"","_monsterinsights_sitenote_category":0},"product_brand":[],"product_cat":[13043],"product_tag":[],"class_list":{"0":"post-751042","1":"product","2":"type-product","3":"status-publish","5":"product_cat-ekonomi","6":"pa_cilt-ciltsiz","7":"pa_tur-kitap","8":"pa_yayinevi-gazi-kitabevi","9":"pa_yazar-kolektif","11":"first","12":"instock","13":"sale","14":"shipping-taxable","15":"purchasable","16":"product-type-simple"},"_links":{"self":[{"href":"https:\/\/roveyayinevi.com.tr\/index.php\/wp-json\/wp\/v2\/product\/751042","targetHints":{"allow":["GET"]}}],"collection":[{"href":"https:\/\/roveyayinevi.com.tr\/index.php\/wp-json\/wp\/v2\/product"}],"about":[{"href":"https:\/\/roveyayinevi.com.tr\/index.php\/wp-json\/wp\/v2\/types\/product"}],"wp:attachment":[{"href":"https:\/\/roveyayinevi.com.tr\/index.php\/wp-json\/wp\/v2\/media?parent=751042"}],"wp:term":[{"taxonomy":"product_brand","embeddable":true,"href":"https:\/\/roveyayinevi.com.tr\/index.php\/wp-json\/wp\/v2\/product_brand?post=751042"},{"taxonomy":"product_cat","embeddable":true,"href":"https:\/\/roveyayinevi.com.tr\/index.php\/wp-json\/wp\/v2\/product_cat?post=751042"},{"taxonomy":"product_tag","embeddable":true,"href":"https:\/\/roveyayinevi.com.tr\/index.php\/wp-json\/wp\/v2\/product_tag?post=751042"}],"curies":[{"name":"wp","href":"https:\/\/api.w.org\/{rel}","templated":true}]}}