{"id":751039,"date":"2025-08-28T04:38:07","date_gmt":"2025-08-28T01:38:07","guid":{"rendered":"https:\/\/roveyayinevi.com.tr\/index.php\/urun\/kripto-hakkindaki-gercekler\/"},"modified":"2026-04-16T03:04:06","modified_gmt":"2026-04-16T00:04:06","slug":"kripto-hakkindaki-gercekler","status":"publish","type":"product","link":"https:\/\/roveyayinevi.com.tr\/index.php\/urun\/kripto-hakkindaki-gercekler\/","title":{"rendered":"Kripto Hakk\u0131ndaki Ger\u00e7ekler"},"content":{"rendered":"<p>Finans uzman\u0131 Ric Edelman, yat\u0131r\u0131m stratejilerinin en yeni y\u00f6ntemi kripto para hakk\u0131nda bilmeniz gereken her \u015feyi anla\u015f\u0131l\u0131r bir bi\u00e7imde anlat\u0131yor.   Bitcoin ve blok zinciri kavramlar\u0131 k\u00fcresel finans sistemini giderek yepyeni bir \u015feye d\u00f6n\u00fc\u015ft\u00fcr\u00fcyor. Blok zinciri teknolojisinin 2030 y\u0131l\u0131na kadar d\u00fcnyan\u0131n 80 trilyon dolarl\u0131k ekonomisine 2 trilyon dolarl\u0131k katk\u0131da bulunaca\u011f\u0131 tahmin ediliyor. Bu teknoloji ve onu m\u00fcmk\u00fcn k\u0131lan dijital varl\u0131klar, internetin icad\u0131ndan bu yana g\u00f6rd\u00fc\u011f\u00fcm\u00fcz en b\u00fcy\u00fck yenilik!   \u00c7o\u011fu yat\u0131r\u0131mc\u0131 ve yat\u0131r\u0131m dan\u0131\u015fman\u0131 ne bu teknolojinin ne de m\u00fcmk\u00fcn k\u0131ld\u0131\u011f\u0131 yat\u0131r\u0131m f\u0131rsatlar\u0131n\u0131n yeterince fark\u0131nda. Ric Edelman, bu yeni yat\u0131r\u0131m piyasas\u0131nda neler yap\u0131labilece\u011fini bize anlat\u0131rken kavramlar\u0131 en ba\u015f\u0131ndan, bitcoin\u2019in ne anlama geldi\u011finden ba\u015flayarak, blok zincirinin nas\u0131l \u00e7al\u0131\u015ft\u0131\u011f\u0131n\u0131, dijital para birimi ve dijital varl\u0131k aras\u0131ndaki farklar\u0131 ve bu alana dair bilinmesi gereken di\u011fer her \u015feyi a\u00e7\u0131klamakla kalm\u0131yor, ayr\u0131ca bu yeni varl\u0131k s\u0131n\u0131f\u0131 hakk\u0131nda olduk\u00e7a pratik tavsiyeler de veriyor.   Yat\u0131r\u0131m d\u00fcnyas\u0131nda geride kalmak istemiyorsan\u0131z bu kitab\u0131 mutlaka okumal\u0131s\u0131n\u0131z!   \u201cRic, kapsaml\u0131 ve s\u00fcrekli geli\u015fen bir konuyu m\u00fcmk\u00fcn olan en geni\u015f kitle i\u00e7in eri\u015filebilir hale getiriyor. Kripto Hakk\u0131ndaki Ger\u00e7ekler kolay anla\u015f\u0131l\u0131r ve elinizden d\u00fc\u015fmeyecek bir kitap. Sadece bireysel yat\u0131r\u0131mc\u0131lar de\u011fil ayn\u0131 zamanda yasa koyucular, d\u00fczenleyiciler, mali dan\u0131\u015fmanlar ve vergi uzmanlar\u0131 da kesinlikle okumal\u0131.\u201d \u2013Gary L. Perlin, D\u00fcnya Bankas\u0131 Eski Finans Direkt\u00f6r\u00fc   \u201cRic bir kripto uzman\u0131, blok zincir \u015fampiyonu ve dijital varl\u0131klara nas\u0131l yat\u0131r\u0131m yap\u0131laca\u011f\u0131 veya yap\u0131lmayaca\u011f\u0131 konusunda ba\u015fvurulacak ki\u015fidir. Konuya hakimiyeti ve sa\u011fduyulu yakla\u015f\u0131m\u0131 g\u00f6z \u00f6n\u00fcne al\u0131nd\u0131\u011f\u0131nda, bu t\u00fcm yat\u0131r\u0131mc\u0131lar ve finansal planlamac\u0131lar i\u00e7in mutlaka okunmas\u0131 gereken bir kitap.\u201d \u2013Mitchell Dong, Pythagoras Investment Management   \u201cKripto Hakk\u0131ndaki Ger\u00e7ekler, tarihteki en b\u00fcy\u00fck ekonomik yeniliklerden birini temsil eden dijital varl\u0131klar\u0131n ve blok zinciri teknolojisinin anla\u015f\u0131labilir ve kapsaml\u0131 bir \u00f6zeti. \u00d6zellikle finans dan\u0131\u015fmanlar\u0131 taraf\u0131ndan mutlaka okunmal\u0131!\u201d  \u2013David Canter, Fidelity Investments <\/p>\n","protected":false},"excerpt":{"rendered":"<p>Finans uzman\u0131 Ric Edelman, yat\u0131r\u0131m stratejilerinin en yeni y\u00f6ntemi kripto para hakk\u0131nda bilmeniz gereken her \u015feyi anla\u015f\u0131l\u0131r bir bi\u00e7imde anlat\u0131yor. Bitcoin ve blok zinciri kavramlar\u0131 k\u00fcresel<span class=\"excerpt-hellip\"> [\u2026]<\/span><\/p>\n","protected":false},"featured_media":0,"template":"","meta":{"_monsterinsights_skip_tracking":false,"_monsterinsights_sitenote_active":false,"_monsterinsights_sitenote_note":"","_monsterinsights_sitenote_category":0},"product_brand":[],"product_cat":[20333,13043],"product_tag":[],"class_list":{"0":"post-751039","1":"product","2":"type-product","3":"status-publish","5":"product_cat-diger-ekonomi","6":"product_cat-ekonomi","7":"pa_cilt-ciltsiz","8":"pa_tur-kitap","9":"pa_yayinevi-nova-kitap","10":"pa_yazar-ric-edelman","12":"first","13":"instock","14":"sale","15":"shipping-taxable","16":"purchasable","17":"product-type-simple"},"_links":{"self":[{"href":"https:\/\/roveyayinevi.com.tr\/index.php\/wp-json\/wp\/v2\/product\/751039","targetHints":{"allow":["GET"]}}],"collection":[{"href":"https:\/\/roveyayinevi.com.tr\/index.php\/wp-json\/wp\/v2\/product"}],"about":[{"href":"https:\/\/roveyayinevi.com.tr\/index.php\/wp-json\/wp\/v2\/types\/product"}],"wp:attachment":[{"href":"https:\/\/roveyayinevi.com.tr\/index.php\/wp-json\/wp\/v2\/media?parent=751039"}],"wp:term":[{"taxonomy":"product_brand","embeddable":true,"href":"https:\/\/roveyayinevi.com.tr\/index.php\/wp-json\/wp\/v2\/product_brand?post=751039"},{"taxonomy":"product_cat","embeddable":true,"href":"https:\/\/roveyayinevi.com.tr\/index.php\/wp-json\/wp\/v2\/product_cat?post=751039"},{"taxonomy":"product_tag","embeddable":true,"href":"https:\/\/roveyayinevi.com.tr\/index.php\/wp-json\/wp\/v2\/product_tag?post=751039"}],"curies":[{"name":"wp","href":"https:\/\/api.w.org\/{rel}","templated":true}]}}