{"id":751034,"date":"2025-08-28T04:37:59","date_gmt":"2025-08-28T01:37:59","guid":{"rendered":"https:\/\/roveyayinevi.com.tr\/index.php\/urun\/kayip-uygarliklar-ve-diller\/"},"modified":"2026-04-16T03:04:06","modified_gmt":"2026-04-16T00:04:06","slug":"kayip-uygarliklar-ve-diller","status":"publish","type":"product","link":"https:\/\/roveyayinevi.com.tr\/index.php\/urun\/kayip-uygarliklar-ve-diller\/","title":{"rendered":"Kay\u0131p Uygarl\u0131klar ve Diller"},"content":{"rendered":"<p>Burada okumak \u00fczere oldu\u011funuz \u201ctarih kitab\u0131\u201d insan\u0131n \u201cNereden geliyor, nereye gidiyoruz?\u201d merak\u0131na dair \u00f6nemli konu ba\u015fl\u0131klar\u0131 \u00fczerine, her a\u00e7\u0131dan g\u00fcvenilir, do\u011frulanabilir ve nesnel bir tarih anlat\u0131s\u0131n\u0131 i\u00e7eriyor. Ula\u015f T\u00f6re Sivrio\u011flu\u2019nun \u00e7al\u0131\u015fmalar\u0131ndaki malumatfuru\u015f olmaktan uzak ama bilgiyi en \u00f6zl\u00fc h\u00e2liyle, en gerekli detaylar\u0131na kadar veren, bunu olduk\u00e7a analitik bir metodu izleyerek yapan \u00fcslubunun sad\u0131k bir okuru oldu\u011fumu itiraf etmek isterim. Bunu neredeyse b\u00fct\u00fcn \u00f6mr\u00fcn\u00fc Ula\u015f T\u00f6re Sivrio\u011flu hocam\u0131n \u00e7evresinde ge\u00e7irmi\u015f, ahiretlik bir dostu olarak de\u011fil de dikkatli ve \u201cmerakl\u0131\u201d bir tarih okuru olarak s\u00f6yledi\u011fimi de g\u00f6n\u00fcl rahatl\u0131\u011f\u0131yla ekleyeyim. Tarihe en temel okul bilgileri d\u00fczeyinde ilgisi olan okurun da konuyla ilgili belli bir alanda uzmanla\u015fm\u0131\u015f kimselerin de arad\u0131klar\u0131n\u0131 bulabilecekleri bu etrafl\u0131ca \u00e7al\u0131\u015fmay\u0131 ilk kez okuyacaklar\u0131, onu okumu\u015f biri olarak \u00e7ok k\u0131skand\u0131\u011f\u0131m\u0131 itiraf edeyim. Ne mutlu \u201cmerak\u0131\u201d yan\u0131na yolda\u015f edinenlere, ne mutlu insanl\u0131\u011f\u0131n en mutlak, en kadim meraklar\u0131ndan birinin pe\u015fine d\u00fc\u015ferken yan\u0131nda k\u0131ymetli dostum T\u00f6re Sivrio\u011flu gibi bir rehber bulana.\u2013Mahir \u00dcnsal Eri\u015f<\/p>\n","protected":false},"excerpt":{"rendered":"<p>Burada okumak \u00fczere oldu\u011funuz \u201ctarih kitab\u0131\u201d insan\u0131n \u201cNereden geliyor, nereye gidiyoruz?\u201d merak\u0131na dair \u00f6nemli konu ba\u015fl\u0131klar\u0131 \u00fczerine, her a\u00e7\u0131dan g\u00fcvenilir, do\u011frulanabilir ve nesnel bir tarih anlat\u0131s\u0131n\u0131<span class=\"excerpt-hellip\"> [\u2026]<\/span><\/p>\n","protected":false},"featured_media":0,"template":"","meta":{"_monsterinsights_skip_tracking":false,"_monsterinsights_sitenote_active":false,"_monsterinsights_sitenote_note":"","_monsterinsights_sitenote_category":0},"product_brand":[],"product_cat":[18545,12291],"product_tag":[],"class_list":{"0":"post-751034","1":"product","2":"type-product","3":"status-publish","5":"product_cat-anlati","6":"product_cat-edebiyat","7":"pa_cilt-ciltsiz","8":"pa_tur-kitap","9":"pa_yayinevi-kafka-yayinevi","10":"pa_yazar-tore-sivrioglu","12":"first","13":"instock","14":"sale","15":"shipping-taxable","16":"purchasable","17":"product-type-simple"},"_links":{"self":[{"href":"https:\/\/roveyayinevi.com.tr\/index.php\/wp-json\/wp\/v2\/product\/751034","targetHints":{"allow":["GET"]}}],"collection":[{"href":"https:\/\/roveyayinevi.com.tr\/index.php\/wp-json\/wp\/v2\/product"}],"about":[{"href":"https:\/\/roveyayinevi.com.tr\/index.php\/wp-json\/wp\/v2\/types\/product"}],"wp:attachment":[{"href":"https:\/\/roveyayinevi.com.tr\/index.php\/wp-json\/wp\/v2\/media?parent=751034"}],"wp:term":[{"taxonomy":"product_brand","embeddable":true,"href":"https:\/\/roveyayinevi.com.tr\/index.php\/wp-json\/wp\/v2\/product_brand?post=751034"},{"taxonomy":"product_cat","embeddable":true,"href":"https:\/\/roveyayinevi.com.tr\/index.php\/wp-json\/wp\/v2\/product_cat?post=751034"},{"taxonomy":"product_tag","embeddable":true,"href":"https:\/\/roveyayinevi.com.tr\/index.php\/wp-json\/wp\/v2\/product_tag?post=751034"}],"curies":[{"name":"wp","href":"https:\/\/api.w.org\/{rel}","templated":true}]}}