{"id":751015,"date":"2025-08-28T04:36:56","date_gmt":"2025-08-28T01:36:56","guid":{"rendered":"https:\/\/roveyayinevi.com.tr\/index.php\/urun\/the-wind-in-the-willows-2\/"},"modified":"2026-04-16T03:04:05","modified_gmt":"2026-04-16T00:04:05","slug":"the-wind-in-the-willows-2","status":"publish","type":"product","link":"https:\/\/roveyayinevi.com.tr\/index.php\/urun\/the-wind-in-the-willows-2\/","title":{"rendered":"The Wind in The Willows"},"content":{"rendered":"<p>Bu kitapta, d\u00fcnyaca \u00fcnl\u00fc eser The Wind in the Willows\u2019un k\u0131salt\u0131lm\u0131\u015f ve sadele\u015ftirilmi\u015f uyarlamas\u0131yla, \u00f6zg\u00fcn dilinde bulu\u015facak, \u0130ngilizce okuma ve anlama becerilerini geli\u015ftireceksin. Hik\u00e2yeye e\u015flik eden soru ve al\u0131\u015ft\u0131rmalar da \u00f6\u011frenme deneyimini renklendirecek. <\/p>\n","protected":false},"excerpt":{"rendered":"<p>Bu kitapta, d\u00fcnyaca \u00fcnl\u00fc eser The Wind in the Willows\u2019un k\u0131salt\u0131lm\u0131\u015f ve sadele\u015ftirilmi\u015f uyarlamas\u0131yla, \u00f6zg\u00fcn dilinde bulu\u015facak, \u0130ngilizce okuma ve anlama becerilerini geli\u015ftireceksin. Hik\u00e2yeye e\u015flik eden<span class=\"excerpt-hellip\"> [\u2026]<\/span><\/p>\n","protected":false},"featured_media":0,"template":"","meta":{"_monsterinsights_skip_tracking":false,"_monsterinsights_sitenote_active":false,"_monsterinsights_sitenote_note":"","_monsterinsights_sitenote_category":0},"product_brand":[],"product_cat":[12274,12518],"product_tag":[],"class_list":{"0":"post-751015","1":"product","2":"type-product","3":"status-publish","5":"product_cat-cocuk-ve-genclik-kitaplari","6":"product_cat-okul-oncesi-kitaplar","7":"pa_cilt-ciltsiz","8":"pa_tur-kitap","9":"pa_yayinevi-is-bankasi-kultur-yayinlari","10":"pa_yazar-kenneth-grahame","12":"first","13":"instock","14":"sale","15":"shipping-taxable","16":"purchasable","17":"product-type-simple"},"_links":{"self":[{"href":"https:\/\/roveyayinevi.com.tr\/index.php\/wp-json\/wp\/v2\/product\/751015","targetHints":{"allow":["GET"]}}],"collection":[{"href":"https:\/\/roveyayinevi.com.tr\/index.php\/wp-json\/wp\/v2\/product"}],"about":[{"href":"https:\/\/roveyayinevi.com.tr\/index.php\/wp-json\/wp\/v2\/types\/product"}],"wp:attachment":[{"href":"https:\/\/roveyayinevi.com.tr\/index.php\/wp-json\/wp\/v2\/media?parent=751015"}],"wp:term":[{"taxonomy":"product_brand","embeddable":true,"href":"https:\/\/roveyayinevi.com.tr\/index.php\/wp-json\/wp\/v2\/product_brand?post=751015"},{"taxonomy":"product_cat","embeddable":true,"href":"https:\/\/roveyayinevi.com.tr\/index.php\/wp-json\/wp\/v2\/product_cat?post=751015"},{"taxonomy":"product_tag","embeddable":true,"href":"https:\/\/roveyayinevi.com.tr\/index.php\/wp-json\/wp\/v2\/product_tag?post=751015"}],"curies":[{"name":"wp","href":"https:\/\/api.w.org\/{rel}","templated":true}]}}