{"id":751012,"date":"2025-08-28T04:36:51","date_gmt":"2025-08-28T01:36:51","guid":{"rendered":"https:\/\/roveyayinevi.com.tr\/index.php\/urun\/uluslararasi-alternatif-sag\/"},"modified":"2026-04-16T03:04:05","modified_gmt":"2026-04-16T00:04:05","slug":"uluslararasi-alternatif-sag","status":"publish","type":"product","link":"https:\/\/roveyayinevi.com.tr\/index.php\/urun\/uluslararasi-alternatif-sag\/","title":{"rendered":"Uluslararas\u0131 Alternatif Sa\u011f"},"content":{"rendered":"<p>\u201cUluslararas\u0131 Alternatif Sag\u0306, internette faaliyet go\u0308steren ama gerc\u0327ek hayatta da faaliyetleri olan bir harekettir. Hareket \u2018beyaz kimlig\u0306inin\u2019 c\u0327okku\u0308ltu\u0308rlu\u0308lu\u0308k yanl\u0131s\u0131 ve liberal elitler ile so\u0308zde \u2018Sosyal Adalet Savas\u0327c\u0327\u0131lar\u0131\u2019 taraf\u0131ndan tehdit alt\u0131nda oldug\u0306una inanan, bu gruplar\u0131n \u2018siyaseten dog\u0306ruculug\u0306u\u2019 kullanarak Bat\u0131 medeniyetini ve beyaz erkeklerin haklar\u0131n\u0131 as\u0327\u0131nd\u0131rmaya c\u0327al\u0131s\u0327t\u0131g\u0306\u0131na inanan uluslararas\u0131 bir dizi grup veya bireyden olus\u0327ur. Basitc\u0327e tan\u0131mlamak gerekirse \u2018Alternatif Sag\u0306\u2019 as\u0327\u0131r\u0131 sag\u0306 go\u0308ru\u0308s\u0327lu\u0308, ku\u0308reselles\u0327meye kars\u0327\u0131, geleneksel\/yerles\u0327ik muhafazaka\u0302rl\u0131g\u0306a radikal bir \u2018alternatif\u2019 sunan bir gruplas\u0327mad\u0131r. Mensuplar\u0131n\u0131n eklektik ve birbirinden farkl\u0131 yap\u0131s\u0131 ciddi anlas\u0327mazl\u0131klara yol ac\u0327makla birlikte, hepsi bir dizi c\u0327ekirdek inanc\u0327 etraf\u0131nda bir araya gelmis\u0327tir.\u201d Alternatif Sag\u0306\u2019\u0131n (alt-right olarak k\u0131salt\u0131l\u0131yor) bir grup internet bag\u0306\u0131ml\u0131s\u0131 ergenin kendi aralar\u0131nda eg\u0306les\u0327mesi olmad\u0131g\u0306\u0131 Charlottesville\u2019deki (Virginia\/ABD) \u201cSag\u0306\u0131 Birles\u0327tir\u201d mitingi s\u0131ras\u0131nda \u0131rkc\u0327\u0131l\u0131k kars\u0327\u0131t\u0131 gruptan bir eylemcinin arabayla ezilerek o\u0308ldu\u0308ru\u0308lmesiyle ortaya c\u0327\u0131km\u0131s\u0327t\u0131. O gu\u0308nden sonra bu gruptakilerin hangi ideolojik yo\u0308nelimlere sahip oldug\u0306u, nas\u0131l bir toplumsal grubu temsil ettig\u0306i ve bundan sonra eylemlerinin nerelere varacag\u0306\u0131 pek c\u0327ok aras\u0327t\u0131rmac\u0131n\u0131n, gazetecinin ve akademisyenin sordug\u0306u sorular\u0131n bas\u0327\u0131nda geldi. Uluslararas\u0131 Alternatif Sag\u0306, \u201cNefret deg\u0306il UMUT\u201d ekibinden do\u0308rt uzman aras\u0327t\u0131rmac\u0131n\u0131n hem bu sorular\u0131n pes\u0327inden gitmesinin hem de Hindistan, Japonya ve Rusya gibi Avrupa d\u0131s\u0327\u0131 cog\u0306rafyalarda da Alternatif Sag\u0306\u2019\u0131n izlerinin, desenlerinin ve ideolojik kaynaklar\u0131n\u0131n aras\u0327t\u0131r\u0131lmas\u0131n\u0131n u\u0308ru\u0308nu\u0308. <\/p>\n","protected":false},"excerpt":{"rendered":"<p>\u201cUluslararas\u0131 Alternatif Sag\u0306, internette faaliyet go\u0308steren ama gerc\u0327ek hayatta da faaliyetleri olan bir harekettir. Hareket \u2018beyaz kimlig\u0306inin\u2019 c\u0327okku\u0308ltu\u0308rlu\u0308lu\u0308k yanl\u0131s\u0131 ve liberal elitler ile so\u0308zde \u2018Sosyal Adalet<span class=\"excerpt-hellip\"> [\u2026]<\/span><\/p>\n","protected":false},"featured_media":0,"template":"","meta":{"_monsterinsights_skip_tracking":false,"_monsterinsights_sitenote_active":false,"_monsterinsights_sitenote_note":"","_monsterinsights_sitenote_category":0},"product_brand":[],"product_cat":[13059,12337],"product_tag":[],"class_list":{"0":"post-751012","1":"product","2":"type-product","3":"status-publish","5":"product_cat-diger-politika-siyaset","6":"product_cat-politika-siyaset","7":"pa_cilt-ciltsiz","8":"pa_tur-kitap","9":"pa_yayinevi-iletisim-yayinlari","10":"pa_yazar-kolektif","12":"first","13":"instock","14":"sale","15":"shipping-taxable","16":"purchasable","17":"product-type-simple"},"_links":{"self":[{"href":"https:\/\/roveyayinevi.com.tr\/index.php\/wp-json\/wp\/v2\/product\/751012","targetHints":{"allow":["GET"]}}],"collection":[{"href":"https:\/\/roveyayinevi.com.tr\/index.php\/wp-json\/wp\/v2\/product"}],"about":[{"href":"https:\/\/roveyayinevi.com.tr\/index.php\/wp-json\/wp\/v2\/types\/product"}],"wp:attachment":[{"href":"https:\/\/roveyayinevi.com.tr\/index.php\/wp-json\/wp\/v2\/media?parent=751012"}],"wp:term":[{"taxonomy":"product_brand","embeddable":true,"href":"https:\/\/roveyayinevi.com.tr\/index.php\/wp-json\/wp\/v2\/product_brand?post=751012"},{"taxonomy":"product_cat","embeddable":true,"href":"https:\/\/roveyayinevi.com.tr\/index.php\/wp-json\/wp\/v2\/product_cat?post=751012"},{"taxonomy":"product_tag","embeddable":true,"href":"https:\/\/roveyayinevi.com.tr\/index.php\/wp-json\/wp\/v2\/product_tag?post=751012"}],"curies":[{"name":"wp","href":"https:\/\/api.w.org\/{rel}","templated":true}]}}

Uluslararası Alternatif Sağ

<p>“Uluslararası Alternatif Sağ, internette faaliyet gösteren ama gerçek hayatta da faaliyetleri olan bir harekettir. Hareket ‘beyaz kimliğinin’ çokkültürlülük yanlısı ve liberal elitler ile sözde ‘Sosyal Adalet Savaşçıları’ tarafından tehdit altında olduğuna inanan, bu grupların ‘siyaseten doğruculuğu’ kullanarak Batı medeniyetini ve beyaz erkeklerin haklarını aşındırmaya çalıştığına inanan uluslararası bir dizi grup veya bireyden oluşur. Basitçe tanımlamak gerekirse ‘Alternatif Sağ’ aşırı sağ görüşlü, küreselleşmeye karşı, geleneksel/yerleşik muhafazakârlığa radikal bir ‘alternatif’ sunan bir gruplaşmadır. Mensuplarının eklektik ve birbirinden farklı yapısı ciddi anlaşmazlıklara yol açmakla birlikte, hepsi bir dizi çekirdek inanç etrafında bir araya gelmiştir.” Alternatif Sağ’ın (alt-right olarak kısaltılıyor) bir grup internet bağımlısı ergenin kendi aralarında eğleşmesi olmadığı Charlottesville’deki (Virginia/ABD) “Sağı Birleştir” mitingi sırasında ırkçılık karşıtı gruptan bir eylemcinin arabayla ezilerek öldürülmesiyle ortaya çıkmıştı. O günden sonra bu gruptakilerin hangi ideolojik yönelimlere sahip olduğu, nasıl bir toplumsal grubu temsil ettiği ve bundan sonra eylemlerinin nerelere varacağı pek çok araştırmacının, gazetecinin ve akademisyenin sorduğu soruların başında geldi. Uluslararası Alternatif Sağ, “Nefret değil UMUT” ekibinden dört uzman araştırmacının hem bu soruların peşinden gitmesinin hem de Hindistan, Japonya ve Rusya gibi Avrupa dışı coğrafyalarda da Alternatif Sağ’ın izlerinin, desenlerinin ve ideolojik kaynaklarının araştırılmasının ürünü. </p>

<p>“Uluslararası Alternatif Sağ, internette faaliyet gösteren ama gerçek hayatta da faaliyetleri olan bir harekettir. Hareket ‘beyaz kimliğinin’ çokkültürlülük yanlısı ve liberal elitler ile sözde ‘Sosyal Adalet<span class="excerpt-hellip"> […]</span></p>
