{"id":751006,"date":"2025-08-28T04:36:42","date_gmt":"2025-08-28T01:36:42","guid":{"rendered":"https:\/\/roveyayinevi.com.tr\/index.php\/urun\/toplum-4-0\/"},"modified":"2026-04-16T03:04:05","modified_gmt":"2026-04-16T00:04:05","slug":"toplum-4-0","status":"publish","type":"product","link":"https:\/\/roveyayinevi.com.tr\/index.php\/urun\/toplum-4-0\/","title":{"rendered":"Toplum 4.0"},"content":{"rendered":"<p>Toplum 4.0\/ Bir Vatanda\u015f Toplumu Kurmak i\u00e7in Sekiz Temel Sorunu \u00c7\u00f6zmek kitab\u0131, gelecek nesiller i\u00e7in ya\u015fam dolu ve umutlu bir gelecek yaratmak isteyenlere ilham olmas\u0131 i\u00e7in yaz\u0131ld\u0131. Daha farkl\u0131 ve daha iyi bir toplum tasavvur ederken, yazar Bob de Wit yeni teknolojilerin getirdi\u011fi olas\u0131l\u0131klar\u0131 ara\u015ft\u0131r\u0131yor, \u201czay\u0131f sinyal\u201dleri topluyor ve irdeliyor ve ayr\u0131ca \u00e7ok say\u0131da yeni toplumsa inisiyatif ve gelecek vizyonunun bir de\u011ferlendirmesini yap\u0131yor. Bob de Wit okurlar\u0131na onun Vatanda\u015f Toplumu kurma yolculu\u011funa kat\u0131lmas\u0131 i\u00e7in ilham vermeyi ama\u00e7l\u0131yor. (Bu hedef do\u011frultusunda www.society4th.org isimli bir web sitesi kurdu).   \u201cBu kitap, uzun vadede teknolojik geli\u015fmelerin ortaya \u00e7\u0131kard\u0131\u011f\u0131 ba\u015fl\u0131ca toplumsal risklere ili\u015fkin zaman\u0131nda bir uyar\u0131 niteli\u011findedir. Kurumsal liderler, bu kitaptaki analiz ve g\u00f6zlemleri dikkate almal\u0131 ve daha iyi bir toplum in\u015fa etme sorumlulu\u011funu \u00fcstlenmelidir.\u201d Prof. Jan Peter Balkenende &#8211; Hollanda Eski Ba\u015fbakan\u0131 (2002-2010); Y\u00f6neti\u015fim, Kurumlar ve Uluslararas\u0131la\u015fma Profes\u00f6r\u00fc, Rotterdam Erasmus \u00dcniversitesi; EY Harici K\u0131demli Dan\u0131\u015fman\u0131; Hollanda S\u00fcrd\u00fcr\u00fclebilir B\u00fcy\u00fcme Koalisyonu Ba\u015fkan\u0131 \u201cYar\u0131n\u0131n d\u00fcnyas\u0131 bizi bug\u00fcnden kendimize \u2018farkl\u0131 bakmaya\u2019 mecbur b\u0131rak\u0131yor. Bu kitap toplum olarak kar\u015f\u0131la\u015ft\u0131\u011f\u0131m\u0131z sorunlar\u0131 yeni bir perspektifle de\u011ferlendirmeye davet ediyor.\u201d Trudy Huisman &#8211; Zwolle B\u00f6lgesi Ekonomik Kurulu Ba\u015fkan\u0131, muhtelif kurumun ba\u011f\u0131ms\u0131z y\u00f6netim kurulu \u00fcyesi; Rabobank\u2019\u0131n eski \u0130cra Direkt\u00f6r\u00fc <\/p>\n","protected":false},"excerpt":{"rendered":"<p>Toplum 4.0\/ Bir Vatanda\u015f Toplumu Kurmak i\u00e7in Sekiz Temel Sorunu \u00c7\u00f6zmek kitab\u0131, gelecek nesiller i\u00e7in ya\u015fam dolu ve umutlu bir gelecek yaratmak isteyenlere ilham olmas\u0131 i\u00e7in<span class=\"excerpt-hellip\"> [\u2026]<\/span><\/p>\n","protected":false},"featured_media":0,"template":"","meta":{"_monsterinsights_skip_tracking":false,"_monsterinsights_sitenote_active":false,"_monsterinsights_sitenote_note":"","_monsterinsights_sitenote_category":0},"product_brand":[],"product_cat":[12325,12324],"product_tag":[],"class_list":{"0":"post-751006","1":"product","2":"type-product","3":"status-publish","5":"product_cat-diger-sosyoloji","6":"product_cat-sosyoloji","7":"pa_cilt-ciltsiz","8":"pa_tur-kitap","9":"pa_yayinevi-yeni-insan-yayinlari","10":"pa_yazar-bob-de-wit","12":"first","13":"instock","14":"sale","15":"shipping-taxable","16":"purchasable","17":"product-type-simple"},"_links":{"self":[{"href":"https:\/\/roveyayinevi.com.tr\/index.php\/wp-json\/wp\/v2\/product\/751006","targetHints":{"allow":["GET"]}}],"collection":[{"href":"https:\/\/roveyayinevi.com.tr\/index.php\/wp-json\/wp\/v2\/product"}],"about":[{"href":"https:\/\/roveyayinevi.com.tr\/index.php\/wp-json\/wp\/v2\/types\/product"}],"wp:attachment":[{"href":"https:\/\/roveyayinevi.com.tr\/index.php\/wp-json\/wp\/v2\/media?parent=751006"}],"wp:term":[{"taxonomy":"product_brand","embeddable":true,"href":"https:\/\/roveyayinevi.com.tr\/index.php\/wp-json\/wp\/v2\/product_brand?post=751006"},{"taxonomy":"product_cat","embeddable":true,"href":"https:\/\/roveyayinevi.com.tr\/index.php\/wp-json\/wp\/v2\/product_cat?post=751006"},{"taxonomy":"product_tag","embeddable":true,"href":"https:\/\/roveyayinevi.com.tr\/index.php\/wp-json\/wp\/v2\/product_tag?post=751006"}],"curies":[{"name":"wp","href":"https:\/\/api.w.org\/{rel}","templated":true}]}}