{"id":750982,"date":"2025-08-28T04:35:59","date_gmt":"2025-08-28T01:35:59","guid":{"rendered":"https:\/\/roveyayinevi.com.tr\/index.php\/urun\/gece-olmek\/"},"modified":"2026-04-16T03:04:05","modified_gmt":"2026-04-16T00:04:05","slug":"gece-olmek","status":"publish","type":"product","link":"https:\/\/roveyayinevi.com.tr\/index.php\/urun\/gece-olmek\/","title":{"rendered":"Gece \u00d6lmek"},"content":{"rendered":"<p>Bir Br\u00fcksel Polisiyesi: \u0130ki cinayet ve be\u015f y\u0131l\u0131 bulan soru\u015fturma   \u015eubat ay\u0131nda bir sabah, Br\u00fcksel&#8217;de par\u00e7alanm\u0131\u015f iki ceset bulunur. Otoparkta bulunan ceset evsiz bir adama, di\u011feri ise zengin bir b\u00f6lgede ya\u015fayan ba\u015fka bir adama aittir. Komiser olay yerine gelir. Yan\u0131nda soru\u015fturmay\u0131 takip etmeye yetkili bir gazeteci de vard\u0131r. Tam bu anda bir gerilim filminin tedirginli\u011fi ve tekinsizli\u011fi insan\u0131n b\u00fct\u00fcn h\u00fccrelerine yay\u0131l\u0131r. Bu iki ceset aras\u0131ndaki ba\u011flant\u0131 nedir? Komiser bu soru\u015fturmay\u0131 \u00e7\u00f6zebilecek mi? Be\u015f y\u0131l s\u00fcrecek habercili\u011fin \u00f6yk\u00fcs\u00fc de o \u015fubat sabah\u0131nda ba\u015flar. Yazar\u0131m\u0131z Anne-C\u00e9cile Huwart bir gazetecidir. Le Soir, Moustique, Le Vif l&#8217;Express ve M\u00e9dor gibi \u00e7e\u015fitli medya kurulu\u015flar\u0131 i\u00e7in uzun s\u00fcren soru\u015fturmalar ve raporlar haz\u0131rlad\u0131, haber yapt\u0131. 2019 Belfius \u00d6d\u00fcl\u00fcn\u00fcn finalisti oldu. Gece \u00d6lmek onun ilk kitab\u0131. Gazetecilik ve polisli\u011fin kav\u015fa\u011f\u0131nda yaz\u0131yor. Hik\u00e2yesi d\u00fcnyada \u00e7ok az bilinen ve yaz\u0131lan bir t\u00fcrde: ger\u00e7eklik edebiyat\u0131. T\u00fcrk\u00e7ede de ilgiyle kar\u015f\u0131lanaca\u011f\u0131n\u0131 ve \u00e7ok sevilece\u011fini d\u00fc\u015f\u00fcn\u00fcyoruz. <\/p>\n","protected":false},"excerpt":{"rendered":"<p>Bir Br\u00fcksel Polisiyesi: \u0130ki cinayet ve be\u015f y\u0131l\u0131 bulan soru\u015fturma \u015eubat ay\u0131nda bir sabah, Br\u00fcksel&#8217;de par\u00e7alanm\u0131\u015f iki ceset bulunur. Otoparkta bulunan ceset evsiz bir adama, di\u011feri<span class=\"excerpt-hellip\"> [\u2026]<\/span><\/p>\n","protected":false},"featured_media":0,"template":"","meta":{"_monsterinsights_skip_tracking":false,"_monsterinsights_sitenote_active":false,"_monsterinsights_sitenote_note":"","_monsterinsights_sitenote_category":0},"product_brand":[],"product_cat":[12291,12711],"product_tag":[],"class_list":{"0":"post-750982","1":"product","2":"type-product","3":"status-publish","5":"product_cat-edebiyat","6":"product_cat-roman-oyku","7":"pa_cilt-ciltsiz","8":"pa_tur-kitap","9":"pa_yayinevi-ayrikotu-yayinlari","10":"pa_yazar-anne-cecile-huwart","12":"first","13":"instock","14":"sale","15":"shipping-taxable","16":"purchasable","17":"product-type-simple"},"_links":{"self":[{"href":"https:\/\/roveyayinevi.com.tr\/index.php\/wp-json\/wp\/v2\/product\/750982","targetHints":{"allow":["GET"]}}],"collection":[{"href":"https:\/\/roveyayinevi.com.tr\/index.php\/wp-json\/wp\/v2\/product"}],"about":[{"href":"https:\/\/roveyayinevi.com.tr\/index.php\/wp-json\/wp\/v2\/types\/product"}],"wp:attachment":[{"href":"https:\/\/roveyayinevi.com.tr\/index.php\/wp-json\/wp\/v2\/media?parent=750982"}],"wp:term":[{"taxonomy":"product_brand","embeddable":true,"href":"https:\/\/roveyayinevi.com.tr\/index.php\/wp-json\/wp\/v2\/product_brand?post=750982"},{"taxonomy":"product_cat","embeddable":true,"href":"https:\/\/roveyayinevi.com.tr\/index.php\/wp-json\/wp\/v2\/product_cat?post=750982"},{"taxonomy":"product_tag","embeddable":true,"href":"https:\/\/roveyayinevi.com.tr\/index.php\/wp-json\/wp\/v2\/product_tag?post=750982"}],"curies":[{"name":"wp","href":"https:\/\/api.w.org\/{rel}","templated":true}]}}