{"id":750971,"date":"2025-08-28T04:35:39","date_gmt":"2025-08-28T01:35:39","guid":{"rendered":"https:\/\/roveyayinevi.com.tr\/index.php\/urun\/peygamber-sav-evimizde\/"},"modified":"2026-03-12T03:12:28","modified_gmt":"2026-03-12T00:12:28","slug":"peygamber-sav-evimizde","status":"publish","type":"product","link":"https:\/\/roveyayinevi.com.tr\/index.php\/urun\/peygamber-sav-evimizde\/","title":{"rendered":"Peygamber (Sav.) Evimizde"},"content":{"rendered":"<p>Hz. Peygamber Efendimiz\u2019in ve O\u2019nun s\u00fcnnetinin itibars\u0131zla\u015ft\u0131r\u0131lmaya \u00e7al\u0131\u015f\u0131ld\u0131\u011f\u0131 bir d\u00f6nemde, Hz Peygamberimiz\u2019in ya\u015fant\u0131s\u0131n\u0131, ahlak\u0131n\u0131 ve \u00f6\u011fretilerini \u00f6rnek almaya \u00e7ok ihtiyac\u0131m\u0131z var. O&#8217;nu ve ahl\u00e2k\u0131n\u0131 \u00f6rnek almak i\u00e7in \u00f6nce \u00f6\u011frenmek ve sevmek gerek. Peygamberimizi sevdirmeye y\u00f6nelik her \u00e7al\u0131\u015fma \u00e7ok de\u011ferlidir. \u00c7\u00fcnk\u00fc O, Kur\u2019an\u2018\u0131n ya\u015fayan h\u00e2lidir. \u0130l\u00e2h\u00ee mesajlar\u0131n \u00f6\u011freticisi ve uygulay\u0131c\u0131s\u0131d\u0131r. \u201cAnt olsun, sizin i\u00e7in, Allah\u2019\u0131 ve ahiret g\u00fcn\u00fcn\u00fc umanlar ve Allah\u2019\u0131 \u00e7ok\u00e7a zikredenler i\u00e7in Allah\u2019\u0131n Res\u00fbl\u00fc\u2019nde g\u00fczel bir \u00f6rnek vard\u0131r\u201d (Ahzap Suresi, 21) \u2026 Her M\u00fcsl\u00fcman\u0131n duas\u0131nda \u201cPeygamber Efendimize Kom\u015fu Olmak\u201d vard\u0131r. Pekiyi evlerimiz, hayat\u0131m\u0131z, ya\u015fant\u0131m\u0131z, inanc\u0131m\u0131z, de\u011ferlerimiz, d\u00fcnyam\u0131z\u2026 \u00e7\u0131k\u0131p geldi\u011finde, Peygamberi evimize y\u00fcz\u00fcm\u00fcz k\u0131zarmadan davet edebilecek durumda m\u0131 acaba? Peygambere kom\u015fu olacak hasletleri ta\u015f\u0131yor muyuz? O\u2019na kom\u015fu olmaya, evimizde a\u011f\u0131rlamaya l\u00e2y\u0131k m\u0131y\u0131z? Bir\u00e7ok kitab\u0131yla inanc\u0131m\u0131z\u0131, de\u011ferlerimizi, k\u00fclt\u00fcr\u00fcm\u00fcz\u00fc \u00e7ocuklara ve gen\u00e7lere aktarmaya \u00e7al\u0131\u015fan \u0130smail G\u00dc\u00c7TA\u015e\u2019\u0131n Peygamberimiz\u2019in hayat\u0131n\u0131 ve ahl\u00e2k\u0131n\u0131 manzum bir \u015fekilde, al\u0131\u015f\u0131lm\u0131\u015f\u0131n d\u0131\u015f\u0131nda bir metotla aktarmas\u0131n\u0131 \u00e7ok k\u0131ymetli buluyorum. Kitab\u0131n ismini de olduk\u00e7a isabetli buldu\u011fumu ifade etmek isterim. Bu \u00e7al\u0131\u015fman\u0131n \u00e7ocuklar\u0131m\u0131za, gen\u00e7lerimize ve b\u00fcy\u00fcklere Peygamber sevgisini aktarmada etkili bir yol olmas\u0131n\u0131 diler, Peygamber Efendimiz\u2019in s\u00fcnnetlerinin hayat\u0131m\u0131za, evimize, ahlak\u0131m\u0131za, ticaretimize, d\u00fc\u015f\u00fcncemize, insanl\u0131\u011f\u0131m\u0131za, toplumsal ili\u015fkilerimize, kom\u015fulu\u011fumuza, arkada\u015fl\u0131\u011f\u0131m\u0131za daha \u00e7ok yans\u0131mas\u0131na vesile olmas\u0131n\u0131 Y\u00fcce Rabb\u2019imden temenni ederim.                                                                                         Orhan ERDEM\u0130R                                                                                             \u0130lahiyat\u00e7\u0131 <\/p>\n","protected":false},"excerpt":{"rendered":"<p>Hz. Peygamber Efendimiz\u2019in ve O\u2019nun s\u00fcnnetinin itibars\u0131zla\u015ft\u0131r\u0131lmaya \u00e7al\u0131\u015f\u0131ld\u0131\u011f\u0131 bir d\u00f6nemde, Hz Peygamberimiz\u2019in ya\u015fant\u0131s\u0131n\u0131, ahlak\u0131n\u0131 ve \u00f6\u011fretilerini \u00f6rnek almaya \u00e7ok ihtiyac\u0131m\u0131z var. O&#8217;nu ve ahl\u00e2k\u0131n\u0131 \u00f6rnek almak<span class=\"excerpt-hellip\"> [\u2026]<\/span><\/p>\n","protected":false},"featured_media":0,"template":"","meta":{"_monsterinsights_skip_tracking":false,"_monsterinsights_sitenote_active":false,"_monsterinsights_sitenote_note":"","_monsterinsights_sitenote_category":0},"product_brand":[],"product_cat":[12718,12719],"product_tag":[],"class_list":{"0":"post-750971","1":"product","2":"type-product","3":"status-publish","5":"product_cat-din","6":"product_cat-islam","7":"pa_cilt-ciltsiz","8":"pa_tur-kitap","9":"pa_yayinevi-kirmizi-cati-yayinlari","10":"pa_yazar-ismail-guctas","12":"first","13":"instock","14":"sale","15":"shipping-taxable","16":"purchasable","17":"product-type-simple"},"_links":{"self":[{"href":"https:\/\/roveyayinevi.com.tr\/index.php\/wp-json\/wp\/v2\/product\/750971","targetHints":{"allow":["GET"]}}],"collection":[{"href":"https:\/\/roveyayinevi.com.tr\/index.php\/wp-json\/wp\/v2\/product"}],"about":[{"href":"https:\/\/roveyayinevi.com.tr\/index.php\/wp-json\/wp\/v2\/types\/product"}],"wp:attachment":[{"href":"https:\/\/roveyayinevi.com.tr\/index.php\/wp-json\/wp\/v2\/media?parent=750971"}],"wp:term":[{"taxonomy":"product_brand","embeddable":true,"href":"https:\/\/roveyayinevi.com.tr\/index.php\/wp-json\/wp\/v2\/product_brand?post=750971"},{"taxonomy":"product_cat","embeddable":true,"href":"https:\/\/roveyayinevi.com.tr\/index.php\/wp-json\/wp\/v2\/product_cat?post=750971"},{"taxonomy":"product_tag","embeddable":true,"href":"https:\/\/roveyayinevi.com.tr\/index.php\/wp-json\/wp\/v2\/product_tag?post=750971"}],"curies":[{"name":"wp","href":"https:\/\/api.w.org\/{rel}","templated":true}]}}