{"id":750962,"date":"2025-08-28T04:35:24","date_gmt":"2025-08-28T01:35:24","guid":{"rendered":"https:\/\/roveyayinevi.com.tr\/index.php\/urun\/19-mayis\/"},"modified":"2026-04-16T03:04:04","modified_gmt":"2026-04-16T00:04:04","slug":"19-mayis","status":"publish","type":"product","link":"https:\/\/roveyayinevi.com.tr\/index.php\/urun\/19-mayis\/","title":{"rendered":"19 May\u0131s"},"content":{"rendered":"<p>Falih R\u0131fk\u0131 Atay\u2019\u0131n s\u00fcr\u00fckleyici, zengin muhteval\u0131, z\u0131t g\u00f6r\u00fcn\u00fcm ve olaylara dayanarak tezlerini savunan bir \u00fcslubu vard\u0131r.\u201d Prof. Dr. \u0130lber ORTAYLI   \u201cHat\u0131ralar \u00fc\u00e7 k\u0131s\u0131m olacakt\u0131: D\u00fcnya Harbi\u2019ne ait olanlar, m\u00fctareke s\u0131ras\u0131nda \u0130stanbul&#8217;daki faaliyetlerine ait olanlar, nihayet Kuva-y\u0131 Milliye devrine ait olanlar! \u0130lk yaz\u0131, 1926 Mart\u2019\u0131n\u0131n 13\u2019\u00fcnde \u00e7\u0131kt\u0131. 32 par\u00e7al\u0131k bu seride Mustafa Kemal, harp politikas\u0131 hakk\u0131ndaki tenkitlerini, gerek T\u00fcrk gerek Alman kumandanlar\u0131 ile m\u00fcnaka\u015falar\u0131n\u0131, Vahdettin\u2019le beraber Kayser\u2019in umumi kararg\u00e2h\u0131na gidi\u015fini, m\u00fctareke \u015fartlar\u0131 \u00fczerine Sadrazam \u0130zzet Pa\u015fa ile Adana&#8217;dan telgrafla\u015fmalar\u0131n\u0131 hik\u00e2ye eder. Hat\u0131ralarda bir\u00e7ok isimler ge\u00e7ti\u011fi i\u00e7in ve bu isimler aras\u0131nda yabanc\u0131 devlet reisleri de bulundu\u011fu i\u00e7in, bu yaz\u0131lar\u0131n i\u00e7eride ve d\u0131\u015far\u0131da yank\u0131lar uyand\u0131rmamas\u0131na ihtimal yoktu. H\u00fck\u00fcmetin ricas\u0131 \u00fczerine Mustafa Kemal, birinci k\u0131sm\u0131n sonunda hat\u0131ralar\u0131n\u0131 kesti. Fakat biz Samsun&#8217;a \u00e7\u0131k\u0131ncaya kadar ge\u00e7en hadiseler hakk\u0131nda notlar\u0131m\u0131z\u0131 tamamlam\u0131\u015ft\u0131k.&#8221;<\/p>\n","protected":false},"excerpt":{"rendered":"<p>Falih R\u0131fk\u0131 Atay\u2019\u0131n s\u00fcr\u00fckleyici, zengin muhteval\u0131, z\u0131t g\u00f6r\u00fcn\u00fcm ve olaylara dayanarak tezlerini savunan bir \u00fcslubu vard\u0131r.\u201d Prof. Dr. \u0130lber ORTAYLI \u201cHat\u0131ralar \u00fc\u00e7 k\u0131s\u0131m olacakt\u0131: D\u00fcnya Harbi\u2019ne<span class=\"excerpt-hellip\"> [\u2026]<\/span><\/p>\n","protected":false},"featured_media":0,"template":"","meta":{"_monsterinsights_skip_tracking":false,"_monsterinsights_sitenote_active":false,"_monsterinsights_sitenote_note":"","_monsterinsights_sitenote_category":0},"product_brand":[],"product_cat":[12291,12745],"product_tag":[],"class_list":{"0":"post-750962","1":"product","2":"type-product","3":"status-publish","5":"product_cat-edebiyat","6":"product_cat-tarihi-roman","7":"pa_cilt-ciltsiz","8":"pa_tur-kitap","9":"pa_yayinevi-pozitif-yayinlari","10":"pa_yazar-falih-rifki-atay","12":"first","13":"instock","14":"sale","15":"shipping-taxable","16":"purchasable","17":"product-type-simple"},"_links":{"self":[{"href":"https:\/\/roveyayinevi.com.tr\/index.php\/wp-json\/wp\/v2\/product\/750962","targetHints":{"allow":["GET"]}}],"collection":[{"href":"https:\/\/roveyayinevi.com.tr\/index.php\/wp-json\/wp\/v2\/product"}],"about":[{"href":"https:\/\/roveyayinevi.com.tr\/index.php\/wp-json\/wp\/v2\/types\/product"}],"wp:attachment":[{"href":"https:\/\/roveyayinevi.com.tr\/index.php\/wp-json\/wp\/v2\/media?parent=750962"}],"wp:term":[{"taxonomy":"product_brand","embeddable":true,"href":"https:\/\/roveyayinevi.com.tr\/index.php\/wp-json\/wp\/v2\/product_brand?post=750962"},{"taxonomy":"product_cat","embeddable":true,"href":"https:\/\/roveyayinevi.com.tr\/index.php\/wp-json\/wp\/v2\/product_cat?post=750962"},{"taxonomy":"product_tag","embeddable":true,"href":"https:\/\/roveyayinevi.com.tr\/index.php\/wp-json\/wp\/v2\/product_tag?post=750962"}],"curies":[{"name":"wp","href":"https:\/\/api.w.org\/{rel}","templated":true}]}}