{"id":750953,"date":"2025-08-28T04:35:10","date_gmt":"2025-08-28T01:35:10","guid":{"rendered":"https:\/\/roveyayinevi.com.tr\/index.php\/urun\/kisaca-viyana\/"},"modified":"2026-04-16T03:04:04","modified_gmt":"2026-04-16T00:04:04","slug":"kisaca-viyana","status":"publish","type":"product","link":"https:\/\/roveyayinevi.com.tr\/index.php\/urun\/kisaca-viyana\/","title":{"rendered":"K\u0131saca Viyana"},"content":{"rendered":"<p>Roma \u0130mparatorlu\u011funun s\u0131n\u0131r garnizonu olmas\u0131ndan Habsburg hanedan\u0131n\u0131n y\u00fckseli\u015fine, Napolyon\u2019un d\u00fc\u015f\u00fc\u015f\u00fcnden, Viyana Kongresi ile Avrupa\u2019n\u0131n yeniden d\u00fczenlenmesine kadar d\u00fcnya tarihinin \u00e7ok \u00f6nemli anlar\u0131na ev sahipli\u011fi yapan Viyana\u2019n\u0131n tarihi geni\u015flemeler ve hayatta kalma m\u00fccadeleleriyle doludur. On dokuzuncu y\u00fczy\u0131l\u0131n sonlar\u0131nda Avusturya-Macaristan monar\u015fisinin ba\u015fkenti olan kent Nazi i\u015fgalinin ard\u0131ndan yeniden y\u00fckseli\u015fe ge\u00e7mi\u015f ve bug\u00fcn sahip oldu\u011fu iki milyona yak\u0131n n\u00fcfusuyla Avrupa\u2019n\u0131n en \u00f6nde gelen kentlerinden biri haline gelmi\u015ftir.   K\u0131saca Viyana s\u00fcrekli yeni ak\u0131mlara maruz kalan kentin bir yandan d\u0131\u015far\u0131dan gelen k\u00fclt\u00fcrel etkileri nas\u0131l \u00f6z\u00fcmsedi\u011finin bir yandan da bunlara direnerek kendine \u00f6zg\u00fc k\u00fclt\u00fcr\u00fcn\u00fc nas\u0131l yaratt\u0131\u011f\u0131n\u0131n e\u015fsiz bir hik\u00e2yesini sunuyor. <\/p>\n","protected":false},"excerpt":{"rendered":"<p>Roma \u0130mparatorlu\u011funun s\u0131n\u0131r garnizonu olmas\u0131ndan Habsburg hanedan\u0131n\u0131n y\u00fckseli\u015fine, Napolyon\u2019un d\u00fc\u015f\u00fc\u015f\u00fcnden, Viyana Kongresi ile Avrupa\u2019n\u0131n yeniden d\u00fczenlenmesine kadar d\u00fcnya tarihinin \u00e7ok \u00f6nemli anlar\u0131na ev sahipli\u011fi yapan Viyana\u2019n\u0131n<span class=\"excerpt-hellip\"> [\u2026]<\/span><\/p>\n","protected":false},"featured_media":0,"template":"","meta":{"_monsterinsights_skip_tracking":false,"_monsterinsights_sitenote_active":false,"_monsterinsights_sitenote_note":"","_monsterinsights_sitenote_category":0},"product_brand":[],"product_cat":[12312,12304],"product_tag":[],"class_list":{"0":"post-750953","1":"product","2":"type-product","3":"status-publish","5":"product_cat-diger","6":"product_cat-tarih","7":"pa_cilt-ciltsiz","8":"pa_tur-kitap","9":"pa_yayinevi-say-yayinlari","10":"pa_yazar-nicholas-t-parsons","12":"first","13":"instock","14":"sale","15":"shipping-taxable","16":"purchasable","17":"product-type-simple"},"_links":{"self":[{"href":"https:\/\/roveyayinevi.com.tr\/index.php\/wp-json\/wp\/v2\/product\/750953","targetHints":{"allow":["GET"]}}],"collection":[{"href":"https:\/\/roveyayinevi.com.tr\/index.php\/wp-json\/wp\/v2\/product"}],"about":[{"href":"https:\/\/roveyayinevi.com.tr\/index.php\/wp-json\/wp\/v2\/types\/product"}],"wp:attachment":[{"href":"https:\/\/roveyayinevi.com.tr\/index.php\/wp-json\/wp\/v2\/media?parent=750953"}],"wp:term":[{"taxonomy":"product_brand","embeddable":true,"href":"https:\/\/roveyayinevi.com.tr\/index.php\/wp-json\/wp\/v2\/product_brand?post=750953"},{"taxonomy":"product_cat","embeddable":true,"href":"https:\/\/roveyayinevi.com.tr\/index.php\/wp-json\/wp\/v2\/product_cat?post=750953"},{"taxonomy":"product_tag","embeddable":true,"href":"https:\/\/roveyayinevi.com.tr\/index.php\/wp-json\/wp\/v2\/product_tag?post=750953"}],"curies":[{"name":"wp","href":"https:\/\/api.w.org\/{rel}","templated":true}]}}