{"id":750945,"date":"2025-08-28T04:34:59","date_gmt":"2025-08-28T01:34:59","guid":{"rendered":"https:\/\/roveyayinevi.com.tr\/index.php\/urun\/keman-metodum-1-my-violin-method-1\/"},"modified":"2026-04-16T03:04:04","modified_gmt":"2026-04-16T00:04:04","slug":"keman-metodum-1-my-violin-method-1","status":"publish","type":"product","link":"https:\/\/roveyayinevi.com.tr\/index.php\/urun\/keman-metodum-1-my-violin-method-1\/","title":{"rendered":"Keman Metodum &#8211; 1 (My Violin Method-1)"},"content":{"rendered":"<p>\u2012 Violin Method for beginners with Turkish and English explanations  \u2012 Bu kitap kemana yeni ba\u015flayan her ya\u015f d\u00fczeyindeki bireylerin ba\u015flang\u0131\u00e7 i\u00e7in yararlanabilece\u011fi \u015fekilde T\u00fcrk\u00e7e ve \u0130ngilizce olarak haz\u0131rlanm\u0131\u015ft\u0131r. Kitaptaki et\u00fctler de\u011fi\u015ftirici i\u015faretler kullan\u0131lmadan do\u011fal seslerle ve basit yay teknikleri kullan\u0131larak anlat\u0131lm\u0131\u015ft\u0131r. Ba\u015flang\u0131\u00e7 seviyesinde do\u011fal seslerin tu\u015feye bant yap\u0131\u015ft\u0131r\u0131lmadan ses aral\u0131\u011f\u0131 \u00f6\u011frenciye \u00f6\u011fretilerek do\u011fru parmak hareketiyle \u00e7al\u0131\u015f\u0131lmas\u0131 sa\u011flanmal\u0131d\u0131r. Halen haz\u0131rl\u0131k a\u015famas\u0131nda olan Keman Metodum &#8211; 2 kitab\u0131nda de\u011fi\u015ftirici i\u015faretler, gam \u00e7al\u0131\u015fmalar\u0131 ve destekleyici pop\u00fcler \u015fark\u0131lar yer alacakt\u0131r. Bu kitab\u0131n di\u011fer keman metotlar\u0131ndan ba\u015fl\u0131ca fark\u0131, \u00f6\u011frencilik ve \u00f6\u011fretmenlik deneyimi s\u00fcresince kemanda ya\u015fanan \u00f6\u011frenme ve \u00f6\u011fretme problemlerini ele alarak t\u00fcm \u00f6\u011frencilerin ya\u015fad\u0131\u011f\u0131 teknik problemlerin \u00e7\u00f6z\u00fcm\u00fc i\u00e7in yaz\u0131lm\u0131\u015f y\u00fczlerce et\u00fctten harmanlanm\u0131\u015f olmas\u0131d\u0131r.  Bu kitab\u0131 bitiren herkes kemanda do\u011fru tutu\u015f pozisyonu alabilme, kemanda sa\u011f sol el tekniklerini kazanabilme, 1 pozisyondaki t\u00fcm do\u011fal sesleri \u00e7alabilme hedeflerine y\u00f6nelik temel davran\u0131\u015flar\u0131 kazanm\u0131\u015f olacakt\u0131r.   <\/p>\n","protected":false},"excerpt":{"rendered":"<p>\u2012 Violin Method for beginners with Turkish and English explanations \u2012 Bu kitap kemana yeni ba\u015flayan her ya\u015f d\u00fczeyindeki bireylerin ba\u015flang\u0131\u00e7 i\u00e7in yararlanabilece\u011fi \u015fekilde T\u00fcrk\u00e7e ve<span class=\"excerpt-hellip\"> [\u2026]<\/span><\/p>\n","protected":false},"featured_media":0,"template":"","meta":{"_monsterinsights_skip_tracking":false,"_monsterinsights_sitenote_active":false,"_monsterinsights_sitenote_note":"","_monsterinsights_sitenote_category":0},"product_brand":[],"product_cat":[14556,20810],"product_tag":[],"class_list":{"0":"post-750945","1":"product","2":"type-product","3":"status-publish","5":"product_cat-muzik","6":"product_cat-ogrenim-kitaplari","7":"pa_cilt-ciltsiz","8":"pa_tur-kitap","9":"pa_yayinevi-muzik-egitimi-yayinlari","10":"pa_yazar-sema-keskin-tokyurek","12":"first","13":"instock","14":"sale","15":"shipping-taxable","16":"purchasable","17":"product-type-simple"},"_links":{"self":[{"href":"https:\/\/roveyayinevi.com.tr\/index.php\/wp-json\/wp\/v2\/product\/750945","targetHints":{"allow":["GET"]}}],"collection":[{"href":"https:\/\/roveyayinevi.com.tr\/index.php\/wp-json\/wp\/v2\/product"}],"about":[{"href":"https:\/\/roveyayinevi.com.tr\/index.php\/wp-json\/wp\/v2\/types\/product"}],"wp:attachment":[{"href":"https:\/\/roveyayinevi.com.tr\/index.php\/wp-json\/wp\/v2\/media?parent=750945"}],"wp:term":[{"taxonomy":"product_brand","embeddable":true,"href":"https:\/\/roveyayinevi.com.tr\/index.php\/wp-json\/wp\/v2\/product_brand?post=750945"},{"taxonomy":"product_cat","embeddable":true,"href":"https:\/\/roveyayinevi.com.tr\/index.php\/wp-json\/wp\/v2\/product_cat?post=750945"},{"taxonomy":"product_tag","embeddable":true,"href":"https:\/\/roveyayinevi.com.tr\/index.php\/wp-json\/wp\/v2\/product_tag?post=750945"}],"curies":[{"name":"wp","href":"https:\/\/api.w.org\/{rel}","templated":true}]}}