{"id":750920,"date":"2025-08-28T04:34:13","date_gmt":"2025-08-28T01:34:13","guid":{"rendered":"https:\/\/roveyayinevi.com.tr\/index.php\/urun\/parlak-formullerle-zeka-sorulari\/"},"modified":"2026-04-16T03:04:03","modified_gmt":"2026-04-16T00:04:03","slug":"parlak-formullerle-zeka-sorulari","status":"publish","type":"product","link":"https:\/\/roveyayinevi.com.tr\/index.php\/urun\/parlak-formullerle-zeka-sorulari\/","title":{"rendered":"Parlak Form\u00fcllerle Zeka Sorular\u0131"},"content":{"rendered":"<p>Zek\u00e2 sorular\u0131n\u0131n en parlak form\u00fclleriyle tan\u0131\u015fmaya haz\u0131r m\u0131s\u0131n\u0131z? Bu kitap size beyin yakan zek\u00e2 sorular\u0131n\u0131n hangi yollarla \u00e7\u00f6z\u00fclebilece\u011fini g\u00f6sterecek. Beyninizin her zerresini \u00e7al\u0131\u015ft\u0131racak \u00e7e\u015fitli zek\u00e2 sorular\u0131yla kar\u015f\u0131la\u015faca\u011f\u0131n\u0131z kitap, size farkl\u0131 d\u00fc\u015f\u00fcnebilme becerisi kazand\u0131racak matematik oyunlar\u0131yla da dolu. Yeni bak\u0131\u015f a\u00e7\u0131lar\u0131 kazand\u0131racak s\u0131rl\u0131 soru \u00e7\u00f6zme y\u00f6ntemleriyle tan\u0131\u015fma f\u0131rsat\u0131 yakalayacak, sadece zek\u00e2 sorusu \u00e7\u00f6zme konusunda de\u011fil, bu t\u00fcr sorular\u0131 haz\u0131rlamada da bir uzman olacaks\u0131n\u0131z. Haydi, beynimizi bir makine gibi \u00e7al\u0131\u015ft\u0131racak zek\u00e2 sorular\u0131yla ve \u00e7\u00f6z\u00fcm y\u00f6ntemleriyle tan\u0131\u015fal\u0131m.<\/p>\n","protected":false},"excerpt":{"rendered":"<p>Zek\u00e2 sorular\u0131n\u0131n en parlak form\u00fclleriyle tan\u0131\u015fmaya haz\u0131r m\u0131s\u0131n\u0131z? Bu kitap size beyin yakan zek\u00e2 sorular\u0131n\u0131n hangi yollarla \u00e7\u00f6z\u00fclebilece\u011fini g\u00f6sterecek. Beyninizin her zerresini \u00e7al\u0131\u015ft\u0131racak \u00e7e\u015fitli zek\u00e2 sorular\u0131yla<span class=\"excerpt-hellip\"> [\u2026]<\/span><\/p>\n","protected":false},"featured_media":0,"template":"","meta":{"_monsterinsights_skip_tracking":false,"_monsterinsights_sitenote_active":false,"_monsterinsights_sitenote_note":"","_monsterinsights_sitenote_category":0},"product_brand":[],"product_cat":[12274,24599],"product_tag":[],"class_list":{"0":"post-750920","1":"product","2":"type-product","3":"status-publish","5":"product_cat-cocuk-ve-genclik-kitaplari","6":"product_cat-zeka-gelisimi","7":"pa_cilt-ciltsiz","8":"pa_tur-kitap","9":"pa_yayinevi-eglenceli-bilgi-yayinlari","10":"pa_yazar-serhan-buyukkececi","12":"first","13":"instock","14":"sale","15":"shipping-taxable","16":"purchasable","17":"product-type-simple"},"_links":{"self":[{"href":"https:\/\/roveyayinevi.com.tr\/index.php\/wp-json\/wp\/v2\/product\/750920","targetHints":{"allow":["GET"]}}],"collection":[{"href":"https:\/\/roveyayinevi.com.tr\/index.php\/wp-json\/wp\/v2\/product"}],"about":[{"href":"https:\/\/roveyayinevi.com.tr\/index.php\/wp-json\/wp\/v2\/types\/product"}],"wp:attachment":[{"href":"https:\/\/roveyayinevi.com.tr\/index.php\/wp-json\/wp\/v2\/media?parent=750920"}],"wp:term":[{"taxonomy":"product_brand","embeddable":true,"href":"https:\/\/roveyayinevi.com.tr\/index.php\/wp-json\/wp\/v2\/product_brand?post=750920"},{"taxonomy":"product_cat","embeddable":true,"href":"https:\/\/roveyayinevi.com.tr\/index.php\/wp-json\/wp\/v2\/product_cat?post=750920"},{"taxonomy":"product_tag","embeddable":true,"href":"https:\/\/roveyayinevi.com.tr\/index.php\/wp-json\/wp\/v2\/product_tag?post=750920"}],"curies":[{"name":"wp","href":"https:\/\/api.w.org\/{rel}","templated":true}]}}