{"id":750917,"date":"2025-08-28T04:34:09","date_gmt":"2025-08-28T01:34:09","guid":{"rendered":"https:\/\/roveyayinevi.com.tr\/index.php\/urun\/reydetul-esrar\/"},"modified":"2026-04-16T03:04:03","modified_gmt":"2026-04-16T00:04:03","slug":"reydetul-esrar","status":"publish","type":"product","link":"https:\/\/roveyayinevi.com.tr\/index.php\/urun\/reydetul-esrar\/","title":{"rendered":"Reydet\u00fc&#8217;l-Esrar"},"content":{"rendered":"<p>&#8220;Musibet an\u0131nda s\u0131zlanmak, mihneti art\u0131r\u0131r.&#8221;, &#8220;Kalp zorland\u0131\u011f\u0131nda k\u00f6r olur.&#8221;, &#8220;Azg\u0131nl\u0131kla zafere ula\u015f\u0131lamaz.&#8221;, &#8220;\u0130ntikamla liderlik olmaz.&#8221;, &#8220;Yalanc\u0131 i\u00e7in m\u00fcr\u00fcvvet yoktur.&#8221; gibi &#8220;Gayb perdesi a\u00e7\u0131lsa yakini, marifeti ziyadele\u015fmeyecek&#8221; kadar kavi bir iman ve itikada sahip Haydar-\u0131 Kerrar ve Damad-\u0131 Neb\u00ee Hz. Ali&#8217;ye isnat edilen y\u00fcz adet \u00f6zl\u00fc s\u00f6z ve bunlar\u0131n yorumlar\u0131n\u0131 i\u00e7eren bu g\u00fczide eseri; Osmanl\u0131 Halvet\u00eeli\u011finin me\u015fhur ismi Cem\u00e2l-i Halvet\u00ee, Sultan II. Bayez\u0131d&#8217;a hediye eylemi\u015ftir ve  Reydet\u00fc\u2019l-Esr\u2019\u00e2r ismindeki bu nadide yazma n\u00fcsha sadece S\u00fcleymaniye K\u00fct\u00fcphanesi, Ayasofya tasnifinde bulunmaktad\u0131r. Fakirullah Y\u0131ld\u0131z, \u00d6mer \u00c7\u0131nar ve Taibe K\u0131van\u00e7, bu yeg\u00e2ne Arap\u00e7a n\u00fcshay\u0131 T\u00fcrk\u00e7eye \u00e7evirerek k\u00fclt\u00fcr ve irfan tarihimize \u00e7ok k\u0131ymetli bir katk\u0131da bulundular. Sufi Kitap da bu de\u011ferli projeyi hayata ge\u00e7irmek suretiyle, her biri inci, mercan k\u0131ymetinde s\u00f6zleri kendine has \u00fcslup ve yorumla yaz\u0131ya aktaran \u00e2riflerin rehberi Cem\u00e2l-i Halvet\u00ee koleksiyonunun ikinci kitab\u0131n\u0131 ne\u015fretmenin sevincini ya\u015f\u0131yor. <\/p>\n","protected":false},"excerpt":{"rendered":"<p>&#8220;Musibet an\u0131nda s\u0131zlanmak, mihneti art\u0131r\u0131r.&#8221;, &#8220;Kalp zorland\u0131\u011f\u0131nda k\u00f6r olur.&#8221;, &#8220;Azg\u0131nl\u0131kla zafere ula\u015f\u0131lamaz.&#8221;, &#8220;\u0130ntikamla liderlik olmaz.&#8221;, &#8220;Yalanc\u0131 i\u00e7in m\u00fcr\u00fcvvet yoktur.&#8221; gibi &#8220;Gayb perdesi a\u00e7\u0131lsa yakini, marifeti ziyadele\u015fmeyecek&#8221;<span class=\"excerpt-hellip\"> [\u2026]<\/span><\/p>\n","protected":false},"featured_media":0,"template":"","meta":{"_monsterinsights_skip_tracking":false,"_monsterinsights_sitenote_active":false,"_monsterinsights_sitenote_note":"","_monsterinsights_sitenote_category":0},"product_brand":[],"product_cat":[12718,12719,15238],"product_tag":[],"class_list":{"0":"post-750917","1":"product","2":"type-product","3":"status-publish","5":"product_cat-din","6":"product_cat-islam","7":"product_cat-tasavvuf","8":"pa_cilt-ciltsiz","9":"pa_tur-kitap","10":"pa_yayinevi-sufi-kitap","11":"pa_yazar-cemal-halveti","13":"first","14":"instock","15":"sale","16":"shipping-taxable","17":"purchasable","18":"product-type-simple"},"_links":{"self":[{"href":"https:\/\/roveyayinevi.com.tr\/index.php\/wp-json\/wp\/v2\/product\/750917","targetHints":{"allow":["GET"]}}],"collection":[{"href":"https:\/\/roveyayinevi.com.tr\/index.php\/wp-json\/wp\/v2\/product"}],"about":[{"href":"https:\/\/roveyayinevi.com.tr\/index.php\/wp-json\/wp\/v2\/types\/product"}],"wp:attachment":[{"href":"https:\/\/roveyayinevi.com.tr\/index.php\/wp-json\/wp\/v2\/media?parent=750917"}],"wp:term":[{"taxonomy":"product_brand","embeddable":true,"href":"https:\/\/roveyayinevi.com.tr\/index.php\/wp-json\/wp\/v2\/product_brand?post=750917"},{"taxonomy":"product_cat","embeddable":true,"href":"https:\/\/roveyayinevi.com.tr\/index.php\/wp-json\/wp\/v2\/product_cat?post=750917"},{"taxonomy":"product_tag","embeddable":true,"href":"https:\/\/roveyayinevi.com.tr\/index.php\/wp-json\/wp\/v2\/product_tag?post=750917"}],"curies":[{"name":"wp","href":"https:\/\/api.w.org\/{rel}","templated":true}]}}