{"id":750903,"date":"2025-08-28T04:33:47","date_gmt":"2025-08-28T01:33:47","guid":{"rendered":"https:\/\/roveyayinevi.com.tr\/index.php\/urun\/ludus\/"},"modified":"2026-04-16T03:04:03","modified_gmt":"2026-04-16T00:04:03","slug":"ludus","status":"publish","type":"product","link":"https:\/\/roveyayinevi.com.tr\/index.php\/urun\/ludus\/","title":{"rendered":"Ludus"},"content":{"rendered":"<p>\u201cC\u0131va benzeri metal toplar, gelenlerin sadece silahlar\u0131ysa biz B\u0130RSEN EK\u0130M \u00d6ZEN istilac\u0131lar\u0131m\u0131z\u0131 g\u00f6rmedik bile. O kocaman mor UFO\u2019lar, tuhaf bir top ordusu ve vah\u015fet; ba\u015fka bir \u015fey yok. Kelimenin tam anlam\u0131yla hayat durdu. Art\u0131k kimse d\u0131\u015far\u0131 \u00e7\u0131kam\u0131yor. Her g\u00fcn bir saat verilen televizyon yay\u0131n\u0131 olmasa d\u00fcnya \u00fczerinde ne oldu\u011funu \u00f6\u011frenemeyece\u011fiz. Bizim apartmandan hayat\u0131n\u0131 kaybeden olmad\u0131 ama soka\u011fa \u00e7\u0131kmak isteyenlerin alev alev yand\u0131\u011f\u0131n\u0131, cesetlerinin k\u00fcle d\u00f6n\u00fc\u015f\u00fcp tozlar\u0131n\u0131n r\u00fczg\u00e2rda savruldu\u011funu g\u00f6rd\u00fck. Ara s\u0131ra kuvvetli patlama sesleriyle sallan\u0131yor, dumanlar\u0131n y\u00fckseldi\u011fi noktaya g\u00f6re sald\u0131r\u0131n\u0131n nereye yap\u0131ld\u0131\u011f\u0131n\u0131 tahmin etmeye \u00e7al\u0131\u015f\u0131yoruz.\u201d  Oysa ne kadar mutluydu insanlar\u2026 Teknoloji \u00f6yle ilerlemi\u015fti ki art\u0131k kimse zay\u0131flamak ya da giyinmek i\u00e7in u\u011fra\u015fm\u0131yor, indirdikleri uygulamalarla her zamankinden zarif ve \u015f\u0131k g\u00f6r\u00fcnmeyi ba\u015far\u0131yorlard\u0131. \u0130nternette ara\u015ft\u0131rma yapmak i\u00e7in g\u00f6zlerini a\u00e7\u0131p kapamalar\u0131 yeterliydi. Muhte\u015fem g\u00f6rsellerle bezeli programlar\u0131n i\u00e7inde diledikleri maceray\u0131 ya\u015fayabiliyorlard\u0131. G\u00f6zlerine, kulaklar\u0131na, derilerine kendi istekleriyle yerle\u015ftirdikleri implantlarla g\u00f6n\u00fcll\u00fc girdikleri sanal evren, daha ya\u015fan\u0131r hale getirmi\u015fti hayat\u0131\u2026 Ta ki i\u015fgal edilinceye kadar!  Birsen Ekim \u00d6zen\u2019in Ludus ile kurdu\u011fu d\u00fcnyada ger\u00e7ekli\u011fin nerede bitti\u011fi, oyunun nerede ba\u015flad\u0131\u011f\u0131 bilinmiyor. \u0130\u015fin asl\u0131; oyun, elinizin alt\u0131nda sizi bekliyor.<\/p>\n","protected":false},"excerpt":{"rendered":"<p>\u201cC\u0131va benzeri metal toplar, gelenlerin sadece silahlar\u0131ysa biz B\u0130RSEN EK\u0130M \u00d6ZEN istilac\u0131lar\u0131m\u0131z\u0131 g\u00f6rmedik bile. O kocaman mor UFO\u2019lar, tuhaf bir top ordusu ve vah\u015fet; ba\u015fka bir<span class=\"excerpt-hellip\"> [\u2026]<\/span><\/p>\n","protected":false},"featured_media":0,"template":"","meta":{"_monsterinsights_skip_tracking":false,"_monsterinsights_sitenote_active":false,"_monsterinsights_sitenote_note":"","_monsterinsights_sitenote_category":0},"product_brand":[],"product_cat":[12291,50487],"product_tag":[],"class_list":{"0":"post-750903","1":"product","2":"type-product","3":"status-publish","5":"product_cat-edebiyat","6":"product_cat-kurgu","7":"pa_cilt-ciltsiz","8":"pa_tur-kitap","9":"pa_yayinevi-epsilon-yayinlari","10":"pa_yazar-birsen-ekim-ozen","12":"first","13":"instock","14":"sale","15":"shipping-taxable","16":"purchasable","17":"product-type-simple"},"_links":{"self":[{"href":"https:\/\/roveyayinevi.com.tr\/index.php\/wp-json\/wp\/v2\/product\/750903","targetHints":{"allow":["GET"]}}],"collection":[{"href":"https:\/\/roveyayinevi.com.tr\/index.php\/wp-json\/wp\/v2\/product"}],"about":[{"href":"https:\/\/roveyayinevi.com.tr\/index.php\/wp-json\/wp\/v2\/types\/product"}],"wp:attachment":[{"href":"https:\/\/roveyayinevi.com.tr\/index.php\/wp-json\/wp\/v2\/media?parent=750903"}],"wp:term":[{"taxonomy":"product_brand","embeddable":true,"href":"https:\/\/roveyayinevi.com.tr\/index.php\/wp-json\/wp\/v2\/product_brand?post=750903"},{"taxonomy":"product_cat","embeddable":true,"href":"https:\/\/roveyayinevi.com.tr\/index.php\/wp-json\/wp\/v2\/product_cat?post=750903"},{"taxonomy":"product_tag","embeddable":true,"href":"https:\/\/roveyayinevi.com.tr\/index.php\/wp-json\/wp\/v2\/product_tag?post=750903"}],"curies":[{"name":"wp","href":"https:\/\/api.w.org\/{rel}","templated":true}]}}