{"id":750898,"date":"2025-08-28T04:33:38","date_gmt":"2025-08-28T01:33:38","guid":{"rendered":"https:\/\/roveyayinevi.com.tr\/index.php\/urun\/mahsur-kadin\/"},"modified":"2026-04-16T03:04:03","modified_gmt":"2026-04-16T00:04:03","slug":"mahsur-kadin","status":"publish","type":"product","link":"https:\/\/roveyayinevi.com.tr\/index.php\/urun\/mahsur-kadin\/","title":{"rendered":"Mahsur Kad\u0131n"},"content":{"rendered":"<p>Mahsur Kad\u0131n, Nobel Edebiyat \u00d6d\u00fcll\u00fc yazar Andr\u00e9 Gide\u2019in j\u00fcri \u00fcyesi olarak yer ald\u0131\u011f\u0131 ceza mahkemelerinde g\u00f6r\u00fclm\u00fc\u015f ve toplumda infial yaratm\u0131\u015f iki davay\u0131 konu al\u0131r. \u00d6yle ki bu davalar\u0131n hik\u00e2yesi bug\u00fcne kadar ta\u015f\u0131nm\u0131\u015f, efsanele\u015fmi\u015ftir. 22 May\u0131s 1901&#8217;de Poitiers ba\u015fsavc\u0131s\u0131, elli iki ya\u015f\u0131ndaki M\u00e9lanie Bastian&#8217;\u0131n, annesi taraf\u0131ndan yirmi be\u015f y\u0131ld\u0131r tavan aras\u0131na kapat\u0131ld\u0131\u011f\u0131n\u0131 isimsiz bir mektupla \u00f6\u011frenir. Bak\u0131ms\u0131z bir odada, \u00e7\u00f6plerin aras\u0131nda, yiyecekten uzak ya\u015fam\u0131\u015ft\u0131r y\u0131llarca. Peki bu dava, failleri apa\u00e7\u0131k ortadayken nas\u0131l olur da san\u0131\u011f\u0131n beraat\u0131yla sonu\u00e7lan\u0131r?Bu davay\u0131 Redureau Vakas\u0131 izler. Ya\u015f\u0131na g\u00f6re haddinden fazla \u00e7al\u0131\u015ft\u0131r\u0131lan, hatta s\u00f6m\u00fcr\u00fclen gen\u00e7 Marcel Redureau \u00e7al\u0131\u015ft\u0131\u011f\u0131 ba\u011f\u0131n sahibini ve t\u00fcm ailesini \u00f6ld\u00fcr\u00fcr. Peki bu katliam\u0131n arkas\u0131nda yatan sebep nedir? Gide, bu iki davay\u0131 kan\u0131tlar\u0131n \u0131\u015f\u0131\u011f\u0131nda ustaca par\u00e7alara ay\u0131r\u0131yor, sorular soruyor ve adaletin tecelli edip etmedi\u011fini hem h\u00fcr bir vatanda\u015f hem de bir yazar olarak izlenimlerini okura aktar\u0131rken hukuk ve adalet kavramlar\u0131n\u0131 masaya yat\u0131r\u0131yor. \u201cAndr\u00e9 Gide, sade ad\u0131 s\u00f6ylendi\u011fi zaman bir medeniyeti, bir k\u00fclt\u00fcr\u00fc en iyi taraflar\u0131yla hat\u0131rlatan nadir insanlardand\u0131r.\u201d \u2013Ahmet Hamdi Tanp\u0131nar<\/p>\n","protected":false},"excerpt":{"rendered":"<p>Mahsur Kad\u0131n, Nobel Edebiyat \u00d6d\u00fcll\u00fc yazar Andr\u00e9 Gide\u2019in j\u00fcri \u00fcyesi olarak yer ald\u0131\u011f\u0131 ceza mahkemelerinde g\u00f6r\u00fclm\u00fc\u015f ve toplumda infial yaratm\u0131\u015f iki davay\u0131 konu al\u0131r. \u00d6yle ki<span class=\"excerpt-hellip\"> [\u2026]<\/span><\/p>\n","protected":false},"featured_media":0,"template":"","meta":{"_monsterinsights_skip_tracking":false,"_monsterinsights_sitenote_active":false,"_monsterinsights_sitenote_note":"","_monsterinsights_sitenote_category":0},"product_brand":[],"product_cat":[12291,12711],"product_tag":[],"class_list":{"0":"post-750898","1":"product","2":"type-product","3":"status-publish","5":"product_cat-edebiyat","6":"product_cat-roman-oyku","7":"pa_cilt-ciltsiz","8":"pa_tur-kitap","9":"pa_yayinevi-timas-yayinlari","10":"pa_yazar-andre-gide","12":"first","13":"instock","14":"sale","15":"shipping-taxable","16":"purchasable","17":"product-type-simple"},"_links":{"self":[{"href":"https:\/\/roveyayinevi.com.tr\/index.php\/wp-json\/wp\/v2\/product\/750898","targetHints":{"allow":["GET"]}}],"collection":[{"href":"https:\/\/roveyayinevi.com.tr\/index.php\/wp-json\/wp\/v2\/product"}],"about":[{"href":"https:\/\/roveyayinevi.com.tr\/index.php\/wp-json\/wp\/v2\/types\/product"}],"wp:attachment":[{"href":"https:\/\/roveyayinevi.com.tr\/index.php\/wp-json\/wp\/v2\/media?parent=750898"}],"wp:term":[{"taxonomy":"product_brand","embeddable":true,"href":"https:\/\/roveyayinevi.com.tr\/index.php\/wp-json\/wp\/v2\/product_brand?post=750898"},{"taxonomy":"product_cat","embeddable":true,"href":"https:\/\/roveyayinevi.com.tr\/index.php\/wp-json\/wp\/v2\/product_cat?post=750898"},{"taxonomy":"product_tag","embeddable":true,"href":"https:\/\/roveyayinevi.com.tr\/index.php\/wp-json\/wp\/v2\/product_tag?post=750898"}],"curies":[{"name":"wp","href":"https:\/\/api.w.org\/{rel}","templated":true}]}}