{"id":750877,"date":"2025-08-28T04:33:03","date_gmt":"2025-08-28T01:33:03","guid":{"rendered":"https:\/\/roveyayinevi.com.tr\/index.php\/urun\/guzelden-guzel\/"},"modified":"2026-04-16T03:04:02","modified_gmt":"2026-04-16T00:04:02","slug":"guzelden-guzel","status":"publish","type":"product","link":"https:\/\/roveyayinevi.com.tr\/index.php\/urun\/guzelden-guzel\/","title":{"rendered":"G\u00fczelden G\u00fczel"},"content":{"rendered":"<p>Sevgili \u00e7ocuklar, g\u00f6ky\u00fcz\u00fcn\u00fc dolduran ku\u015flar, \u00f6bek \u00f6bek bulutlar, k\u0131rlarda a\u00e7an \u00e7i\u00e7ekler, salland\u0131\u011f\u0131n\u0131z sal\u0131ncak, k\u0131\u015f\u0131n pencereden ya\u011f\u0131\u015f\u0131n\u0131 seyretti\u011fimiz kar ve bah\u00e7eye kondurdu\u011funuz kardan adam, bahar\u0131 kar\u015f\u0131layan kelebekler, ser\u00e7eler, sincaplar, denizde y\u00fczen gemiler, bal\u0131klar, geceleri g\u00f6ky\u00fcz\u00fcn\u00fc \u015fenlendiren ay ve y\u0131ld\u0131zlar, ramazanda tuttu\u011funuz oru\u00e7lar, k\u0131ld\u0131\u011f\u0131n\u0131z namazlar, sevdiklerinizle a\u00e7t\u0131\u011f\u0131n\u0131z iftarlar, zeytinin, hurman\u0131n harika tad\u0131, i\u00e7inizi huzurla dolduran ezanlar, baban\u0131z\u0131n elinden tutarak bayram namaz\u0131 i\u00e7in gitti\u011finiz camiler, etti\u011finiz dualar, nas\u0131l ki sizi sevince bo\u011fuyorsa,                                          Mustafa Ruhi \u015eirin&#8217;in G\u00fczelden G\u00fczel kitab\u0131nda yer alan \u015fiirler de sizi g\u00fczelliklerle dolu bir d\u00fcnyaya g\u00f6t\u00fcrecek ve okudu\u011funuz her \u015fiirle &#8220;g\u00fczelli\u011fin sevinci&#8221;nin daha bir katlanarak artt\u0131\u011f\u0131n\u0131 g\u00f6receksiniz. Arif Ay <\/p>\n","protected":false},"excerpt":{"rendered":"<p>Sevgili \u00e7ocuklar, g\u00f6ky\u00fcz\u00fcn\u00fc dolduran ku\u015flar, \u00f6bek \u00f6bek bulutlar, k\u0131rlarda a\u00e7an \u00e7i\u00e7ekler, salland\u0131\u011f\u0131n\u0131z sal\u0131ncak, k\u0131\u015f\u0131n pencereden ya\u011f\u0131\u015f\u0131n\u0131 seyretti\u011fimiz kar ve bah\u00e7eye kondurdu\u011funuz kardan adam, bahar\u0131 kar\u015f\u0131layan kelebekler,<span class=\"excerpt-hellip\"> [\u2026]<\/span><\/p>\n","protected":false},"featured_media":0,"template":"","meta":{"_monsterinsights_skip_tracking":false,"_monsterinsights_sitenote_active":false,"_monsterinsights_sitenote_note":"","_monsterinsights_sitenote_category":0},"product_brand":[],"product_cat":[12274,12631],"product_tag":[],"class_list":{"0":"post-750877","1":"product","2":"type-product","3":"status-publish","5":"product_cat-cocuk-ve-genclik-kitaplari","6":"product_cat-diger-cocuk-ve-genclik-kitaplari","7":"pa_cilt-ciltsiz","8":"pa_tur-kitap","9":"pa_yayinevi-ucan-at","10":"pa_yazar-mustafa-ruhi-sirin","12":"first","13":"instock","14":"sale","15":"shipping-taxable","16":"purchasable","17":"product-type-simple"},"_links":{"self":[{"href":"https:\/\/roveyayinevi.com.tr\/index.php\/wp-json\/wp\/v2\/product\/750877","targetHints":{"allow":["GET"]}}],"collection":[{"href":"https:\/\/roveyayinevi.com.tr\/index.php\/wp-json\/wp\/v2\/product"}],"about":[{"href":"https:\/\/roveyayinevi.com.tr\/index.php\/wp-json\/wp\/v2\/types\/product"}],"wp:attachment":[{"href":"https:\/\/roveyayinevi.com.tr\/index.php\/wp-json\/wp\/v2\/media?parent=750877"}],"wp:term":[{"taxonomy":"product_brand","embeddable":true,"href":"https:\/\/roveyayinevi.com.tr\/index.php\/wp-json\/wp\/v2\/product_brand?post=750877"},{"taxonomy":"product_cat","embeddable":true,"href":"https:\/\/roveyayinevi.com.tr\/index.php\/wp-json\/wp\/v2\/product_cat?post=750877"},{"taxonomy":"product_tag","embeddable":true,"href":"https:\/\/roveyayinevi.com.tr\/index.php\/wp-json\/wp\/v2\/product_tag?post=750877"}],"curies":[{"name":"wp","href":"https:\/\/api.w.org\/{rel}","templated":true}]}}