{"id":750874,"date":"2025-08-28T04:32:57","date_gmt":"2025-08-28T01:32:57","guid":{"rendered":"https:\/\/roveyayinevi.com.tr\/index.php\/urun\/butun-atlar-sihirli\/"},"modified":"2026-04-08T03:10:38","modified_gmt":"2026-04-08T00:10:38","slug":"butun-atlar-sihirli","status":"publish","type":"product","link":"https:\/\/roveyayinevi.com.tr\/index.php\/urun\/butun-atlar-sihirli\/","title":{"rendered":"B\u00fct\u00fcn Atlar Sihirli"},"content":{"rendered":"<p>Atlar y\u00fczebilir mi? Atlar u\u00e7abilir mi? Tek boynuzlu at var m\u0131? Kahraman\u0131m\u0131z Dido b\u00fct\u00fcn bunlar\u0131 \u00e7ok merak ediyordu.   \u201cU\u00e7an at varsa, y\u00fczen at varsa\u2026 Dido as\u0131l merak etti\u011fi soruya geldi: \u2018Peki burada hi\u00e7 tek boynuzlu at var m\u0131?\u2019\u201d Suna Abla, \u2018\u015eeyyy\u2026\u2019 dedi. Tam o s\u0131rada, uzaktan bembeyaz bir at geldi yanlar\u0131na. Ayn\u0131, Cengo\u2019nun kitab\u0131ndaki tek boynuzlu ata benziyordu!\u201d   \u00c7i\u011fdem Kaplang\u0131\u2019n\u0131n bu g\u00fczel kitab\u0131na Mustafa Delio\u011flu resimleriyle e\u015flik ediyor. <\/p>\n","protected":false},"excerpt":{"rendered":"<p>Atlar y\u00fczebilir mi? Atlar u\u00e7abilir mi? Tek boynuzlu at var m\u0131? Kahraman\u0131m\u0131z Dido b\u00fct\u00fcn bunlar\u0131 \u00e7ok merak ediyordu. \u201cU\u00e7an at varsa, y\u00fczen at varsa\u2026 Dido as\u0131l<span class=\"excerpt-hellip\"> [\u2026]<\/span><\/p>\n","protected":false},"featured_media":0,"template":"","meta":{"_monsterinsights_skip_tracking":false,"_monsterinsights_sitenote_active":false,"_monsterinsights_sitenote_note":"","_monsterinsights_sitenote_category":0},"product_brand":[],"product_cat":[12274,12284],"product_tag":[],"class_list":{"0":"post-750874","1":"product","2":"type-product","3":"status-publish","5":"product_cat-cocuk-ve-genclik-kitaplari","6":"product_cat-hikayeler","7":"pa_cilt-ciltsiz","8":"pa_tur-kitap","9":"pa_yayinevi-yapi-kredi-yayinlari","10":"pa_yazar-cigdem-kaplangi","12":"first","13":"instock","14":"sale","15":"shipping-taxable","16":"purchasable","17":"product-type-simple"},"_links":{"self":[{"href":"https:\/\/roveyayinevi.com.tr\/index.php\/wp-json\/wp\/v2\/product\/750874","targetHints":{"allow":["GET"]}}],"collection":[{"href":"https:\/\/roveyayinevi.com.tr\/index.php\/wp-json\/wp\/v2\/product"}],"about":[{"href":"https:\/\/roveyayinevi.com.tr\/index.php\/wp-json\/wp\/v2\/types\/product"}],"wp:attachment":[{"href":"https:\/\/roveyayinevi.com.tr\/index.php\/wp-json\/wp\/v2\/media?parent=750874"}],"wp:term":[{"taxonomy":"product_brand","embeddable":true,"href":"https:\/\/roveyayinevi.com.tr\/index.php\/wp-json\/wp\/v2\/product_brand?post=750874"},{"taxonomy":"product_cat","embeddable":true,"href":"https:\/\/roveyayinevi.com.tr\/index.php\/wp-json\/wp\/v2\/product_cat?post=750874"},{"taxonomy":"product_tag","embeddable":true,"href":"https:\/\/roveyayinevi.com.tr\/index.php\/wp-json\/wp\/v2\/product_tag?post=750874"}],"curies":[{"name":"wp","href":"https:\/\/api.w.org\/{rel}","templated":true}]}}