{"id":750846,"date":"2025-08-28T04:32:11","date_gmt":"2025-08-28T01:32:11","guid":{"rendered":"https:\/\/roveyayinevi.com.tr\/index.php\/urun\/zeyd-b-sabit-vahiy-katibi\/"},"modified":"2026-04-16T03:04:02","modified_gmt":"2026-04-16T00:04:02","slug":"zeyd-b-sabit-vahiy-katibi","status":"publish","type":"product","link":"https:\/\/roveyayinevi.com.tr\/index.php\/urun\/zeyd-b-sabit-vahiy-katibi\/","title":{"rendered":"Zeyd B. Sabit \/ Vahiy Katibi"},"content":{"rendered":"<p>Zeyd b. S\u00e2bit Medineli gen\u00e7 sahabilerdendi. G\u00fc\u00e7l\u00fc bir haf\u0131zaya sahipti. Kur\u2019\u00e2n sevdal\u0131s\u0131yd\u0131. Allah Res\u00fbl\u00fc hayattayken Kur\u2019\u00e2n-\u0131 Kerim\u2019in tamam\u0131n\u0131 ezberlemi\u015fti. Yabanc\u0131 dil \u00f6\u011frenimi konusunda uzmand\u0131. Hz. Peygamber ondan Yahudilerin dilini \u00f6\u011frenmesini istemi\u015f, o da k\u0131sa bir s\u00fcrede bu dili \u00f6\u011frenmi\u015fti. Peygambere terc\u00fcmanl\u0131k yapar, gelen mektuplar\u0131 okur ve cevap yazard\u0131. Ayn\u0131 zamanda da vahiy k\u00e2tiplerinden biriydi. Kur\u2019\u00e2n-\u0131 Kerim\u2019in bir kitap haline getirili\u015finde ve \u00e7o\u011falt\u0131lmas\u0131nda en b\u00fcy\u00fck pay ona aitti. B\u00fct\u00fcn hayat\u0131n\u0131 \u0130slam\u2019a hizmetle ge\u00e7irmi\u015f, vefat etti\u011finde \u201cBug\u00fcn insanlar\u0131n en \u00e2limi \u00f6ld\u00fc!\u201d denilmi\u015fti. <\/p>\n","protected":false},"excerpt":{"rendered":"<p>Zeyd b. S\u00e2bit Medineli gen\u00e7 sahabilerdendi. G\u00fc\u00e7l\u00fc bir haf\u0131zaya sahipti. Kur\u2019\u00e2n sevdal\u0131s\u0131yd\u0131. Allah Res\u00fbl\u00fc hayattayken Kur\u2019\u00e2n-\u0131 Kerim\u2019in tamam\u0131n\u0131 ezberlemi\u015fti. Yabanc\u0131 dil \u00f6\u011frenimi konusunda uzmand\u0131. Hz. Peygamber<span class=\"excerpt-hellip\"> [\u2026]<\/span><\/p>\n","protected":false},"featured_media":0,"template":"","meta":{"_monsterinsights_skip_tracking":false,"_monsterinsights_sitenote_active":false,"_monsterinsights_sitenote_note":"","_monsterinsights_sitenote_category":0},"product_brand":[],"product_cat":[12274,18802],"product_tag":[],"class_list":{"0":"post-750846","1":"product","2":"type-product","3":"status-publish","5":"product_cat-cocuk-ve-genclik-kitaplari","6":"product_cat-din-egitimi","7":"pa_cilt-ciltsiz","8":"pa_tur-kitap","9":"pa_yayinevi-ugurbocegi-yayinlari","10":"pa_yazar-hilal-celikkol-kara","12":"first","13":"instock","14":"sale","15":"shipping-taxable","16":"purchasable","17":"product-type-simple"},"_links":{"self":[{"href":"https:\/\/roveyayinevi.com.tr\/index.php\/wp-json\/wp\/v2\/product\/750846","targetHints":{"allow":["GET"]}}],"collection":[{"href":"https:\/\/roveyayinevi.com.tr\/index.php\/wp-json\/wp\/v2\/product"}],"about":[{"href":"https:\/\/roveyayinevi.com.tr\/index.php\/wp-json\/wp\/v2\/types\/product"}],"wp:attachment":[{"href":"https:\/\/roveyayinevi.com.tr\/index.php\/wp-json\/wp\/v2\/media?parent=750846"}],"wp:term":[{"taxonomy":"product_brand","embeddable":true,"href":"https:\/\/roveyayinevi.com.tr\/index.php\/wp-json\/wp\/v2\/product_brand?post=750846"},{"taxonomy":"product_cat","embeddable":true,"href":"https:\/\/roveyayinevi.com.tr\/index.php\/wp-json\/wp\/v2\/product_cat?post=750846"},{"taxonomy":"product_tag","embeddable":true,"href":"https:\/\/roveyayinevi.com.tr\/index.php\/wp-json\/wp\/v2\/product_tag?post=750846"}],"curies":[{"name":"wp","href":"https:\/\/api.w.org\/{rel}","templated":true}]}}