{"id":750843,"date":"2025-08-28T04:32:07","date_gmt":"2025-08-28T01:32:07","guid":{"rendered":"https:\/\/roveyayinevi.com.tr\/index.php\/urun\/usame-b-zeyd-genc-komutan\/"},"modified":"2026-04-16T03:04:01","modified_gmt":"2026-04-16T00:04:01","slug":"usame-b-zeyd-genc-komutan","status":"publish","type":"product","link":"https:\/\/roveyayinevi.com.tr\/index.php\/urun\/usame-b-zeyd-genc-komutan\/","title":{"rendered":"\u00dcsame B. Zeyd \/ Gen\u00e7 Komutan"},"content":{"rendered":"<p>\u00dcsame b. Zeyd, Hz. Peygamber\u2019in evinde d\u00fcnyaya g\u00f6zlerini a\u00e7t\u0131. \u00c7ocukluk g\u00fcnlerini Hz. Peygamberin evinde, dizinin dibinde ge\u00e7irdi. Peygamber terbiyesiyle yeti\u015fti. M\u00fbte Sava\u015f\u0131\u2019nda babas\u0131n\u0131n \u015feh\u00e2detini g\u00f6rd\u00fc. Metanetini kaybetmeden \u00e7arp\u0131\u015fmaya devam etti. Bu kahramanl\u0131\u011f\u0131 ve cesareti onu gen\u00e7 ya\u015fta ordu komutan\u0131 olabilecek olgunlu\u011fa getirdi. 18 ya\u015f\u0131nda bir delikanl\u0131yken sahabenin ileri gelenlerinin de bulundu\u011fu orduya komutan olarak tayin edildi. O, Peygamber Efendimiz\u2019in \u201cAllah ve Res\u00fbl\u00fcn\u00fc seven \u00dcs\u00e2me\u2019yi sevsin!\u201d  iltifat\u0131na mazhar olan bir yi\u011fitti. <\/p>\n","protected":false},"excerpt":{"rendered":"<p>\u00dcsame b. Zeyd, Hz. Peygamber\u2019in evinde d\u00fcnyaya g\u00f6zlerini a\u00e7t\u0131. \u00c7ocukluk g\u00fcnlerini Hz. Peygamberin evinde, dizinin dibinde ge\u00e7irdi. Peygamber terbiyesiyle yeti\u015fti. M\u00fbte Sava\u015f\u0131\u2019nda babas\u0131n\u0131n \u015feh\u00e2detini g\u00f6rd\u00fc. Metanetini<span class=\"excerpt-hellip\"> [\u2026]<\/span><\/p>\n","protected":false},"featured_media":0,"template":"","meta":{"_monsterinsights_skip_tracking":false,"_monsterinsights_sitenote_active":false,"_monsterinsights_sitenote_note":"","_monsterinsights_sitenote_category":0},"product_brand":[],"product_cat":[12274,18802],"product_tag":[],"class_list":{"0":"post-750843","1":"product","2":"type-product","3":"status-publish","5":"product_cat-cocuk-ve-genclik-kitaplari","6":"product_cat-din-egitimi","7":"pa_cilt-ciltsiz","8":"pa_tur-kitap","9":"pa_yayinevi-ugurbocegi-yayinlari","10":"pa_yazar-hilal-celikkol-kara","12":"first","13":"instock","14":"sale","15":"shipping-taxable","16":"purchasable","17":"product-type-simple"},"_links":{"self":[{"href":"https:\/\/roveyayinevi.com.tr\/index.php\/wp-json\/wp\/v2\/product\/750843","targetHints":{"allow":["GET"]}}],"collection":[{"href":"https:\/\/roveyayinevi.com.tr\/index.php\/wp-json\/wp\/v2\/product"}],"about":[{"href":"https:\/\/roveyayinevi.com.tr\/index.php\/wp-json\/wp\/v2\/types\/product"}],"wp:attachment":[{"href":"https:\/\/roveyayinevi.com.tr\/index.php\/wp-json\/wp\/v2\/media?parent=750843"}],"wp:term":[{"taxonomy":"product_brand","embeddable":true,"href":"https:\/\/roveyayinevi.com.tr\/index.php\/wp-json\/wp\/v2\/product_brand?post=750843"},{"taxonomy":"product_cat","embeddable":true,"href":"https:\/\/roveyayinevi.com.tr\/index.php\/wp-json\/wp\/v2\/product_cat?post=750843"},{"taxonomy":"product_tag","embeddable":true,"href":"https:\/\/roveyayinevi.com.tr\/index.php\/wp-json\/wp\/v2\/product_tag?post=750843"}],"curies":[{"name":"wp","href":"https:\/\/api.w.org\/{rel}","templated":true}]}}