{"id":750832,"date":"2025-08-28T04:31:52","date_gmt":"2025-08-28T01:31:52","guid":{"rendered":"https:\/\/roveyayinevi.com.tr\/index.php\/urun\/gulucuk-2\/"},"modified":"2026-04-16T03:04:01","modified_gmt":"2026-04-16T00:04:01","slug":"gulucuk-2","status":"publish","type":"product","link":"https:\/\/roveyayinevi.com.tr\/index.php\/urun\/gulucuk-2\/","title":{"rendered":"G\u00fcl\u00fcc\u00fck"},"content":{"rendered":"<p>Tatl\u0131 ya\u011fmur Cici ya\u011fmur S\u00f6z\u00fcm\u00fc dinle B\u0131rak ser\u00e7enin yakas\u0131n\u0131 Git tarlalara   Biliyorsun ya Bekleyenler var Seni oralarda   Yine ya\u011fmur Camlardan bakt\u0131r\u0131yor bizi Sokaklara<\/p>\n","protected":false},"excerpt":{"rendered":"<p>Tatl\u0131 ya\u011fmur Cici ya\u011fmur S\u00f6z\u00fcm\u00fc dinle B\u0131rak ser\u00e7enin yakas\u0131n\u0131 Git tarlalara Biliyorsun ya Bekleyenler var Seni oralarda Yine ya\u011fmur Camlardan bakt\u0131r\u0131yor bizi Sokaklara<\/p>\n","protected":false},"featured_media":0,"template":"","meta":{"_monsterinsights_skip_tracking":false,"_monsterinsights_sitenote_active":false,"_monsterinsights_sitenote_note":"","_monsterinsights_sitenote_category":0},"product_brand":[],"product_cat":[12291,12509],"product_tag":[],"class_list":{"0":"post-750832","1":"product","2":"type-product","3":"status-publish","5":"product_cat-edebiyat","6":"product_cat-siir","7":"pa_cilt-ciltsiz","8":"pa_tur-kitap","9":"pa_yayinevi-ketebe-yayinlari","10":"pa_yazar-cahit-zarifoglu","12":"first","13":"instock","14":"sale","15":"shipping-taxable","16":"purchasable","17":"product-type-simple"},"_links":{"self":[{"href":"https:\/\/roveyayinevi.com.tr\/index.php\/wp-json\/wp\/v2\/product\/750832","targetHints":{"allow":["GET"]}}],"collection":[{"href":"https:\/\/roveyayinevi.com.tr\/index.php\/wp-json\/wp\/v2\/product"}],"about":[{"href":"https:\/\/roveyayinevi.com.tr\/index.php\/wp-json\/wp\/v2\/types\/product"}],"wp:attachment":[{"href":"https:\/\/roveyayinevi.com.tr\/index.php\/wp-json\/wp\/v2\/media?parent=750832"}],"wp:term":[{"taxonomy":"product_brand","embeddable":true,"href":"https:\/\/roveyayinevi.com.tr\/index.php\/wp-json\/wp\/v2\/product_brand?post=750832"},{"taxonomy":"product_cat","embeddable":true,"href":"https:\/\/roveyayinevi.com.tr\/index.php\/wp-json\/wp\/v2\/product_cat?post=750832"},{"taxonomy":"product_tag","embeddable":true,"href":"https:\/\/roveyayinevi.com.tr\/index.php\/wp-json\/wp\/v2\/product_tag?post=750832"}],"curies":[{"name":"wp","href":"https:\/\/api.w.org\/{rel}","templated":true}]}}