{"id":750809,"date":"2025-08-28T04:30:36","date_gmt":"2025-08-28T01:30:36","guid":{"rendered":"https:\/\/roveyayinevi.com.tr\/index.php\/urun\/felsefi-dusun-sayi20-sekularizm-post-sekularizm-ve-demokrasi\/"},"modified":"2026-04-16T03:04:01","modified_gmt":"2026-04-16T00:04:01","slug":"felsefi-dusun-sayi20-sekularizm-post-sekularizm-ve-demokrasi","status":"publish","type":"product","link":"https:\/\/roveyayinevi.com.tr\/index.php\/urun\/felsefi-dusun-sayi20-sekularizm-post-sekularizm-ve-demokrasi\/","title":{"rendered":"Felsefi D\u00fc\u015f\u00fcn Say\u0131:20 Sek\u00fclarizm, Post &#8211; Sek\u00fclarizm ve Demokrasi"},"content":{"rendered":"<p>Felsefi D\u00fc\u015f\u00fcn\u2019\u00fcn bu say\u0131s\u0131 farkl\u0131 alanlardan ve perspektiflerden ara\u015ft\u0131rmac\u0131lar\u0131 bir araya getirerek sek\u00fclarizm, post-sek\u00fclarizm ve demokrasi ana temas\u0131 etraf\u0131nda olu\u015fmu\u015f disiplinleraras\u0131 birikime katk\u0131da bulunmay\u0131 ve b\u00f6ylelikle akademik ve fikri ya\u015fam\u0131m\u0131z\u0131 zenginle\u015ftirmeyi ama\u00e7l\u0131yor. Funda G\u00dcNSOY SUNU\u015e MAKALELER Erdal G\u00dcRSUL Spinoza&#8217;da Demokrasi D\u00fc\u015f\u00fcncesi * Sibel K\u0130BAR Rawls&#8217;un Halklar\u0131n Yasas\u0131&#8217;nda Halklara Lay\u0131k G\u00f6r\u00fclmeyen Laiklik * Buket KORKUT RAPT\u0130S MacIntyre&#8217;\u0131n G\u00f6r\u00fc\u015f\u00fc Do\u011frultusunda Sek\u00fclarizm Tart\u0131\u015fmas\u0131na Farkl\u0131 Bir Bak\u0131\u015f * Elif NUYAN &amp; Eylem YEN\u0130SOY \u015eAH\u0130N \u00c7ocuklar i\u00e7in Felsefe: \u00d6zerk D\u00fc\u015f\u00fcnme, Demokrasi ve Demokratik Yurtta\u015fl\u0131k * Ahmet OKUMU\u015e Post-Sek\u00fcler Durum ve Modern Devletin Ele\u015ftirisi * Bilge SARIO\u011eLAN Karl Marx&#8217;\u0131 Politik Teolojinin Faili Olarak Okumak M\u00fcmk\u00fcn m\u00fc? * Tayfun TORUN Vestfalya Sonras\u0131 Bir D\u00fcnyada Ulus-\u00d6tesi Bir Kamusal Alan\u0131n \u0130mkan\u0131 * Hulusi Ertu\u011frul UMUDUM Fatih Kanunnamelerinin Teolaik Karakteri \u00dczerine Bir \u0130nceleme * \u00d6zlem \u00dcNL\u00dc Hobbes, Schmitt ve Agamben&#8217;de Politik Teoloji Sorunu: Egemen Kimdir? * Eylem YOLSAL-MURTEZA Thomas Paine&#8217;de Toplumsalla\u015fman\u0131n Sek\u00fclerle\u015fmesi     <\/p>\n","protected":false},"excerpt":{"rendered":"<p>Felsefi D\u00fc\u015f\u00fcn\u2019\u00fcn bu say\u0131s\u0131 farkl\u0131 alanlardan ve perspektiflerden ara\u015ft\u0131rmac\u0131lar\u0131 bir araya getirerek sek\u00fclarizm, post-sek\u00fclarizm ve demokrasi ana temas\u0131 etraf\u0131nda olu\u015fmu\u015f disiplinleraras\u0131 birikime katk\u0131da bulunmay\u0131 ve b\u00f6ylelikle<span class=\"excerpt-hellip\"> [\u2026]<\/span><\/p>\n","protected":false},"featured_media":0,"template":"","meta":{"_monsterinsights_skip_tracking":false,"_monsterinsights_sitenote_active":false,"_monsterinsights_sitenote_note":"","_monsterinsights_sitenote_category":0},"product_brand":[],"product_cat":[13527],"product_tag":[],"class_list":{"0":"post-750809","1":"product","2":"type-product","3":"status-publish","5":"product_cat-sureli-yayinlar","6":"pa_cilt-ciltsiz","7":"pa_tur-dergi","8":"pa_yayinevi-pinhan-yayincilik","9":"pa_yazar-kolektif","11":"first","12":"instock","13":"sale","14":"shipping-taxable","15":"purchasable","16":"product-type-simple"},"_links":{"self":[{"href":"https:\/\/roveyayinevi.com.tr\/index.php\/wp-json\/wp\/v2\/product\/750809","targetHints":{"allow":["GET"]}}],"collection":[{"href":"https:\/\/roveyayinevi.com.tr\/index.php\/wp-json\/wp\/v2\/product"}],"about":[{"href":"https:\/\/roveyayinevi.com.tr\/index.php\/wp-json\/wp\/v2\/types\/product"}],"wp:attachment":[{"href":"https:\/\/roveyayinevi.com.tr\/index.php\/wp-json\/wp\/v2\/media?parent=750809"}],"wp:term":[{"taxonomy":"product_brand","embeddable":true,"href":"https:\/\/roveyayinevi.com.tr\/index.php\/wp-json\/wp\/v2\/product_brand?post=750809"},{"taxonomy":"product_cat","embeddable":true,"href":"https:\/\/roveyayinevi.com.tr\/index.php\/wp-json\/wp\/v2\/product_cat?post=750809"},{"taxonomy":"product_tag","embeddable":true,"href":"https:\/\/roveyayinevi.com.tr\/index.php\/wp-json\/wp\/v2\/product_tag?post=750809"}],"curies":[{"name":"wp","href":"https:\/\/api.w.org\/{rel}","templated":true}]}}

Felsefi Düşün Sayı:20 Sekülarizm, Post &#8211; Sekülarizm ve Demokrasi

<p>Felsefi Düşün’ün bu sayısı farklı alanlardan ve perspektiflerden araştırmacıları bir araya getirerek sekülarizm, post-sekülarizm ve demokrasi ana teması etrafında oluşmuş disiplinlerarası birikime katkıda bulunmayı ve böylelikle akademik ve fikri yaşamımızı zenginleştirmeyi amaçlıyor. Funda GÜNSOY SUNUŞ MAKALELER Erdal GÜRSUL Spinoza&#8217;da Demokrasi Düşüncesi * Sibel KİBAR Rawls&#8217;un Halkların Yasası&#8217;nda Halklara Layık Görülmeyen Laiklik * Buket KORKUT RAPTİS MacIntyre&#8217;ın Görüşü Doğrultusunda Sekülarizm Tartışmasına Farklı Bir Bakış * Elif NUYAN &amp; Eylem YENİSOY ŞAHİN Çocuklar için Felsefe: Özerk Düşünme, Demokrasi ve Demokratik Yurttaşlık * Ahmet OKUMUŞ Post-Seküler Durum ve Modern Devletin Eleştirisi * Bilge SARIOĞLAN Karl Marx&#8217;ı Politik Teolojinin Faili Olarak Okumak Mümkün mü? * Tayfun TORUN Vestfalya Sonrası Bir Dünyada Ulus-Ötesi Bir Kamusal Alanın İmkanı * Hulusi Ertuğrul UMUDUM Fatih Kanunnamelerinin Teolaik Karakteri Üzerine Bir İnceleme * Özlem ÜNLÜ Hobbes, Schmitt ve Agamben&#8217;de Politik Teoloji Sorunu: Egemen Kimdir? * Eylem YOLSAL-MURTEZA Thomas Paine&#8217;de Toplumsallaşmanın Sekülerleşmesi     </p>

<p>Felsefi Düşün’ün bu sayısı farklı alanlardan ve perspektiflerden araştırmacıları bir araya getirerek sekülarizm, post-sekülarizm ve demokrasi ana teması etrafında oluşmuş disiplinlerarası birikime katkıda bulunmayı ve böylelikle<span class="excerpt-hellip"> […]</span></p>
