{"id":750800,"date":"2025-08-28T04:30:24","date_gmt":"2025-08-28T01:30:24","guid":{"rendered":"https:\/\/roveyayinevi.com.tr\/index.php\/urun\/bir-sosyal-politika-araci-gecmisten-gunumuze-evrensel-temel-gelir\/"},"modified":"2026-04-16T03:04:01","modified_gmt":"2026-04-16T00:04:01","slug":"bir-sosyal-politika-araci-gecmisten-gunumuze-evrensel-temel-gelir","status":"publish","type":"product","link":"https:\/\/roveyayinevi.com.tr\/index.php\/urun\/bir-sosyal-politika-araci-gecmisten-gunumuze-evrensel-temel-gelir\/","title":{"rendered":"Bir Sosyal Politika Arac\u0131 Ge\u00e7mi\u015ften G\u00fcn\u00fcm\u00fcze Evrensel Temel Gelir"},"content":{"rendered":"<p>\u0130\u00e7indekiler            EVRENSEL TEMEL GEL\u0130R 1.      TAR\u0130HSEL PERSPEKT\u0130F 2.      EVRENSEL TEMEL GEL\u0130R\u0130N \u00d6ZELL\u0130KLER\u0130 3.      TEMEL GEL\u0130R P\u0130LOT UYGULAMALARI 4.      TEMEL GEL\u0130R\u0130N F\u0130NANSMANI 5.      EVRENSEL TEMEL GEL\u0130R \u0130LE \u0130L\u0130\u015eK\u0130L\u0130 KONULAR 6. T\u00dcRK\u0130YE\u2019DE EVRENSEL TEMEL GEL\u0130R D\u00dc\u015e\u00dcNCES\u0130<\/p>\n","protected":false},"excerpt":{"rendered":"<p>\u0130\u00e7indekiler EVRENSEL TEMEL GEL\u0130R 1. TAR\u0130HSEL PERSPEKT\u0130F 2. EVRENSEL TEMEL GEL\u0130R\u0130N \u00d6ZELL\u0130KLER\u0130 3. TEMEL GEL\u0130R P\u0130LOT UYGULAMALARI 4. TEMEL GEL\u0130R\u0130N F\u0130NANSMANI 5. EVRENSEL TEMEL GEL\u0130R \u0130LE<span class=\"excerpt-hellip\"> [\u2026]<\/span><\/p>\n","protected":false},"featured_media":0,"template":"","meta":{"_monsterinsights_skip_tracking":false,"_monsterinsights_sitenote_active":false,"_monsterinsights_sitenote_note":"","_monsterinsights_sitenote_category":0},"product_brand":[],"product_cat":[12573,12566],"product_tag":[],"class_list":{"0":"post-750800","1":"product","2":"type-product","3":"status-publish","5":"product_cat-akademik-kitaplar","6":"product_cat-egitim","7":"pa_cilt-ciltsiz","8":"pa_tur-kitap","9":"pa_yayinevi-gazi-kitabevi","10":"pa_yazar-nihan-oksuz-narinc","12":"first","13":"instock","14":"sale","15":"shipping-taxable","16":"purchasable","17":"product-type-simple"},"_links":{"self":[{"href":"https:\/\/roveyayinevi.com.tr\/index.php\/wp-json\/wp\/v2\/product\/750800","targetHints":{"allow":["GET"]}}],"collection":[{"href":"https:\/\/roveyayinevi.com.tr\/index.php\/wp-json\/wp\/v2\/product"}],"about":[{"href":"https:\/\/roveyayinevi.com.tr\/index.php\/wp-json\/wp\/v2\/types\/product"}],"wp:attachment":[{"href":"https:\/\/roveyayinevi.com.tr\/index.php\/wp-json\/wp\/v2\/media?parent=750800"}],"wp:term":[{"taxonomy":"product_brand","embeddable":true,"href":"https:\/\/roveyayinevi.com.tr\/index.php\/wp-json\/wp\/v2\/product_brand?post=750800"},{"taxonomy":"product_cat","embeddable":true,"href":"https:\/\/roveyayinevi.com.tr\/index.php\/wp-json\/wp\/v2\/product_cat?post=750800"},{"taxonomy":"product_tag","embeddable":true,"href":"https:\/\/roveyayinevi.com.tr\/index.php\/wp-json\/wp\/v2\/product_tag?post=750800"}],"curies":[{"name":"wp","href":"https:\/\/api.w.org\/{rel}","templated":true}]}}