{"id":750790,"date":"2025-08-28T04:30:08","date_gmt":"2025-08-28T01:30:08","guid":{"rendered":"https:\/\/roveyayinevi.com.tr\/index.php\/urun\/buz\/"},"modified":"2026-04-16T03:04:00","modified_gmt":"2026-04-16T00:04:00","slug":"buz","status":"publish","type":"product","link":"https:\/\/roveyayinevi.com.tr\/index.php\/urun\/buz\/","title":{"rendered":"Buz"},"content":{"rendered":"<p>KUZEY KUTBU\u2019NA H\u00c2K\u0130M OLMA SAVA\u015eI YEN\u0130 BA\u015eLADI B\u0130R YARDIM \u00c7A\u011eRISI Eski bir \u00f6zel harek\u00e2t g\u00f6revlisi olan Anna Aune, a\u011f\u0131rl\u0131\u011f\u0131 alt\u0131nda ezildi\u011fi ge\u00e7mi\u015finden uzakla\u015fabilmek i\u00e7in ara\u015ft\u0131rmac\u0131 Daniel Zachariassen\u2019in pe\u015fine tak\u0131l\u0131p solu\u011fu Kuzey Kutbu\u2019nda ald\u0131. Tek iste\u011fi bir par\u00e7a huzurdu. Ancak yak\u0131nlardaki \u00c7in Ara\u015ft\u0131rma \u0130stasyonu\u2019ndan y\u00fckselen yard\u0131m \u00e7a\u011fr\u0131s\u0131, onu bir kez daha sars\u0131c\u0131 ge\u00e7mi\u015finin kuca\u011f\u0131na itecekti. B\u0130R K\u00c2BUS Anna ve Zachariassen, patlayan kutup f\u0131rt\u0131nas\u0131n\u0131n ortas\u0131ndaki \u00c7in Ara\u015ft\u0131rma \u0130stasyonu\u2019na vard\u0131\u011f\u0131nda kendilerini ak\u0131l almaz bir katliam\u0131n g\u00f6be\u011finde buldu. Art\u0131k onlar i\u00e7in geri d\u00f6n\u00fc\u015f yoktu. B\u0130R SIR \u0130kili, kendileri de kurban olmadan \u00f6nce katliam\u0131n sorumlular\u0131n\u0131 bulmak ve Kuzey Kutbu\u2019nun ac\u0131mas\u0131z so\u011fu\u011funda bir \u00f6l\u00fcm kal\u0131m sava\u015f\u0131 vermek zorundayd\u0131. Ancak katliam\u0131n ard\u0131ndaki s\u0131r, t\u00fcm d\u00fcnyay\u0131 sarsacak kadar derine uzan\u0131yordu!   ***   The Wave, The Quake ve The Secret of the Vikings filmlerinin ba\u015far\u0131l\u0131 senaristi John K\u00e5re Raake, ilk roman\u0131 Buz ile temposu d\u00fc\u015fmeyen klostrofobik bir gerilim hik\u00e2yesine imza at\u0131yor.   \u201cUstal\u0131kla kaleme al\u0131nm\u0131\u015f m\u00fckemmel bir gerilim roman\u0131.\u201d SINDRE HOVDENAKK VG <\/p>\n","protected":false},"excerpt":{"rendered":"<p>KUZEY KUTBU\u2019NA H\u00c2K\u0130M OLMA SAVA\u015eI YEN\u0130 BA\u015eLADI B\u0130R YARDIM \u00c7A\u011eRISI Eski bir \u00f6zel harek\u00e2t g\u00f6revlisi olan Anna Aune, a\u011f\u0131rl\u0131\u011f\u0131 alt\u0131nda ezildi\u011fi ge\u00e7mi\u015finden uzakla\u015fabilmek i\u00e7in ara\u015ft\u0131rmac\u0131 Daniel<span class=\"excerpt-hellip\"> [\u2026]<\/span><\/p>\n","protected":false},"featured_media":0,"template":"","meta":{"_monsterinsights_skip_tracking":false,"_monsterinsights_sitenote_active":false,"_monsterinsights_sitenote_note":"","_monsterinsights_sitenote_category":0},"product_brand":[],"product_cat":[12291,17033],"product_tag":[],"class_list":{"0":"post-750790","1":"product","2":"type-product","3":"status-publish","5":"product_cat-edebiyat","6":"product_cat-korku-gerilim","7":"pa_cilt-ciltsiz","8":"pa_tur-kitap","9":"pa_yayinevi-eksik-parca-yayinlari","10":"pa_yazar-john-kare-raake","12":"first","13":"instock","14":"sale","15":"shipping-taxable","16":"purchasable","17":"product-type-simple"},"_links":{"self":[{"href":"https:\/\/roveyayinevi.com.tr\/index.php\/wp-json\/wp\/v2\/product\/750790","targetHints":{"allow":["GET"]}}],"collection":[{"href":"https:\/\/roveyayinevi.com.tr\/index.php\/wp-json\/wp\/v2\/product"}],"about":[{"href":"https:\/\/roveyayinevi.com.tr\/index.php\/wp-json\/wp\/v2\/types\/product"}],"wp:attachment":[{"href":"https:\/\/roveyayinevi.com.tr\/index.php\/wp-json\/wp\/v2\/media?parent=750790"}],"wp:term":[{"taxonomy":"product_brand","embeddable":true,"href":"https:\/\/roveyayinevi.com.tr\/index.php\/wp-json\/wp\/v2\/product_brand?post=750790"},{"taxonomy":"product_cat","embeddable":true,"href":"https:\/\/roveyayinevi.com.tr\/index.php\/wp-json\/wp\/v2\/product_cat?post=750790"},{"taxonomy":"product_tag","embeddable":true,"href":"https:\/\/roveyayinevi.com.tr\/index.php\/wp-json\/wp\/v2\/product_tag?post=750790"}],"curies":[{"name":"wp","href":"https:\/\/api.w.org\/{rel}","templated":true}]}}