{"id":750784,"date":"2025-08-28T04:29:58","date_gmt":"2025-08-28T01:29:58","guid":{"rendered":"https:\/\/roveyayinevi.com.tr\/index.php\/urun\/insan-olmak-zor-zanaat\/"},"modified":"2026-04-16T03:04:00","modified_gmt":"2026-04-16T00:04:00","slug":"insan-olmak-zor-zanaat","status":"publish","type":"product","link":"https:\/\/roveyayinevi.com.tr\/index.php\/urun\/insan-olmak-zor-zanaat\/","title":{"rendered":"\u0130nsan Olmak Zor Zanaat"},"content":{"rendered":"<p>Sanat\u00e7\u0131 Maurice Ravel\u2019in en tan\u0131nm\u0131\u015f eseri \u201cBolero\u201ddur. Bir kad\u0131n\u0131n, eseri hakk\u0131nda \u201cDelice\u2026\u201d diye yorumda bulunmas\u0131n\u0131n ard\u0131ndan Ravel\u2019in \u201c\u0130\u015fte eserimi anlayan biri!\u201d dedi\u011fi kadar vard\u0131r. Ger\u00e7ekten de delice bir kon\u00e7ertodur Ravel\u2019in Bolero\u2019su\u2026 Eserde ayn\u0131 melodi 24 kez hi\u00e7 de\u011fi\u015fmeden farkl\u0131 enstr\u00fcmanlar\u0131n kat\u0131l\u0131m\u0131 ile tekrarlan\u0131r. Eserin sonunda 24 enstr\u00fcman\u0131n kat\u0131l\u0131m\u0131 ile t\u00fcm orkestra ayn\u0131 melodiyi \u00e7alar. Eser k\u00fckrer adeta ve muhte\u015fem bir final ile noktalan\u0131r. Baz\u0131lar\u0131 i\u00e7in ise monotondur.   Bizi insan yapan farkl\u0131 enstr\u00fcmanlar\u0131m\u0131z, ruhsal organlar\u0131m\u0131z vard\u0131r. Bunlardan biri, do\u011fumla birlikte mevcut olan duygular\u0131m\u0131z\u0131, i\u00e7g\u00fcd\u00fclerimizi, d\u00fcrt\u00fclerimizi i\u00e7eren varolu\u015fumuzu temsil eden \u201cid\u201d alt benliktir. Di\u011feri daha sonradan olu\u015fan, geli\u015fen, yap\u0131la\u015fan, ki\u015fili\u011fimiz, benli\u011fimiz, yani \u201cego\u201dmuzdur. Bir di\u011feri de vicdan\u0131m\u0131z, yani \u201cs\u00fcperego\u201dmuzdur. Bu \u00fc\u00e7 ruhsal enstr\u00fcman\u0131n ortak sesidir insan olmak. Enstr\u00fcmanlar farkl\u0131d\u0131r ama \u00e7\u0131kan ses ayn\u0131 insandan \u00e7\u0131kmaktad\u0131r.   Varolu\u015funun i\u00e7indeki k\u0131p\u0131rt\u0131s\u0131n\u0131 \u00f6nemseyen, yeniliklere a\u00e7\u0131k, benli\u011fini, akl\u0131n\u0131, bilimi kullanan ve vicdan\u0131n\u0131n sesine kulak veren, benimseyen insan, d\u00fcnyan\u0131n zengin mozai\u011fi i\u00e7inde kendisi ve evren ile \u00e7at\u0131\u015fmadan, huzur i\u00e7inde ve aynen \u201cBolero\u201dnun ak\u0131\u015f\u0131 ve finali gibi s\u00fcrd\u00fcr\u00fcr ya\u015fam\u0131n\u0131.   Her \u015fey insan\u0131n kendinde ba\u015flar, kendinde biter\u2026 <\/p>\n","protected":false},"excerpt":{"rendered":"<p>Sanat\u00e7\u0131 Maurice Ravel\u2019in en tan\u0131nm\u0131\u015f eseri \u201cBolero\u201ddur. Bir kad\u0131n\u0131n, eseri hakk\u0131nda \u201cDelice\u2026\u201d diye yorumda bulunmas\u0131n\u0131n ard\u0131ndan Ravel\u2019in \u201c\u0130\u015fte eserimi anlayan biri!\u201d dedi\u011fi kadar vard\u0131r. Ger\u00e7ekten de<span class=\"excerpt-hellip\"> [\u2026]<\/span><\/p>\n","protected":false},"featured_media":0,"template":"","meta":{"_monsterinsights_skip_tracking":false,"_monsterinsights_sitenote_active":false,"_monsterinsights_sitenote_note":"","_monsterinsights_sitenote_category":0},"product_brand":[],"product_cat":[12755,12357],"product_tag":[],"class_list":{"0":"post-750784","1":"product","2":"type-product","3":"status-publish","5":"product_cat-gelisim-psikolojisi","6":"product_cat-psikoloji","7":"pa_cilt-ciltsiz","8":"pa_tur-kitap","9":"pa_yayinevi-pusula-yayinevi-ankara","10":"pa_yazar-unsal-soylemezoglu","12":"first","13":"instock","14":"sale","15":"shipping-taxable","16":"purchasable","17":"product-type-simple"},"_links":{"self":[{"href":"https:\/\/roveyayinevi.com.tr\/index.php\/wp-json\/wp\/v2\/product\/750784","targetHints":{"allow":["GET"]}}],"collection":[{"href":"https:\/\/roveyayinevi.com.tr\/index.php\/wp-json\/wp\/v2\/product"}],"about":[{"href":"https:\/\/roveyayinevi.com.tr\/index.php\/wp-json\/wp\/v2\/types\/product"}],"wp:attachment":[{"href":"https:\/\/roveyayinevi.com.tr\/index.php\/wp-json\/wp\/v2\/media?parent=750784"}],"wp:term":[{"taxonomy":"product_brand","embeddable":true,"href":"https:\/\/roveyayinevi.com.tr\/index.php\/wp-json\/wp\/v2\/product_brand?post=750784"},{"taxonomy":"product_cat","embeddable":true,"href":"https:\/\/roveyayinevi.com.tr\/index.php\/wp-json\/wp\/v2\/product_cat?post=750784"},{"taxonomy":"product_tag","embeddable":true,"href":"https:\/\/roveyayinevi.com.tr\/index.php\/wp-json\/wp\/v2\/product_tag?post=750784"}],"curies":[{"name":"wp","href":"https:\/\/api.w.org\/{rel}","templated":true}]}}