{"id":750779,"date":"2025-08-28T04:29:51","date_gmt":"2025-08-28T01:29:51","guid":{"rendered":"https:\/\/roveyayinevi.com.tr\/index.php\/urun\/alanya\/"},"modified":"2026-04-16T03:04:00","modified_gmt":"2026-04-16T00:04:00","slug":"alanya","status":"publish","type":"product","link":"https:\/\/roveyayinevi.com.tr\/index.php\/urun\/alanya\/","title":{"rendered":"Alanya"},"content":{"rendered":"<p>Alanya, tarihsel s\u00fcre\u00e7 boyunca stratejik konumunun yan\u0131 s\u0131ra k\u00fclt\u00fcrel ve do\u011fal g\u00fczellikleri nedeniyle de bir\u00e7ok medeniyetin ilgisini \u00e7ekmi\u015ftir. En parlak d\u00f6nemini Anadolu Sel\u00e7uklu Devleti zaman\u0131nda yakalayan Alanya, sahip oldu\u011fu istisnai k\u00fclt\u00fcrel de\u011ferler nedeniyle 2000 y\u0131l\u0131nda UNESCO D\u00fcnya Miras Ge\u00e7ici Listesi\u2019ne k\u00fclt\u00fcrel miras alan\u0131ndan dahil edilmi\u015ftir. Me\u015fhur T\u00fcrk tarih\u00e7isi \u0130brahim Hakk\u0131 Konyal\u0131, Alanya Tarihi adl\u0131 eserinde bu kadim kenti \u015f\u00f6yle anlat\u0131yor: \u201c&#8230; Alanya ormanlar\u0131 ile muz, portakal, limon, mandalin bah\u00e7eleriyle, \u0131l\u0131k g\u00fcne\u015fiyle, plajlar\u0131, tarih ve tarihi eserleriyle e\u015fsiz bir yurt par\u00e7as\u0131d\u0131r. Tanr\u0131 burada her \u015feyin varl\u0131\u011f\u0131na cazip bir bukalemun tabiat\u0131 kar\u0131\u015ft\u0131rm\u0131\u015f. Her \u015fey mevsimine, g\u00fcn\u00fcne hatta saatine g\u00f6re insan\u0131 b\u00fcy\u00fcleyen bir renk ta\u015f\u0131r.\u201d Yeti\u015ftirilen \u00fcr\u00fcnlere avokado, mango, papaya, passiflora ve ejder meyvesi gibi yeni de\u011ferli tropikaller eklendi. Bu gibi \u00fcr\u00fcnler d\u00fcnyan\u0131n d\u00f6rt bir taraf\u0131na ihra\u00e7 ediliyor. Turizm geli\u015fti, d\u00fcnyadan ve \u00fclkemizden bir\u00e7ok insan bu cennet y\u00f6reyle tan\u0131\u015ft\u0131. D\u00fcnya \u00e7ap\u0131nda organizasyonlara ev sahipli\u011fi yapan Alanya ayn\u0131 zamanda \u00e7e\u015fitli bran\u015flardaki tak\u0131mlar\u0131 ile sporda da ad\u0131n\u0131 \u00fclke s\u0131n\u0131rlar\u0131 d\u0131\u015f\u0131na ta\u015f\u0131d\u0131. D\u00fcnyan\u0131n 120 farkl\u0131 \u00fclkesinden, \u00e7e\u015fitli milletlerden ve dinlerden yakla\u015f\u0131k 50 bin yabanc\u0131 b\u00f6lgeye yerle\u015fti. Yerle\u015fik yabanc\u0131lar (Alanya tabiriyle Yeni Alanyal\u0131lar), Alanya\u2019yla kayna\u015ft\u0131 ve \u015fehre art\u0131 zenginlik katt\u0131. Ancak, Alanya\u2019n\u0131n d\u00fcnya turizminde daha da iyi bir yerde olmas\u0131, hak etti\u011fi pay\u0131 almas\u0131 ve daha g\u00fc\u00e7l\u00fc bir marka haline gelmesi i\u00e7in yeni hamleler gerekiyor. \u00d6zellikle Alanya\u2019n\u0131n kadim tarihi ve k\u00fclt\u00fcrel zenginli\u011finin daha iyi anlat\u0131lmas\u0131 gerekiyor. Elinizdeki eser b\u00f6yle bir bo\u015flu\u011fu doldurma amac\u0131n\u0131 g\u00fcd\u00fcyor ve Alanya\u2019n\u0131n sahip oldu\u011fu tarihi ve k\u00fclt\u00fcrel de\u011ferlerini akademik bir \u015fekilde g\u00f6zler \u00f6n\u00fcne seriyor. <\/p>\n","protected":false},"excerpt":{"rendered":"<p>Alanya, tarihsel s\u00fcre\u00e7 boyunca stratejik konumunun yan\u0131 s\u0131ra k\u00fclt\u00fcrel ve do\u011fal g\u00fczellikleri nedeniyle de bir\u00e7ok medeniyetin ilgisini \u00e7ekmi\u015ftir. En parlak d\u00f6nemini Anadolu Sel\u00e7uklu Devleti zaman\u0131nda yakalayan<span class=\"excerpt-hellip\"> [\u2026]<\/span><\/p>\n","protected":false},"featured_media":0,"template":"","meta":{"_monsterinsights_skip_tracking":false,"_monsterinsights_sitenote_active":false,"_monsterinsights_sitenote_note":"","_monsterinsights_sitenote_category":0},"product_brand":[],"product_cat":[12304],"product_tag":[],"class_list":{"0":"post-750779","1":"product","2":"type-product","3":"status-publish","5":"product_cat-tarih","6":"pa_cilt-ciltsiz","7":"pa_tur-kitap","8":"pa_yayinevi-vakifbank-kultur-yayinlari","9":"pa_yazar-kolektif","11":"first","12":"instock","13":"sale","14":"shipping-taxable","15":"purchasable","16":"product-type-simple"},"_links":{"self":[{"href":"https:\/\/roveyayinevi.com.tr\/index.php\/wp-json\/wp\/v2\/product\/750779","targetHints":{"allow":["GET"]}}],"collection":[{"href":"https:\/\/roveyayinevi.com.tr\/index.php\/wp-json\/wp\/v2\/product"}],"about":[{"href":"https:\/\/roveyayinevi.com.tr\/index.php\/wp-json\/wp\/v2\/types\/product"}],"wp:attachment":[{"href":"https:\/\/roveyayinevi.com.tr\/index.php\/wp-json\/wp\/v2\/media?parent=750779"}],"wp:term":[{"taxonomy":"product_brand","embeddable":true,"href":"https:\/\/roveyayinevi.com.tr\/index.php\/wp-json\/wp\/v2\/product_brand?post=750779"},{"taxonomy":"product_cat","embeddable":true,"href":"https:\/\/roveyayinevi.com.tr\/index.php\/wp-json\/wp\/v2\/product_cat?post=750779"},{"taxonomy":"product_tag","embeddable":true,"href":"https:\/\/roveyayinevi.com.tr\/index.php\/wp-json\/wp\/v2\/product_tag?post=750779"}],"curies":[{"name":"wp","href":"https:\/\/api.w.org\/{rel}","templated":true}]}}