{"id":750765,"date":"2025-08-28T04:29:33","date_gmt":"2025-08-28T01:29:33","guid":{"rendered":"https:\/\/roveyayinevi.com.tr\/index.php\/urun\/ozun-seni-uyandirsin\/"},"modified":"2026-04-16T03:04:00","modified_gmt":"2026-04-16T00:04:00","slug":"ozun-seni-uyandirsin","status":"publish","type":"product","link":"https:\/\/roveyayinevi.com.tr\/index.php\/urun\/ozun-seni-uyandirsin\/","title":{"rendered":"\u00d6z\u00fcn Seni Uyand\u0131rs\u0131n"},"content":{"rendered":"<p>Gitmek istedi\u011finiz y\u00f6ne do\u011fru fark\u0131ndal\u0131kla y\u00fcr\u00fcy\u00fcn, g\u00f6receksiniz ki t\u00fcm d\u00fcnya \u00f6n\u00fcn\u00fczden\u00e7ekilecek! Hepimiz mutlulu\u011fu arar\u0131z ama mutluluk bizim do\u011fam\u0131zdad\u0131r. \u00dcstad Ramana Maharsi\u2019nin dedi\u011fi gibi, \u201cMutlulu\u011fu aramak yanl\u0131\u015f de\u011fildir, yanl\u0131\u015f olan i\u00e7eride olan\u0131 d\u0131\u015far\u0131da aramakt\u0131r.\u201d Ula\u015f\u0131lacak as\u0131l mutluluk kendi ger\u00e7ekli\u011fimize dokunmakt\u0131r. Ger\u00e7ekli\u011fine kavu\u015fmu\u015f bir benlik, ya\u015fam\u0131n sonsuz bilgeli\u011finin ba\u015flad\u0131\u011f\u0131 yerdir. Yoga E\u011fitmeni ve yazar \u015eila Servet Y\u0131ld\u0131z, sizleri \u00f6z\u00fcn\u00fcze do\u011fru bir yolculu\u011fa \u00e7\u0131kar\u0131yor. Sofroloji  metodu, meditasyon ve parmak yogas\u0131 uygulamalar\u0131yla s\u0131n\u0131rlar\u0131 a\u015fmak, g\u00fcc\u00fc ve iradeyi geli\u015ftirmek, ba\u011f\u0131ml\u0131l\u0131klardan kurtulmak, dengelenmek ve ya\u015fama \u015fefkati yayabilmenin yollar\u0131n\u0131 g\u00f6steriyor. Zenginle\u015ftirici ve derinlikli rehberli\u011fiyle beden, zihin ve ruhunuzu besleyecek bu kitap kendi ger\u00e7ekli\u011finize ula\u015fmak i\u00e7in size sad\u0131k bir yol arkada\u015f\u0131 olacak.<\/p>\n","protected":false},"excerpt":{"rendered":"<p>Gitmek istedi\u011finiz y\u00f6ne do\u011fru fark\u0131ndal\u0131kla y\u00fcr\u00fcy\u00fcn, g\u00f6receksiniz ki t\u00fcm d\u00fcnya \u00f6n\u00fcn\u00fczden\u00e7ekilecek! Hepimiz mutlulu\u011fu arar\u0131z ama mutluluk bizim do\u011fam\u0131zdad\u0131r. \u00dcstad Ramana Maharsi\u2019nin dedi\u011fi gibi, \u201cMutlulu\u011fu aramak yanl\u0131\u015f<span class=\"excerpt-hellip\"> [\u2026]<\/span><\/p>\n","protected":false},"featured_media":0,"template":"","meta":{"_monsterinsights_skip_tracking":false,"_monsterinsights_sitenote_active":false,"_monsterinsights_sitenote_note":"","_monsterinsights_sitenote_category":0},"product_brand":[],"product_cat":[12364,12376],"product_tag":[],"class_list":{"0":"post-750765","1":"product","2":"type-product","3":"status-publish","5":"product_cat-genel-konular","6":"product_cat-kisisel-gelisim","7":"pa_cilt-ciltsiz","8":"pa_tur-kitap","9":"pa_yayinevi-serenad-yayinevi","10":"pa_yazar-sila-servet-yildiz","12":"first","13":"instock","14":"sale","15":"shipping-taxable","16":"purchasable","17":"product-type-simple"},"_links":{"self":[{"href":"https:\/\/roveyayinevi.com.tr\/index.php\/wp-json\/wp\/v2\/product\/750765","targetHints":{"allow":["GET"]}}],"collection":[{"href":"https:\/\/roveyayinevi.com.tr\/index.php\/wp-json\/wp\/v2\/product"}],"about":[{"href":"https:\/\/roveyayinevi.com.tr\/index.php\/wp-json\/wp\/v2\/types\/product"}],"wp:attachment":[{"href":"https:\/\/roveyayinevi.com.tr\/index.php\/wp-json\/wp\/v2\/media?parent=750765"}],"wp:term":[{"taxonomy":"product_brand","embeddable":true,"href":"https:\/\/roveyayinevi.com.tr\/index.php\/wp-json\/wp\/v2\/product_brand?post=750765"},{"taxonomy":"product_cat","embeddable":true,"href":"https:\/\/roveyayinevi.com.tr\/index.php\/wp-json\/wp\/v2\/product_cat?post=750765"},{"taxonomy":"product_tag","embeddable":true,"href":"https:\/\/roveyayinevi.com.tr\/index.php\/wp-json\/wp\/v2\/product_tag?post=750765"}],"curies":[{"name":"wp","href":"https:\/\/api.w.org\/{rel}","templated":true}]}}