{"id":750764,"date":"2025-08-28T04:29:31","date_gmt":"2025-08-28T01:29:31","guid":{"rendered":"https:\/\/roveyayinevi.com.tr\/index.php\/urun\/ittifak-gunlukleri-akaretler-istilasi\/"},"modified":"2026-04-16T03:04:00","modified_gmt":"2026-04-16T00:04:00","slug":"ittifak-gunlukleri-akaretler-istilasi","status":"publish","type":"product","link":"https:\/\/roveyayinevi.com.tr\/index.php\/urun\/ittifak-gunlukleri-akaretler-istilasi\/","title":{"rendered":"\u0130ttifak G\u00fcnl\u00fckleri: Akaretler \u0130stilas\u0131"},"content":{"rendered":"<p>Dev uzay gemisi Be\u015fikta\u015f\u2019\u0131n g\u00f6ky\u00fcz\u00fcnde hareketsiz durmaya ba\u015flayal\u0131 \u00e7ok uzun s\u00fcre olmu\u015ftu. Bo\u011faz\u2019\u0131n mavi sular\u0131n\u0131n \u00fczerindeki uzay gemisinin denize vuran karart\u0131s\u0131 \u00e2deta bir kara deli\u011fi and\u0131r\u0131yordu. Gemi, Akaretler Yoku\u015fu\u2019nun \u00fczerinde g\u00f6ky\u00fcz\u00fcn\u00fc kaplayan, karaya vurmu\u015f kocaman bir balina gibiydi. K\u0131\u00e7 taraf\u0131 Deniz M\u00fczesi \u00fczerinden Bo\u011faz\u2019\u0131n yar\u0131s\u0131na kadar, burnu ise Akaretler\u2019in tamam\u0131n\u0131 kaplayacak \u015fekilde uzan\u0131yordu. Geldi\u011fi g\u00fcnden beri hareketsiz durmaktayd\u0131. Mevsim ne olursa olsun, uzaydan gelen bu geminin alt\u0131nda kalan \u0130stanbul\u2019un en hareketli b\u00f6lgesi geceyi ya\u015famaktayd\u0131. Ne ya\u011fmur ne kar ne g\u00fcne\u015f, sadece karanl\u0131k\u2026 Ve geminin so\u011fuk g\u00f6lgesi alt\u0131nda bir ya\u015fam h\u00fck\u00fcm s\u00fcrmekteydi.<\/p>\n","protected":false},"excerpt":{"rendered":"<p>Dev uzay gemisi Be\u015fikta\u015f\u2019\u0131n g\u00f6ky\u00fcz\u00fcnde hareketsiz durmaya ba\u015flayal\u0131 \u00e7ok uzun s\u00fcre olmu\u015ftu. Bo\u011faz\u2019\u0131n mavi sular\u0131n\u0131n \u00fczerindeki uzay gemisinin denize vuran karart\u0131s\u0131 \u00e2deta bir kara deli\u011fi and\u0131r\u0131yordu.<span class=\"excerpt-hellip\"> [\u2026]<\/span><\/p>\n","protected":false},"featured_media":0,"template":"","meta":{"_monsterinsights_skip_tracking":false,"_monsterinsights_sitenote_active":false,"_monsterinsights_sitenote_note":"","_monsterinsights_sitenote_category":0},"product_brand":[],"product_cat":[12291,12711],"product_tag":[],"class_list":{"0":"post-750764","1":"product","2":"type-product","3":"status-publish","5":"product_cat-edebiyat","6":"product_cat-roman-oyku","7":"pa_cilt-ciltsiz","8":"pa_tur-kitap","9":"pa_yayinevi-luna-yayinlari","10":"pa_yazar-can-eryurek","12":"first","13":"instock","14":"sale","15":"shipping-taxable","16":"purchasable","17":"product-type-simple"},"_links":{"self":[{"href":"https:\/\/roveyayinevi.com.tr\/index.php\/wp-json\/wp\/v2\/product\/750764","targetHints":{"allow":["GET"]}}],"collection":[{"href":"https:\/\/roveyayinevi.com.tr\/index.php\/wp-json\/wp\/v2\/product"}],"about":[{"href":"https:\/\/roveyayinevi.com.tr\/index.php\/wp-json\/wp\/v2\/types\/product"}],"wp:attachment":[{"href":"https:\/\/roveyayinevi.com.tr\/index.php\/wp-json\/wp\/v2\/media?parent=750764"}],"wp:term":[{"taxonomy":"product_brand","embeddable":true,"href":"https:\/\/roveyayinevi.com.tr\/index.php\/wp-json\/wp\/v2\/product_brand?post=750764"},{"taxonomy":"product_cat","embeddable":true,"href":"https:\/\/roveyayinevi.com.tr\/index.php\/wp-json\/wp\/v2\/product_cat?post=750764"},{"taxonomy":"product_tag","embeddable":true,"href":"https:\/\/roveyayinevi.com.tr\/index.php\/wp-json\/wp\/v2\/product_tag?post=750764"}],"curies":[{"name":"wp","href":"https:\/\/api.w.org\/{rel}","templated":true}]}}