{"id":750756,"date":"2025-08-28T04:29:20","date_gmt":"2025-08-28T01:29:20","guid":{"rendered":"https:\/\/roveyayinevi.com.tr\/index.php\/urun\/anda-kalarak-olmak-uzere-yasamak\/"},"modified":"2026-04-16T03:03:59","modified_gmt":"2026-04-16T00:03:59","slug":"anda-kalarak-olmak-uzere-yasamak","status":"publish","type":"product","link":"https:\/\/roveyayinevi.com.tr\/index.php\/urun\/anda-kalarak-olmak-uzere-yasamak\/","title":{"rendered":"Anda Kalarak Olmak \u00dczere Ya\u015famak"},"content":{"rendered":"<p>Anda kalarak ba\u015far\u0131 ve mutlulu\u011fa ula\u015fman\u0131n yollar\u0131&#8230; Hayat\u0131m\u0131z\u0131 yapmak eylemi \u00fczerine kurgulad\u0131\u011f\u0131m\u0131zda, zaman\u0131n \u00fczerine bir t\u00fcr \u201cyap\u0131lacaklar listesi\u201d yap\u0131\u015ft\u0131r\u0131r\u0131z. Her \u015feyimiz o listeyle ba\u011fl\u0131 hale gelir: Ancak b\u00fct\u00fcn bunlar\u0131 yap\u0131nca rahata erece\u011fim; ancak b\u00fct\u00fcn bunlar\u0131 ba\u015fard\u0131ktan sonra huzura kavu\u015faca\u011f\u0131m; ancak \u015funlar\u0131 \u015funlar\u0131 yapt\u0131ktan sonra g\u00fcn y\u00fcz\u00fc g\u00f6rece\u011fim\u2026 B\u00f6ylece, yap\u0131lacaklar\u0131n ard\u0131 arkas\u0131 kesilmedi\u011fi gibi, her birini yapt\u0131ktan sonra kavu\u015faca\u011f\u0131m\u0131za inand\u0131\u011f\u0131m\u0131z o huzur, bekledi\u011fimiz o mutluluk da bir t\u00fcrl\u00fc gelmez. Belli belirsiz bir g\u00f6z k\u0131rpt\u0131ktan sonra h\u0131zla kaybolur ve biz de listedeki di\u011fer yap\u0131lacaklarla ba\u015fba\u015fa kal\u0131r\u0131z. \u00d6mr\u00fcm\u00fcz boyunca yap\u0131p ettiklerimize y\u00fckledi\u011fimiz vaatler, bizi uzaklarda de\u011fil, \u201cAn\u201d\u0131n i\u00e7inde bekliyor. E\u011fer \u201cAn\u201dda kalabiliyorsak, yani \u201colmak \u00fczere ya\u015fayabiliyorsak\u201d mutluluk ve huzura ula\u015fmak m\u00fcmk\u00fcn. Daha \u00f6nceki kitaplar\u0131nda \u201cAnda Kalmak\u201d kavram\u0131n\u0131n gidilememi\u015f derinliklerine yarat\u0131c\u0131 bir cesaretle a\u00e7\u0131lan Rana Beri, bu kez hayat\u0131n iki temel eylemi olan \u201cyapmak\u201d ve \u201colmak\u201dtan yola \u00e7\u0131k\u0131yor. Yapmak \u00fczere ya\u015fayan insandan olmak \u00fczere ya\u015fayan insana evrilmenin s\u0131rr\u0131n\u0131n anda kalmakta sakl\u0131 oldu\u011funu anlat\u0131yor. Okuru de\u011ferler, an temizli\u011fi, erteleme, beklenti, neyi ni\u00e7in yapt\u0131\u011f\u0131n\u0131 bilip bilmeme, karar verme gibi kavramlar \u00fczerinden anda kalmaya davet ederken, olmak \u00fczere ya\u015faman\u0131n neredeyse hayatta olmakla, hatta hayatta kalmakla ayn\u0131 anlama geldi\u011fini g\u00f6steriyor.<\/p>\n","protected":false},"excerpt":{"rendered":"<p>Anda kalarak ba\u015far\u0131 ve mutlulu\u011fa ula\u015fman\u0131n yollar\u0131&#8230; Hayat\u0131m\u0131z\u0131 yapmak eylemi \u00fczerine kurgulad\u0131\u011f\u0131m\u0131zda, zaman\u0131n \u00fczerine bir t\u00fcr \u201cyap\u0131lacaklar listesi\u201d yap\u0131\u015ft\u0131r\u0131r\u0131z. Her \u015feyimiz o listeyle ba\u011fl\u0131 hale gelir:<span class=\"excerpt-hellip\"> [\u2026]<\/span><\/p>\n","protected":false},"featured_media":0,"template":"","meta":{"_monsterinsights_skip_tracking":false,"_monsterinsights_sitenote_active":false,"_monsterinsights_sitenote_note":"","_monsterinsights_sitenote_category":0},"product_brand":[],"product_cat":[12364,12376],"product_tag":[],"class_list":{"0":"post-750756","1":"product","2":"type-product","3":"status-publish","5":"product_cat-genel-konular","6":"product_cat-kisisel-gelisim","7":"pa_cilt-ciltsiz","8":"pa_tur-kitap","9":"pa_yayinevi-remzi-kitabevi","10":"pa_yazar-rana-beri","12":"first","13":"instock","14":"sale","15":"shipping-taxable","16":"purchasable","17":"product-type-simple"},"_links":{"self":[{"href":"https:\/\/roveyayinevi.com.tr\/index.php\/wp-json\/wp\/v2\/product\/750756","targetHints":{"allow":["GET"]}}],"collection":[{"href":"https:\/\/roveyayinevi.com.tr\/index.php\/wp-json\/wp\/v2\/product"}],"about":[{"href":"https:\/\/roveyayinevi.com.tr\/index.php\/wp-json\/wp\/v2\/types\/product"}],"wp:attachment":[{"href":"https:\/\/roveyayinevi.com.tr\/index.php\/wp-json\/wp\/v2\/media?parent=750756"}],"wp:term":[{"taxonomy":"product_brand","embeddable":true,"href":"https:\/\/roveyayinevi.com.tr\/index.php\/wp-json\/wp\/v2\/product_brand?post=750756"},{"taxonomy":"product_cat","embeddable":true,"href":"https:\/\/roveyayinevi.com.tr\/index.php\/wp-json\/wp\/v2\/product_cat?post=750756"},{"taxonomy":"product_tag","embeddable":true,"href":"https:\/\/roveyayinevi.com.tr\/index.php\/wp-json\/wp\/v2\/product_tag?post=750756"}],"curies":[{"name":"wp","href":"https:\/\/api.w.org\/{rel}","templated":true}]}}