{"id":750732,"date":"2025-08-28T04:28:47","date_gmt":"2025-08-28T01:28:47","guid":{"rendered":"https:\/\/roveyayinevi.com.tr\/index.php\/urun\/dokundun-sen-bana\/"},"modified":"2026-04-16T03:03:59","modified_gmt":"2026-04-16T00:03:59","slug":"dokundun-sen-bana","status":"publish","type":"product","link":"https:\/\/roveyayinevi.com.tr\/index.php\/urun\/dokundun-sen-bana\/","title":{"rendered":"Dokundun Sen Bana"},"content":{"rendered":"<p>D.H. Lawrence\u2019\u0131n akl\u0131ndaki \u00e7are, kad\u0131n-erkek ili\u015fkileri \u00e7er\u00e7evesinde evlilik ve cinsellik konular\u0131n\u0131 cesaretle ele alarak \u0130ngiliz halk\u0131n\u0131 etkileyip de\u011fi\u015ftirmeye \u00e7al\u0131\u015fmakt\u0131r. \u00c7\u00fcnk\u00fc ona g\u00f6re asl\u0131nda t\u00fcm Bat\u0131 uygarl\u0131\u011f\u0131 insanlar\u0131n i\u00e7g\u00fcd\u00fclerini, bilin\u00e7alt\u0131 e\u011filim ve arzular\u0131 bast\u0131r\u0131p k\u00f6reltmi\u015f, onlar\u0131 \u201cyar\u0131 \u00f6l\u00fc\u201d haline getirmi\u015ftir. Lawrence bunu, end\u00fcstri devriminin kitleleri do\u011fadan ve \u00f6z benliklerinden uzakla\u015ft\u0131rarak s\u0131rf akla ve maddecili\u011fe dayanan bir hayat ya\u015famaya zorlam\u0131\u015f olmas\u0131na ba\u011flar. B\u00f6yle bir hayat tarz\u0131 \u00f6l\u00fcmc\u00fcl bir hastal\u0131kt\u0131r ve tek kurtulu\u015f yolu, Ak\u015fit G\u00f6kt\u00fcrk\u2019\u00fcn Anka Ku\u015fu\u2019na yazd\u0131\u011f\u0131 \u00d6ns\u00f6z\u2019de belirtti\u011fi gibi \u201cRuh, kafa, g\u00f6vde ayr\u0131m\u0131 g\u00f6zetmeksizin, insan ya\u015fam\u0131n\u0131n her y\u00f6n\u00fcne gereken \u00f6nemi\u201d tan\u0131yan bir hayat tarz\u0131n\u0131n benimsenmesidir.   Lawrence sanat hayat\u0131nda bu inanc\u0131n\u0131 de\u011fi\u015fik bi\u00e7imlerde ele ald\u0131\u011f\u0131 on iki roman ile yetmi\u015fi a\u015fk\u0131n \u00f6yk\u00fc yazd\u0131. Dokundun Sen Bana\u2019da, Henry James ve Faulkner\u2019\u0131n pek \u00e7ok eseri ile George Eliot\u2019\u0131n Middlemarch\u2019\u0131n\u0131n \u00e7evirmeni ve Henry James ve Roman Sanat\u0131\u2019n\u0131n yazar\u0131 \u00dcnal Ayt\u00fcr, bu \u00f6yk\u00fclerin duygu b\u00fct\u00fcnl\u00fc\u011f\u00fc ta\u015f\u0131yan on d\u00f6rd\u00fcn\u00fc bir araya getirdi.   \u00c7a\u011f\u0131n\u0131n \u00f6tesinde cesarete sahip bir yazardan on d\u00f6rt \u201cdokunan\u201d \u00f6yk\u00fc\u2026   \u201cKimilerine, \u00f6rne\u011fin David Daiches\u2019e g\u00f6re, romanlar\u0131ndan da daha de\u011ferlidir \u00f6yk\u00fcleri. Lawrence \u00f6yk\u00fclerini \u00e7ok be\u011fenen F. R. Leavis, ele\u015ftirmenleri bunlar\u0131 yeterince \u00f6nemsememekle su\u00e7lar.\u201d \u2013M\u00eena Urgan, D. H. Lawrence   \u201c\u0130\u00e7imde, g\u00fcn\u00fcm\u00fcz ihtiyac\u0131n\u0131 \u2013\u0130ngiliz halk\u0131n\u0131n ger\u00e7ek ve derin ihtiyac\u0131n\u0131\u2013 kar\u015f\u0131layacak bir t\u00fcr \u00e7are oldu\u011funu san\u0131yorum.\u201d <\/p>\n","protected":false},"excerpt":{"rendered":"<p>D.H. Lawrence\u2019\u0131n akl\u0131ndaki \u00e7are, kad\u0131n-erkek ili\u015fkileri \u00e7er\u00e7evesinde evlilik ve cinsellik konular\u0131n\u0131 cesaretle ele alarak \u0130ngiliz halk\u0131n\u0131 etkileyip de\u011fi\u015ftirmeye \u00e7al\u0131\u015fmakt\u0131r. \u00c7\u00fcnk\u00fc ona g\u00f6re asl\u0131nda t\u00fcm Bat\u0131 uygarl\u0131\u011f\u0131<span class=\"excerpt-hellip\"> [\u2026]<\/span><\/p>\n","protected":false},"featured_media":0,"template":"","meta":{"_monsterinsights_skip_tracking":false,"_monsterinsights_sitenote_active":false,"_monsterinsights_sitenote_note":"","_monsterinsights_sitenote_category":0},"product_brand":[],"product_cat":[12291,18202],"product_tag":[],"class_list":{"0":"post-750732","1":"product","2":"type-product","3":"status-publish","5":"product_cat-edebiyat","6":"product_cat-hikaye","7":"pa_cilt-ciltsiz","8":"pa_tur-kitap","9":"pa_yayinevi-yapi-kredi-yayinlari","10":"pa_yazar-d-h-lawrence","12":"first","13":"instock","14":"sale","15":"shipping-taxable","16":"purchasable","17":"product-type-simple"},"_links":{"self":[{"href":"https:\/\/roveyayinevi.com.tr\/index.php\/wp-json\/wp\/v2\/product\/750732","targetHints":{"allow":["GET"]}}],"collection":[{"href":"https:\/\/roveyayinevi.com.tr\/index.php\/wp-json\/wp\/v2\/product"}],"about":[{"href":"https:\/\/roveyayinevi.com.tr\/index.php\/wp-json\/wp\/v2\/types\/product"}],"wp:attachment":[{"href":"https:\/\/roveyayinevi.com.tr\/index.php\/wp-json\/wp\/v2\/media?parent=750732"}],"wp:term":[{"taxonomy":"product_brand","embeddable":true,"href":"https:\/\/roveyayinevi.com.tr\/index.php\/wp-json\/wp\/v2\/product_brand?post=750732"},{"taxonomy":"product_cat","embeddable":true,"href":"https:\/\/roveyayinevi.com.tr\/index.php\/wp-json\/wp\/v2\/product_cat?post=750732"},{"taxonomy":"product_tag","embeddable":true,"href":"https:\/\/roveyayinevi.com.tr\/index.php\/wp-json\/wp\/v2\/product_tag?post=750732"}],"curies":[{"name":"wp","href":"https:\/\/api.w.org\/{rel}","templated":true}]}}