{"id":750729,"date":"2025-08-28T04:28:43","date_gmt":"2025-08-28T01:28:43","guid":{"rendered":"https:\/\/roveyayinevi.com.tr\/index.php\/urun\/travma-ve-ruh\/"},"modified":"2026-04-16T03:03:59","modified_gmt":"2026-04-16T00:03:59","slug":"travma-ve-ruh","status":"publish","type":"product","link":"https:\/\/roveyayinevi.com.tr\/index.php\/urun\/travma-ve-ruh\/","title":{"rendered":"Travma ve Ruh"},"content":{"rendered":"<p>Donald Kalsched bu kitab\u0131nda psikanalitik yak\u0131nl\u0131kta ortaya \u00e7\u0131kan mistik ve ruhsal anlar\u0131 incelemeye al\u0131yor. Klinik \u00f6rnekler, terapi diyaloglar\u0131 ve r\u00fcyalar \u00fczerinden terapinin ne kadar derinle\u015febilece\u011fini g\u00f6steriyor. Travmadan sa\u011f \u00e7\u0131kanlar arac\u0131l\u0131\u011f\u0131yla, analiz edene de s\u0131radan d\u00fczenin d\u0131\u015f\u0131nda, ayd\u0131nl\u0131k ve karanl\u0131\u011f\u0131n bulu\u015ftu\u011fu \u201cba\u015fka bir d\u00fcnya\u201dn\u0131n kap\u0131lar\u0131 aralan\u0131yor. Kalsched bu mito-\u015fiirsel d\u00fcnyan\u0131n, Freud\u2019un \u00f6ne s\u00fcrd\u00fc\u011f\u00fc gibi ya\u015fam\u0131n ac\u0131 ger\u00e7ekleriyle m\u00fccadelemizin \u00fcr\u00fcn\u00fc olan bir savunma mekanizmas\u0131 de\u011fil, aksine insan deneyiminin s\u00fcregelen ger\u00e7ekli\u011fi oldu\u011funu savunuyor: \u0130yile\u015fme s\u00fcrecinin bizzat merkezinde yer alan ve ba\u015fka zamanlarda da tuhaf bir \u015fekilde ona direnen bir gizem. Bu kitap, psikanalitik \u00e7al\u0131\u015fman\u0131n gizemini yeniden ortaya \u00e7\u0131karma \u00e7abas\u0131n\u0131n \u00fcr\u00fcn\u00fc. S\u0131radan hastalar\u0131n ve s\u0131radan psikoterapistlerin birlikte \u00e7al\u0131\u015farak insan ruhunun ger\u00e7ekli\u011fine ve psi\u015fenin derinliklerine bak\u0131\u015flar\u0131n\u0131 ve deneyim arac\u0131l\u0131\u011f\u0131yla de\u011fi\u015fme hik\u00e2yelerini anlat\u0131yor. Travma ve Ruh, \u201cpsi\u015fik\u201d y\u00f6nelimi olanlar da dahil, psikoterapistler, psikanalistler, analitik psikologlar ve d\u0131\u015favurumcu sanat terapistleri i\u00e7in \u00f6zellikle merak uyand\u0131r\u0131c\u0131 olacakt\u0131r. Ya\u015fam bana her zaman k\u00f6ksap\u0131 u\u0308zerinde ya\u015fayan bir bitki gibi g\u00f6ru\u0308nmu\u0308\u015ftu\u0308r. Ger\u00e7ek ya\u015fam g\u00f6ru\u0308nmez, o k\u00f6kte gizlidir. Toprak u\u0308stu\u0308nde g\u00f6zu\u0308ken k\u0131sm\u0131 yaln\u0131zca tek bir yaz boyu ya\u015far. Sonra sarar\u0131p solar ve yiter, k\u0131sa \u00f6mu\u0308rlu\u0308 bir g\u00f6ru\u0308ntu\u0308du\u0308r&#8230; Sonsuz ak\u0131\u015f\u0131n alt\u0131nda ya\u015fayan ve sab\u0131rla varl\u0131\u011f\u0131n\u0131 su\u0308rdu\u0308ren bir \u015feyin oldu\u011fu hissini ben hi\u00e7bir zaman yitirmedim. Bizim g\u00f6rdu\u0308\u011fu\u0308mu\u0308z a\u00e7an \u00e7i\u00e7ektir ve ge\u00e7icidir. Kalansa k\u00f6ksapt\u0131r. Carl Gustav Jung <\/p>\n","protected":false},"excerpt":{"rendered":"<p>Donald Kalsched bu kitab\u0131nda psikanalitik yak\u0131nl\u0131kta ortaya \u00e7\u0131kan mistik ve ruhsal anlar\u0131 incelemeye al\u0131yor. Klinik \u00f6rnekler, terapi diyaloglar\u0131 ve r\u00fcyalar \u00fczerinden terapinin ne kadar derinle\u015febilece\u011fini g\u00f6steriyor.<span class=\"excerpt-hellip\"> [\u2026]<\/span><\/p>\n","protected":false},"featured_media":0,"template":"","meta":{"_monsterinsights_skip_tracking":false,"_monsterinsights_sitenote_active":false,"_monsterinsights_sitenote_note":"","_monsterinsights_sitenote_category":0},"product_brand":[],"product_cat":[12357],"product_tag":[],"class_list":{"0":"post-750729","1":"product","2":"type-product","3":"status-publish","5":"product_cat-psikoloji","6":"pa_cilt-ciltsiz","7":"pa_tur-kitap","8":"pa_yayinevi-ayrinti-yayinlari","9":"pa_yazar-donald-kalsched","11":"first","12":"instock","13":"sale","14":"shipping-taxable","15":"purchasable","16":"product-type-simple"},"_links":{"self":[{"href":"https:\/\/roveyayinevi.com.tr\/index.php\/wp-json\/wp\/v2\/product\/750729","targetHints":{"allow":["GET"]}}],"collection":[{"href":"https:\/\/roveyayinevi.com.tr\/index.php\/wp-json\/wp\/v2\/product"}],"about":[{"href":"https:\/\/roveyayinevi.com.tr\/index.php\/wp-json\/wp\/v2\/types\/product"}],"wp:attachment":[{"href":"https:\/\/roveyayinevi.com.tr\/index.php\/wp-json\/wp\/v2\/media?parent=750729"}],"wp:term":[{"taxonomy":"product_brand","embeddable":true,"href":"https:\/\/roveyayinevi.com.tr\/index.php\/wp-json\/wp\/v2\/product_brand?post=750729"},{"taxonomy":"product_cat","embeddable":true,"href":"https:\/\/roveyayinevi.com.tr\/index.php\/wp-json\/wp\/v2\/product_cat?post=750729"},{"taxonomy":"product_tag","embeddable":true,"href":"https:\/\/roveyayinevi.com.tr\/index.php\/wp-json\/wp\/v2\/product_tag?post=750729"}],"curies":[{"name":"wp","href":"https:\/\/api.w.org\/{rel}","templated":true}]}}