{"id":750724,"date":"2025-08-28T04:28:36","date_gmt":"2025-08-28T01:28:36","guid":{"rendered":"https:\/\/roveyayinevi.com.tr\/index.php\/urun\/beagle-yolculugu\/"},"modified":"2026-04-16T03:03:59","modified_gmt":"2026-04-16T00:03:59","slug":"beagle-yolculugu","status":"publish","type":"product","link":"https:\/\/roveyayinevi.com.tr\/index.php\/urun\/beagle-yolculugu\/","title":{"rendered":"Beagle Yolculu\u011fu"},"content":{"rendered":"<p>G\u00fcney Amerika (Brezilya, Arjantin, \u015eili, Peru, Ekvator\u2026), Galapagos Tak\u0131madalar\u0131, Havai, Yeni Zelenda, Avustralya gibi d\u00fcnyan\u0131n bir\u00e7ok b\u00f6lgesini dola\u015farak bitki ve hayvanlar\u0131 toplamak, onlar\u0131 de\u011ferlendirerek g\u00f6zlemlerini teorik bir \u00e7er\u00e7eveye oturtmak 22 ya\u015f\u0131ndaki Charles Darwin&#8217;in temel amac\u0131yd\u0131. Bug\u00fcn\u00fcn ko\u015fullar\u0131nda kolaym\u0131\u015f gibi g\u00f6r\u00fcnen bu gezi, o g\u00fcnlerde b\u00fcy\u00fck bir \u00f6zveri gerektiriyordu. Be\u015f y\u0131l s\u00fcren bu gezi s\u0131ras\u0131nda gen\u00e7 Darwin deniz tutmas\u0131 dahil bir dizi hastal\u0131\u011fa katlanmak zorunda kalm\u0131\u015ft\u0131. Bir yanda daha \u00f6nce g\u00f6rmedi\u011fi ola\u011fan\u00fcst\u00fc canl\u0131larla tan\u0131\u015f\u0131p onlar\u0131 Do\u011fa Tarihi M\u00fczesi\u2019nin en \u00f6nemli koleksiyonu olarak derlerken, di\u011fer yanda \u0130spanyol i\u015fgalcilerin yerli halklar \u00fczerindeki bask\u0131 ve katliamlar\u0131na, k\u00f6leli\u011fin i\u011fren\u00e7 y\u00fcz\u00fcne tan\u0131k olur.  Darwin\u2019in eserleri T\u00fcrk\u00e7ede ilk kez bir arada bas\u0131l\u0131yor. Ayr\u0131nt\u0131 Yay\u0131nlar\u0131 olarak, iki Pulitzer \u00f6d\u00fcll\u00fc Edward O. Wilson\u2019un derleyerek ill\u00fcstrasyonlarla zenginle\u015ftirdi\u011fi Beagle Yolculu\u011fu\u2019ndan (1845) sonra T\u00fcrlerin K\u00f6keni (1859), \u0130nsan\u0131n T\u00fcreyi\u015fi (1871) ve \u0130nsan ve Hayvanlarda Duyular\u0131n \u0130fadesi (1872) kitaplar\u0131n\u0131 da yay\u0131mlayarak k\u00fclliyat\u0131 tamamlay\u0131p tek bir kutu i\u00e7inde okurlarla bulu\u015fturaca\u011f\u0131z. \u00d6l\u00fcm\u00fcnden 123 y\u0131l sonra b\u00fcy\u00fck bilim insan\u0131na, Charles Darwin&#8217;in an\u0131s\u0131na sayg\u0131yla. <\/p>\n","protected":false},"excerpt":{"rendered":"<p>G\u00fcney Amerika (Brezilya, Arjantin, \u015eili, Peru, Ekvator\u2026), Galapagos Tak\u0131madalar\u0131, Havai, Yeni Zelenda, Avustralya gibi d\u00fcnyan\u0131n bir\u00e7ok b\u00f6lgesini dola\u015farak bitki ve hayvanlar\u0131 toplamak, onlar\u0131 de\u011ferlendirerek g\u00f6zlemlerini teorik<span class=\"excerpt-hellip\"> [\u2026]<\/span><\/p>\n","protected":false},"featured_media":0,"template":"","meta":{"_monsterinsights_skip_tracking":false,"_monsterinsights_sitenote_active":false,"_monsterinsights_sitenote_note":"","_monsterinsights_sitenote_category":0},"product_brand":[],"product_cat":[13005],"product_tag":[],"class_list":{"0":"post-750724","1":"product","2":"type-product","3":"status-publish","5":"product_cat-bilim-muhendislik","6":"pa_cilt-ciltsiz","7":"pa_tur-kitap","8":"pa_yayinevi-ayrinti-yayinlari","9":"pa_yazar-charles-darwin","11":"first","12":"instock","13":"sale","14":"shipping-taxable","15":"purchasable","16":"product-type-simple"},"_links":{"self":[{"href":"https:\/\/roveyayinevi.com.tr\/index.php\/wp-json\/wp\/v2\/product\/750724","targetHints":{"allow":["GET"]}}],"collection":[{"href":"https:\/\/roveyayinevi.com.tr\/index.php\/wp-json\/wp\/v2\/product"}],"about":[{"href":"https:\/\/roveyayinevi.com.tr\/index.php\/wp-json\/wp\/v2\/types\/product"}],"wp:attachment":[{"href":"https:\/\/roveyayinevi.com.tr\/index.php\/wp-json\/wp\/v2\/media?parent=750724"}],"wp:term":[{"taxonomy":"product_brand","embeddable":true,"href":"https:\/\/roveyayinevi.com.tr\/index.php\/wp-json\/wp\/v2\/product_brand?post=750724"},{"taxonomy":"product_cat","embeddable":true,"href":"https:\/\/roveyayinevi.com.tr\/index.php\/wp-json\/wp\/v2\/product_cat?post=750724"},{"taxonomy":"product_tag","embeddable":true,"href":"https:\/\/roveyayinevi.com.tr\/index.php\/wp-json\/wp\/v2\/product_tag?post=750724"}],"curies":[{"name":"wp","href":"https:\/\/api.w.org\/{rel}","templated":true}]}}