{"id":750717,"date":"2025-08-28T04:28:26","date_gmt":"2025-08-28T01:28:26","guid":{"rendered":"https:\/\/roveyayinevi.com.tr\/index.php\/urun\/derin-orman-ciltli\/"},"modified":"2026-04-16T03:03:58","modified_gmt":"2026-04-16T00:03:58","slug":"derin-orman-ciltli","status":"publish","type":"product","link":"https:\/\/roveyayinevi.com.tr\/index.php\/urun\/derin-orman-ciltli\/","title":{"rendered":"Derin Orman (Ciltli)"},"content":{"rendered":"<p>\u201cMe\u011fer karanl\u0131k, ayd\u0131nl\u0131\u011f\u0131n var olmas\u0131n\u0131 sa\u011flayan, kocaman, g\u00fczel bir renkmi\u015f.\u201d   Hi\u00e7bir \u015fey yapmad\u0131\u011f\u0131m\u0131z anlar, asl\u0131nda san\u0131ld\u0131\u011f\u0131 kadar \u2018bo\u015f\u2019 anlar de\u011fil.Belki de en dolu, en keyifli anlar onlar. \u00c7\u00fcnk\u00fc hayal g\u00fcc\u00fcn\u00fcn \u00e7\u0131kabilece\u011fisonsuz say\u0131da yolculuk var. En derin orman\u0131n en ke\u015ffedilmemi\u015f k\u00f6\u015fesinegitmek, kimsenin bilmedi\u011fi g\u00f6l\u00fcn k\u0131y\u0131s\u0131nda soluklanmak, orman\u0131n hi\u00e7 tan\u0131\u015f\u0131lmam\u0131\u015f sakinlerine konuk olup onlarla reng\u00e2renk zamanlar ge\u00e7irmek i\u00e7in biraz \u00f6zg\u00fcrl\u00fck, biraz istek yeter. \u00d6zg\u00fcn ill\u00fcstrasyonlar\u0131yla sevilen sanat\u00e7\u0131 Merve At\u0131lgan, ilk kez yaz\u0131p resimledi\u011fi kitab\u0131yla Can \u00c7ocuk okurlar\u0131yla bulu\u015fuyor. Okurlar\u0131n\u0131 hayal g\u00fcc\u00fcn\u00fcn renkli koridorlar\u0131nda, Derin Orman\u2019da ke\u015fiflerle dolu bir yolculu\u011fa \u00e7\u0131kar\u0131yor.   <\/p>\n","protected":false},"excerpt":{"rendered":"<p>\u201cMe\u011fer karanl\u0131k, ayd\u0131nl\u0131\u011f\u0131n var olmas\u0131n\u0131 sa\u011flayan, kocaman, g\u00fczel bir renkmi\u015f.\u201d Hi\u00e7bir \u015fey yapmad\u0131\u011f\u0131m\u0131z anlar, asl\u0131nda san\u0131ld\u0131\u011f\u0131 kadar \u2018bo\u015f\u2019 anlar de\u011fil.Belki de en dolu, en keyifli anlar<span class=\"excerpt-hellip\"> [\u2026]<\/span><\/p>\n","protected":false},"featured_media":0,"template":"","meta":{"_monsterinsights_skip_tracking":false,"_monsterinsights_sitenote_active":false,"_monsterinsights_sitenote_note":"","_monsterinsights_sitenote_category":0},"product_brand":[],"product_cat":[12274,12284],"product_tag":[],"class_list":{"0":"post-750717","1":"product","2":"type-product","3":"status-publish","5":"product_cat-cocuk-ve-genclik-kitaplari","6":"product_cat-hikayeler","7":"pa_cilt-ciltli","8":"pa_tur-kitap","9":"pa_yayinevi-can-cocuk-yayinlari","10":"pa_yazar-merve-atilgan","12":"first","13":"instock","14":"sale","15":"shipping-taxable","16":"purchasable","17":"product-type-simple"},"_links":{"self":[{"href":"https:\/\/roveyayinevi.com.tr\/index.php\/wp-json\/wp\/v2\/product\/750717","targetHints":{"allow":["GET"]}}],"collection":[{"href":"https:\/\/roveyayinevi.com.tr\/index.php\/wp-json\/wp\/v2\/product"}],"about":[{"href":"https:\/\/roveyayinevi.com.tr\/index.php\/wp-json\/wp\/v2\/types\/product"}],"wp:attachment":[{"href":"https:\/\/roveyayinevi.com.tr\/index.php\/wp-json\/wp\/v2\/media?parent=750717"}],"wp:term":[{"taxonomy":"product_brand","embeddable":true,"href":"https:\/\/roveyayinevi.com.tr\/index.php\/wp-json\/wp\/v2\/product_brand?post=750717"},{"taxonomy":"product_cat","embeddable":true,"href":"https:\/\/roveyayinevi.com.tr\/index.php\/wp-json\/wp\/v2\/product_cat?post=750717"},{"taxonomy":"product_tag","embeddable":true,"href":"https:\/\/roveyayinevi.com.tr\/index.php\/wp-json\/wp\/v2\/product_tag?post=750717"}],"curies":[{"name":"wp","href":"https:\/\/api.w.org\/{rel}","templated":true}]}}