{"id":750664,"date":"2025-08-28T04:26:59","date_gmt":"2025-08-28T01:26:59","guid":{"rendered":"https:\/\/roveyayinevi.com.tr\/index.php\/urun\/osmanli-munevverinden-turk-aydinina\/"},"modified":"2026-04-08T03:10:34","modified_gmt":"2026-04-08T00:10:34","slug":"osmanli-munevverinden-turk-aydinina","status":"publish","type":"product","link":"https:\/\/roveyayinevi.com.tr\/index.php\/urun\/osmanli-munevverinden-turk-aydinina\/","title":{"rendered":"Osmanl\u0131 M\u00fcnevverinden T\u00fcrk Ayd\u0131n\u0131na"},"content":{"rendered":"<p>\u201cMustafa Kemal kurmak \u00fczere oldu\u011fu yeni d\u00fczende kendisiyle birlikte s\u00f6z sahibi olacak, kendisini destekleyecek, eylem ve devrimlerini ger\u00e7ekle\u015ftirecek y\u00f6netici kesimin niteliklerini saptamaya \u00e7al\u0131\u015f\u0131yor. K\u0131sacas\u0131 yeni bir insan tipi yaratmaya. Bu insan eski d\u00fczende ne idi, neden ba\u015far\u0131s\u0131zl\u0131\u011fa u\u011frad\u0131, yeni d\u00fczende ba\u015far\u0131 kazanmas\u0131 i\u00e7in nas\u0131l olmas\u0131 gerekir? Konya S\u00f6ylevi\u2019nin \u00f6z\u00fc budur, \u00f6nemi de buradan kaynaklan\u0131r.\u201d Ya\u015fam\u0131n\u0131 Anadolu k\u00fclt\u00fcr\u00fcn\u00fcn incelenmesine ve anla\u015f\u0131lmas\u0131na adam\u0131\u015f Azra Erhat, ayd\u0131n\u0131m\u0131z\u0131n tarih\u00e7esine giri\u015f niteli\u011findeki Osmanl\u0131 M\u00fcnevverinden T\u00fcrk Ayd\u0131n\u0131na adl\u0131 eserini Mustafa Kemal Atat\u00fcrk\u2019\u00fcn do\u011fumunun 100. y\u0131l\u0131 nedeniyle haz\u0131rlam\u0131\u015ft\u0131r. Erhat\u2019a g\u00f6re, Atat\u00fcrk\u2019\u00fcn 20 Mart 1923\u2019te Konya\u2019da verdi\u011fi ve Osmanl\u0131 m\u00fcnevverini d\u00fc\u015f\u00fcnsel bir ba\u011flam i\u00e7inde ilk kez ele\u015ftirdi\u011fi s\u00f6ylev, kitab\u0131n\u0131n da ana eksenini olu\u015fturur. Azra Erhat, 1982\u2019de aram\u0131zdan ayr\u0131l\u0131\u015f\u0131 nedeniyle yar\u0131m kalan bu \u00e7al\u0131\u015fmas\u0131nda, halktan kopuk Osmanl\u0131 m\u00fcnneverinden Cumhuriyet d\u00fczeninin halkla kayna\u015fm\u0131\u015f ayd\u0131n\u0131na giden s\u00fcreci titizlikle ele al\u0131yor. <\/p>\n","protected":false},"excerpt":{"rendered":"<p>\u201cMustafa Kemal kurmak \u00fczere oldu\u011fu yeni d\u00fczende kendisiyle birlikte s\u00f6z sahibi olacak, kendisini destekleyecek, eylem ve devrimlerini ger\u00e7ekle\u015ftirecek y\u00f6netici kesimin niteliklerini saptamaya \u00e7al\u0131\u015f\u0131yor. K\u0131sacas\u0131 yeni bir<span class=\"excerpt-hellip\"> [\u2026]<\/span><\/p>\n","protected":false},"featured_media":0,"template":"","meta":{"_monsterinsights_skip_tracking":false,"_monsterinsights_sitenote_active":false,"_monsterinsights_sitenote_note":"","_monsterinsights_sitenote_category":0},"product_brand":[],"product_cat":[12304,13493],"product_tag":[],"class_list":{"0":"post-750664","1":"product","2":"type-product","3":"status-publish","5":"product_cat-tarih","6":"product_cat-turkiye-ve-cumhuriyet-tarihi","7":"pa_cilt-ciltsiz","8":"pa_tur-kitap","9":"pa_yayinevi-is-bankasi-kultur-yayinlari","10":"pa_yazar-azra-erhat","12":"first","13":"instock","14":"sale","15":"shipping-taxable","16":"purchasable","17":"product-type-simple"},"_links":{"self":[{"href":"https:\/\/roveyayinevi.com.tr\/index.php\/wp-json\/wp\/v2\/product\/750664","targetHints":{"allow":["GET"]}}],"collection":[{"href":"https:\/\/roveyayinevi.com.tr\/index.php\/wp-json\/wp\/v2\/product"}],"about":[{"href":"https:\/\/roveyayinevi.com.tr\/index.php\/wp-json\/wp\/v2\/types\/product"}],"wp:attachment":[{"href":"https:\/\/roveyayinevi.com.tr\/index.php\/wp-json\/wp\/v2\/media?parent=750664"}],"wp:term":[{"taxonomy":"product_brand","embeddable":true,"href":"https:\/\/roveyayinevi.com.tr\/index.php\/wp-json\/wp\/v2\/product_brand?post=750664"},{"taxonomy":"product_cat","embeddable":true,"href":"https:\/\/roveyayinevi.com.tr\/index.php\/wp-json\/wp\/v2\/product_cat?post=750664"},{"taxonomy":"product_tag","embeddable":true,"href":"https:\/\/roveyayinevi.com.tr\/index.php\/wp-json\/wp\/v2\/product_tag?post=750664"}],"curies":[{"name":"wp","href":"https:\/\/api.w.org\/{rel}","templated":true}]}}