{"id":750641,"date":"2025-08-28T04:26:21","date_gmt":"2025-08-28T01:26:21","guid":{"rendered":"https:\/\/roveyayinevi.com.tr\/index.php\/urun\/atomik-basketciler\/"},"modified":"2026-04-16T03:03:57","modified_gmt":"2026-04-16T00:03:57","slug":"atomik-basketciler","status":"publish","type":"product","link":"https:\/\/roveyayinevi.com.tr\/index.php\/urun\/atomik-basketciler\/","title":{"rendered":"Atomik Basket\u00e7iler"},"content":{"rendered":"<p>DOSTLUK KAZANDIRIR\u00d6NYARGI KAYBETT\u0130R\u0130R\u00c7ABA KAZANDIRIRPES ETMEK KAYBETT\u0130R\u0130R Bir t\u00fcrl\u00fc basketbol m\u00fcsabakalar\u0131n\u0131kazanamayan Atomik Basket\u00e7iler,yeteneksiz olabilir mi? Belki debasketbol onlara g\u00f6re de\u011fildir. Kimbilir belki de Atomik Basket\u00e7iler\u2019detak\u0131m ruhu yoktur. S\u0131n\u0131fa yeni gelen gizemli k\u0131z Kiraz,tak\u0131m\u0131n t\u00fcm dengelerini alt\u00fcst ederken,Atomik Basket\u00e7iler\u2019e sahip olduklar\u0131n\u0131nk\u0131ymetini bilmeyi ve \u00e7al\u0131\u015fman\u0131nba\u015farmakla e\u015fde\u011fer oldu\u011funu\u00f6\u011fretecek. Hem de babas\u0131yla birlikte&#8230; <\/p>\n","protected":false},"excerpt":{"rendered":"<p>DOSTLUK KAZANDIRIR\u00d6NYARGI KAYBETT\u0130R\u0130R\u00c7ABA KAZANDIRIRPES ETMEK KAYBETT\u0130R\u0130R Bir t\u00fcrl\u00fc basketbol m\u00fcsabakalar\u0131n\u0131kazanamayan Atomik Basket\u00e7iler,yeteneksiz olabilir mi? Belki debasketbol onlara g\u00f6re de\u011fildir. Kimbilir belki de Atomik Basket\u00e7iler\u2019detak\u0131m ruhu yoktur.<span class=\"excerpt-hellip\"> [\u2026]<\/span><\/p>\n","protected":false},"featured_media":0,"template":"","meta":{"_monsterinsights_skip_tracking":false,"_monsterinsights_sitenote_active":false,"_monsterinsights_sitenote_note":"","_monsterinsights_sitenote_category":0},"product_brand":[],"product_cat":[12274,12284],"product_tag":[],"class_list":{"0":"post-750641","1":"product","2":"type-product","3":"status-publish","5":"product_cat-cocuk-ve-genclik-kitaplari","6":"product_cat-hikayeler","7":"pa_cilt-ciltsiz","8":"pa_tur-kitap","9":"pa_yayinevi-masalperest","10":"pa_yazar-ece-altayligil","12":"first","13":"instock","14":"sale","15":"shipping-taxable","16":"purchasable","17":"product-type-simple"},"_links":{"self":[{"href":"https:\/\/roveyayinevi.com.tr\/index.php\/wp-json\/wp\/v2\/product\/750641","targetHints":{"allow":["GET"]}}],"collection":[{"href":"https:\/\/roveyayinevi.com.tr\/index.php\/wp-json\/wp\/v2\/product"}],"about":[{"href":"https:\/\/roveyayinevi.com.tr\/index.php\/wp-json\/wp\/v2\/types\/product"}],"wp:attachment":[{"href":"https:\/\/roveyayinevi.com.tr\/index.php\/wp-json\/wp\/v2\/media?parent=750641"}],"wp:term":[{"taxonomy":"product_brand","embeddable":true,"href":"https:\/\/roveyayinevi.com.tr\/index.php\/wp-json\/wp\/v2\/product_brand?post=750641"},{"taxonomy":"product_cat","embeddable":true,"href":"https:\/\/roveyayinevi.com.tr\/index.php\/wp-json\/wp\/v2\/product_cat?post=750641"},{"taxonomy":"product_tag","embeddable":true,"href":"https:\/\/roveyayinevi.com.tr\/index.php\/wp-json\/wp\/v2\/product_tag?post=750641"}],"curies":[{"name":"wp","href":"https:\/\/api.w.org\/{rel}","templated":true}]}}