{"id":750640,"date":"2025-08-28T04:26:19","date_gmt":"2025-08-28T01:26:19","guid":{"rendered":"https:\/\/roveyayinevi.com.tr\/index.php\/urun\/crush-of-lifetime-hayatimin-aski-3\/"},"modified":"2026-04-16T03:03:57","modified_gmt":"2026-04-16T00:03:57","slug":"crush-of-lifetime-hayatimin-aski-3","status":"publish","type":"product","link":"https:\/\/roveyayinevi.com.tr\/index.php\/urun\/crush-of-lifetime-hayatimin-aski-3\/","title":{"rendered":"Crush of Lifetime Hayat\u0131m\u0131n A\u015fk\u0131 3"},"content":{"rendered":"<p>Yang Hyeji ve Jo Kisung\u2019un arkada\u015fl\u0131klar\u0131 a\u015fka d\u00f6n\u00fc\u015fmeye ba\u015fl\u0131yor. Jo Kisung\u2019un karde\u015finin ba\u015f\u0131na gelenler Yang ve Jo\u2019yu birbirlerine daha \u00e7ok yak\u0131nla\u015ft\u0131r\u0131yor. <\/p>\n","protected":false},"excerpt":{"rendered":"<p>Yang Hyeji ve Jo Kisung\u2019un arkada\u015fl\u0131klar\u0131 a\u015fka d\u00f6n\u00fc\u015fmeye ba\u015fl\u0131yor. Jo Kisung\u2019un karde\u015finin ba\u015f\u0131na gelenler Yang ve Jo\u2019yu birbirlerine daha \u00e7ok yak\u0131nla\u015ft\u0131r\u0131yor.<\/p>\n","protected":false},"featured_media":0,"template":"","meta":{"_monsterinsights_skip_tracking":false,"_monsterinsights_sitenote_active":false,"_monsterinsights_sitenote_note":"","_monsterinsights_sitenote_category":0},"product_brand":[],"product_cat":[12416,12291],"product_tag":[],"class_list":{"0":"post-750640","1":"product","2":"type-product","3":"status-publish","5":"product_cat-cizgi-roman","6":"product_cat-edebiyat","7":"pa_cilt-ciltsiz","8":"pa_tur-kitap","9":"pa_yayinevi-athica-yayinlari","10":"pa_yazar-jeong-halim","12":"first","13":"instock","14":"sale","15":"shipping-taxable","16":"purchasable","17":"product-type-simple"},"_links":{"self":[{"href":"https:\/\/roveyayinevi.com.tr\/index.php\/wp-json\/wp\/v2\/product\/750640","targetHints":{"allow":["GET"]}}],"collection":[{"href":"https:\/\/roveyayinevi.com.tr\/index.php\/wp-json\/wp\/v2\/product"}],"about":[{"href":"https:\/\/roveyayinevi.com.tr\/index.php\/wp-json\/wp\/v2\/types\/product"}],"wp:attachment":[{"href":"https:\/\/roveyayinevi.com.tr\/index.php\/wp-json\/wp\/v2\/media?parent=750640"}],"wp:term":[{"taxonomy":"product_brand","embeddable":true,"href":"https:\/\/roveyayinevi.com.tr\/index.php\/wp-json\/wp\/v2\/product_brand?post=750640"},{"taxonomy":"product_cat","embeddable":true,"href":"https:\/\/roveyayinevi.com.tr\/index.php\/wp-json\/wp\/v2\/product_cat?post=750640"},{"taxonomy":"product_tag","embeddable":true,"href":"https:\/\/roveyayinevi.com.tr\/index.php\/wp-json\/wp\/v2\/product_tag?post=750640"}],"curies":[{"name":"wp","href":"https:\/\/api.w.org\/{rel}","templated":true}]}}