{"id":750637,"date":"2025-08-28T04:26:16","date_gmt":"2025-08-28T01:26:16","guid":{"rendered":"https:\/\/roveyayinevi.com.tr\/index.php\/urun\/marx-ve-etik\/"},"modified":"2026-04-16T03:03:57","modified_gmt":"2026-04-16T00:03:57","slug":"marx-ve-etik","status":"publish","type":"product","link":"https:\/\/roveyayinevi.com.tr\/index.php\/urun\/marx-ve-etik\/","title":{"rendered":"Marx ve Etik"},"content":{"rendered":"<p>\u201cMarx\u2019\u0131n, du\u0308s\u0327u\u0308ncesinin her do\u0308neminde sad\u0131k kald\u0131g\u0306\u0131 tek bir etik kuram\u0131 oldug\u0306unu du\u0308s\u0327u\u0308nmedig\u0306imden, bu kitaba Marx\u2019\u0131n Etig\u0306i deg\u0306il de Marx ve Etik ad\u0131n\u0131 verdim. (&#8230;) Benim Marx\u2019la ilgili yorumum, Marx u\u0308zerine yazan c\u0327ag\u0306das\u0327 kimi du\u0308s\u0327u\u0308nu\u0308rlerinkinden c\u0327ok keskin bic\u0327imde farkl\u0131.\u201d Marx\u2019\u0131n erken do\u0308nem yaz\u0131lar\u0131ndan sonraki do\u0308nemde yazd\u0131klar\u0131na uzanan bir c\u0327izgide onun etik u\u0308zerine du\u0308s\u0327u\u0308ncelerini kapsaml\u0131 bir incelemeye tutan Philip J. Kain, Marx\u2019\u0131n etik anlay\u0131s\u0327\u0131n\u0131n, etik kavram\u0131na yaklas\u0327\u0131m\u0131n\u0131n farkl\u0131 do\u0308nemlerde gec\u0327irdig\u0306i c\u0327es\u0327itli deg\u0306is\u0327im ve do\u0308nu\u0308s\u0327u\u0308mlerin izini su\u0308ru\u0308yor. Marx ve Etik, bir yandan Marx\u2019\u0131n kendi go\u0308ru\u0308s\u0327lerini temellendirdig\u0306i Aristoteles, Kant, Hegel gibi isimleri, onlarla birles\u0327tig\u0306i ve ayr\u0131ld\u0131g\u0306\u0131 noktalar\u0131 etrafl\u0131 bic\u0327imde ele al\u0131rken bir yandan da Marx u\u0308zerine yazan c\u0327ag\u0306das\u0327 baz\u0131 du\u0308s\u0327u\u0308nu\u0308rlerin go\u0308ru\u0308s\u0327lerini masaya yat\u0131r\u0131yor, yapt\u0131g\u0306\u0131 deg\u0306erlendirmelerle tart\u0131s\u0327malara o\u0308nemli bir katk\u0131 sunuyor; Marx\u2019\u0131n etik anlay\u0131s\u0327\u0131nda deg\u0306is\u0327meler oldug\u0306u iddias\u0131n\u0131 ortaya koyman\u0131n, Marx\u2019\u0131n du\u0308s\u0327u\u0308ncesinin farkl\u0131 do\u0308nemlerinin daha dikkatli bir c\u0327o\u0308zu\u0308mlemesini olanakl\u0131 k\u0131lacag\u0306\u0131n\u0131 ileri su\u0308ru\u0308yor.Marx\u2019\u0131n entelektu\u0308el gelis\u0327imini takip ac\u0327\u0131s\u0131ndan o\u0308nemli oldug\u0306u kadar devlet, toplum, emek, yabanc\u0131las\u0327ma, o\u0308zgu\u0308rlu\u0308k, ahla\u0302k ve \u201co\u0308z\u201d kavramlar\u0131na verdig\u0306i anlam gibi konularda da kapsaml\u0131 bir c\u0327al\u0131s\u0327ma&#8230; \u201cBu kitap, Marx\u2019\u0131n etik du\u0308s\u0327u\u0308ncesini anlamam\u0131za kayda deg\u0306er ve (&#8230;) ufuk ac\u0327\u0131c\u0131 bir katk\u0131d\u0131r.\u201d International Studies in Philosophy<\/p>\n","protected":false},"excerpt":{"rendered":"<p>\u201cMarx\u2019\u0131n, du\u0308s\u0327u\u0308ncesinin her do\u0308neminde sad\u0131k kald\u0131g\u0306\u0131 tek bir etik kuram\u0131 oldug\u0306unu du\u0308s\u0327u\u0308nmedig\u0306imden, bu kitaba Marx\u2019\u0131n Etig\u0306i deg\u0306il de Marx ve Etik ad\u0131n\u0131 verdim. (&#8230;) Benim Marx\u2019la<span class=\"excerpt-hellip\"> [\u2026]<\/span><\/p>\n","protected":false},"featured_media":0,"template":"","meta":{"_monsterinsights_skip_tracking":false,"_monsterinsights_sitenote_active":false,"_monsterinsights_sitenote_note":"","_monsterinsights_sitenote_category":0},"product_brand":[],"product_cat":[12337],"product_tag":[],"class_list":{"0":"post-750637","1":"product","2":"type-product","3":"status-publish","5":"product_cat-politika-siyaset","6":"pa_cilt-ciltsiz","7":"pa_tur-kitap","8":"pa_yayinevi-iletisim-yayinlari","9":"pa_yazar-philip-j-kain","11":"first","12":"instock","13":"sale","14":"shipping-taxable","15":"purchasable","16":"product-type-simple"},"_links":{"self":[{"href":"https:\/\/roveyayinevi.com.tr\/index.php\/wp-json\/wp\/v2\/product\/750637","targetHints":{"allow":["GET"]}}],"collection":[{"href":"https:\/\/roveyayinevi.com.tr\/index.php\/wp-json\/wp\/v2\/product"}],"about":[{"href":"https:\/\/roveyayinevi.com.tr\/index.php\/wp-json\/wp\/v2\/types\/product"}],"wp:attachment":[{"href":"https:\/\/roveyayinevi.com.tr\/index.php\/wp-json\/wp\/v2\/media?parent=750637"}],"wp:term":[{"taxonomy":"product_brand","embeddable":true,"href":"https:\/\/roveyayinevi.com.tr\/index.php\/wp-json\/wp\/v2\/product_brand?post=750637"},{"taxonomy":"product_cat","embeddable":true,"href":"https:\/\/roveyayinevi.com.tr\/index.php\/wp-json\/wp\/v2\/product_cat?post=750637"},{"taxonomy":"product_tag","embeddable":true,"href":"https:\/\/roveyayinevi.com.tr\/index.php\/wp-json\/wp\/v2\/product_tag?post=750637"}],"curies":[{"name":"wp","href":"https:\/\/api.w.org\/{rel}","templated":true}]}}