{"id":750624,"date":"2025-08-28T04:25:17","date_gmt":"2025-08-28T01:25:17","guid":{"rendered":"https:\/\/roveyayinevi.com.tr\/index.php\/urun\/tarihimi-cok-seviyorum\/"},"modified":"2026-04-16T03:03:56","modified_gmt":"2026-04-16T00:03:56","slug":"tarihimi-cok-seviyorum","status":"publish","type":"product","link":"https:\/\/roveyayinevi.com.tr\/index.php\/urun\/tarihimi-cok-seviyorum\/","title":{"rendered":"Tarihimi \u00c7ok Seviyorum"},"content":{"rendered":"<p>Kutlu Mete Han, at\u0131n\u0131 neden \u00c7in imparatorunun el\u00e7isine teslim etti? Osman Gazi\u2019nin Bilecik tekfuruna g\u00f6t\u00fcrd\u00fc\u011f\u00fc 40 cilal\u0131 sand\u0131\u011f\u0131n i\u00e7inde ne vard\u0131? Neden b\u00fct\u00fcn Ankaral\u0131lar Hac\u0131 Bayram Veli\u2019nin m\u00fcridi olduklar\u0131n\u0131 s\u00f6yl\u00fcyorlard\u0131? Molla G\u00fcrani, gen\u00e7 Fatih Sultan Mehmet\u2019i nas\u0131l dize getirdi? Atat\u00fcrk, \u0130ngiliz kral\u0131na neden, \u201cBu millete u\u015fakl\u0131\u011f\u0131 \u00f6\u011fretemedim\u201d dedi?   Acaba tarih tekerr\u00fcrden mi ibarettir sadece? Tarih, sadece sava\u015flardan ibaret de de\u011fildir. Tarih sayfalar\u0131nda d\u00fcr\u00fcstl\u00fck, do\u011fruluk, ho\u015fg\u00f6r\u00fc, vefa, fedak\u00e2rl\u0131k, sadakat, cesaret ve dostluk da yaz\u0131l\u0131d\u0131r. Ve baz\u0131 olaylar vard\u0131r ki, tekrar ya\u015fanmas\u0131 imk\u00e2ns\u0131zd\u0131r! Tarihe bir de, Sel\u00e7uklu, Osmanl\u0131 ve Cumhuriyet d\u00f6nemindeki \u00f6rnek olaylardan ve bu olaylarda ba\u015frol oynayan kahramanlar\u0131n g\u00f6z\u00fcnden bak\u0131n ve bakmakla g\u00f6rmek aras\u0131ndaki fark\u0131 yakalay\u0131n.   Sinan Ya\u011fmur\u2019un se\u00e7kisiyle haz\u0131rlanan bu kitap, gen\u00e7lere ve \u00f6\u011frencilere tarihi sevdirirken, onlara bir\u00e7ok \u015feyi \u00f6\u011fretirken ayr\u0131ca \u00f6nc\u00fcl\u00fck edecek bir kaynak! <\/p>\n","protected":false},"excerpt":{"rendered":"<p>Kutlu Mete Han, at\u0131n\u0131 neden \u00c7in imparatorunun el\u00e7isine teslim etti? Osman Gazi\u2019nin Bilecik tekfuruna g\u00f6t\u00fcrd\u00fc\u011f\u00fc 40 cilal\u0131 sand\u0131\u011f\u0131n i\u00e7inde ne vard\u0131? Neden b\u00fct\u00fcn Ankaral\u0131lar Hac\u0131 Bayram<span class=\"excerpt-hellip\"> [\u2026]<\/span><\/p>\n","protected":false},"featured_media":0,"template":"","meta":{"_monsterinsights_skip_tracking":false,"_monsterinsights_sitenote_active":false,"_monsterinsights_sitenote_note":"","_monsterinsights_sitenote_category":0},"product_brand":[],"product_cat":[12291,12745],"product_tag":[],"class_list":{"0":"post-750624","1":"product","2":"type-product","3":"status-publish","5":"product_cat-edebiyat","6":"product_cat-tarihi-roman","7":"pa_cilt-ciltsiz","8":"pa_tur-kitap","9":"pa_yayinevi-korkut-yayinlari","10":"pa_yazar-sinan-yagmur","12":"first","13":"instock","14":"sale","15":"shipping-taxable","16":"purchasable","17":"product-type-simple"},"_links":{"self":[{"href":"https:\/\/roveyayinevi.com.tr\/index.php\/wp-json\/wp\/v2\/product\/750624","targetHints":{"allow":["GET"]}}],"collection":[{"href":"https:\/\/roveyayinevi.com.tr\/index.php\/wp-json\/wp\/v2\/product"}],"about":[{"href":"https:\/\/roveyayinevi.com.tr\/index.php\/wp-json\/wp\/v2\/types\/product"}],"wp:attachment":[{"href":"https:\/\/roveyayinevi.com.tr\/index.php\/wp-json\/wp\/v2\/media?parent=750624"}],"wp:term":[{"taxonomy":"product_brand","embeddable":true,"href":"https:\/\/roveyayinevi.com.tr\/index.php\/wp-json\/wp\/v2\/product_brand?post=750624"},{"taxonomy":"product_cat","embeddable":true,"href":"https:\/\/roveyayinevi.com.tr\/index.php\/wp-json\/wp\/v2\/product_cat?post=750624"},{"taxonomy":"product_tag","embeddable":true,"href":"https:\/\/roveyayinevi.com.tr\/index.php\/wp-json\/wp\/v2\/product_tag?post=750624"}],"curies":[{"name":"wp","href":"https:\/\/api.w.org\/{rel}","templated":true}]}}