{"id":750622,"date":"2025-08-28T04:25:14","date_gmt":"2025-08-28T01:25:14","guid":{"rendered":"https:\/\/roveyayinevi.com.tr\/index.php\/urun\/genc-yureklere-dokunmak\/"},"modified":"2026-04-16T03:03:56","modified_gmt":"2026-04-16T00:03:56","slug":"genc-yureklere-dokunmak","status":"publish","type":"product","link":"https:\/\/roveyayinevi.com.tr\/index.php\/urun\/genc-yureklere-dokunmak\/","title":{"rendered":"Gen\u00e7 Y\u00fcreklere Dokunmak"},"content":{"rendered":"<p>Bu kitap bir ak\u0131l verme kitab\u0131 de\u011fil gen\u00e7lerin kalbinden t\u00fcm d\u00fcnyaya bir duygu aynas\u0131d\u0131r. \u00d6yle bir ayna ki kusuru camda de\u011fil, ba\u015fkas\u0131nda de\u011fil, bahanelerde de\u011fil, kaderde de\u011fil, bizzat kendimizde g\u00f6rme aynas\u0131d\u0131r. Kendimizi onarma ve hayat\u0131 daha g\u00fczel huzurlu ya\u015fama aynas\u0131. Ger\u00e7ekleri can yakmadan g\u00f6steren gen\u00e7lik aynas\u0131&#8230; <\/p>\n","protected":false},"excerpt":{"rendered":"<p>Bu kitap bir ak\u0131l verme kitab\u0131 de\u011fil gen\u00e7lerin kalbinden t\u00fcm d\u00fcnyaya bir duygu aynas\u0131d\u0131r. \u00d6yle bir ayna ki kusuru camda de\u011fil, ba\u015fkas\u0131nda de\u011fil, bahanelerde de\u011fil, kaderde<span class=\"excerpt-hellip\"> [\u2026]<\/span><\/p>\n","protected":false},"featured_media":0,"template":"","meta":{"_monsterinsights_skip_tracking":false,"_monsterinsights_sitenote_active":false,"_monsterinsights_sitenote_note":"","_monsterinsights_sitenote_category":0},"product_brand":[],"product_cat":[18545,12291],"product_tag":[],"class_list":{"0":"post-750622","1":"product","2":"type-product","3":"status-publish","5":"product_cat-anlati","6":"product_cat-edebiyat","7":"pa_cilt-ciltsiz","8":"pa_tur-kitap","9":"pa_yayinevi-korkut-yayinlari","10":"pa_yazar-sinan-yagmur","12":"first","13":"instock","14":"sale","15":"shipping-taxable","16":"purchasable","17":"product-type-simple"},"_links":{"self":[{"href":"https:\/\/roveyayinevi.com.tr\/index.php\/wp-json\/wp\/v2\/product\/750622","targetHints":{"allow":["GET"]}}],"collection":[{"href":"https:\/\/roveyayinevi.com.tr\/index.php\/wp-json\/wp\/v2\/product"}],"about":[{"href":"https:\/\/roveyayinevi.com.tr\/index.php\/wp-json\/wp\/v2\/types\/product"}],"wp:attachment":[{"href":"https:\/\/roveyayinevi.com.tr\/index.php\/wp-json\/wp\/v2\/media?parent=750622"}],"wp:term":[{"taxonomy":"product_brand","embeddable":true,"href":"https:\/\/roveyayinevi.com.tr\/index.php\/wp-json\/wp\/v2\/product_brand?post=750622"},{"taxonomy":"product_cat","embeddable":true,"href":"https:\/\/roveyayinevi.com.tr\/index.php\/wp-json\/wp\/v2\/product_cat?post=750622"},{"taxonomy":"product_tag","embeddable":true,"href":"https:\/\/roveyayinevi.com.tr\/index.php\/wp-json\/wp\/v2\/product_tag?post=750622"}],"curies":[{"name":"wp","href":"https:\/\/api.w.org\/{rel}","templated":true}]}}