{"id":750609,"date":"2025-08-28T04:24:52","date_gmt":"2025-08-28T01:24:52","guid":{"rendered":"https:\/\/roveyayinevi.com.tr\/index.php\/urun\/guzel-gunlerin-habercisi\/"},"modified":"2026-04-15T03:14:03","modified_gmt":"2026-04-15T00:14:03","slug":"guzel-gunlerin-habercisi","status":"publish","type":"product","link":"https:\/\/roveyayinevi.com.tr\/index.php\/urun\/guzel-gunlerin-habercisi\/","title":{"rendered":"G\u00fczel G\u00fcnlerin Habercisi"},"content":{"rendered":"<p>\u201cSadece y\u0131k\u0131c\u0131 kay\u0131p ya\u015fayan biri ait olaca\u011f\u0131, de\u011fer g\u00f6rece\u011fi bir yuva, bir yer bulman\u0131n de\u011ferini anlard\u0131.\u201d  New York Times \u00e7oksatan yazar\u0131 Debbie Macomber\u2019dan samimi ve ilham verici bir roman! Ailesini kaybetmi\u015f bir kad\u0131n olan Hope ile sava\u015fta ald\u0131\u011f\u0131 fiziksel ve ruhsal yaralar\u0131 iyile\u015ftirmeye \u00e7al\u0131\u015fan Cade\u2019in kendilerine yepyeni bir hayat kurma hik\u00e2yesi bizlere umutlar\u0131m\u0131z\u0131n her zaman ikinci bir \u015fans\u0131 hak etti\u011fini anlat\u0131yor. \u0130kiz karde\u015finin \u00f6l\u00fcm\u00fcn\u00fcn ard\u0131ndan yeni bir ba\u015flang\u0131\u00e7 yapmayaihtiya\u00e7 duyan Hope, sakinli\u011fiyle bilinen Oceanside\u2019a yerle\u015fmeyekarar verir. Bu huzur dolu sahil kasabas\u0131nda hem \u00f6\u011fretmenlikyapacak hem de kay\u0131plar\u0131yla ya\u015famay\u0131 deneyecektir. Yeni hayat\u0131nakolayca uyum sa\u011flasa da h\u00e2l\u00e2 eksik bir \u015feylerin oldu\u011funuhissetmektedir. Ta ki ev sahibi onu bir hayvan bar\u0131na\u011f\u0131nda g\u00f6n\u00fcll\u00fc olmaya ikna edene kadar&#8230; Hope burada sald\u0131rgan ve \u00e7aresiz k\u00f6pek G\u00f6lge ile tan\u0131\u015f\u0131r ve ona yeni bir hayat sunmak i\u00e7in olanca \u015fefkatiyle elinden geleni yapar. Bar\u0131nakta \u00e7al\u0131\u015fan bir di\u011fer g\u00f6n\u00fcll\u00fc Cade ise Afganistan\u2019daki sava\u015ftan a\u011f\u0131r hasarlarla d\u00f6nm\u00fc\u015f mutsuz bir askerdir. Ge\u00e7mi\u015fte ya\u015fad\u0131klar\u0131 nedeniyle ili\u015fki kurmakta zorlanan Cade pek arkada\u015f canl\u0131s\u0131 de\u011fildir ve Hope\u2019tan uzak durmaya kararl\u0131d\u0131r. Cade ve Hope yaralar\u0131na ra\u011fmen kalplerini cesaretle a\u00e7\u0131p daha g\u00fczel bir gelece\u011fin \u00f6n\u00fcndeki engelleri a\u015fabilecekler mi?<\/p>\n","protected":false},"excerpt":{"rendered":"<p>\u201cSadece y\u0131k\u0131c\u0131 kay\u0131p ya\u015fayan biri ait olaca\u011f\u0131, de\u011fer g\u00f6rece\u011fi bir yuva, bir yer bulman\u0131n de\u011ferini anlard\u0131.\u201d New York Times \u00e7oksatan yazar\u0131 Debbie Macomber\u2019dan samimi ve ilham<span class=\"excerpt-hellip\"> [\u2026]<\/span><\/p>\n","protected":false},"featured_media":0,"template":"","meta":{"_monsterinsights_skip_tracking":false,"_monsterinsights_sitenote_active":false,"_monsterinsights_sitenote_note":"","_monsterinsights_sitenote_category":0},"product_brand":[],"product_cat":[12291,12711],"product_tag":[],"class_list":{"0":"post-750609","1":"product","2":"type-product","3":"status-publish","5":"product_cat-edebiyat","6":"product_cat-roman-oyku","7":"pa_cilt-ciltsiz","8":"pa_tur-kitap","9":"pa_yayinevi-epsilon-yayinlari","10":"pa_yazar-debbie-macomber","12":"first","13":"instock","14":"sale","15":"shipping-taxable","16":"purchasable","17":"product-type-simple"},"_links":{"self":[{"href":"https:\/\/roveyayinevi.com.tr\/index.php\/wp-json\/wp\/v2\/product\/750609","targetHints":{"allow":["GET"]}}],"collection":[{"href":"https:\/\/roveyayinevi.com.tr\/index.php\/wp-json\/wp\/v2\/product"}],"about":[{"href":"https:\/\/roveyayinevi.com.tr\/index.php\/wp-json\/wp\/v2\/types\/product"}],"wp:attachment":[{"href":"https:\/\/roveyayinevi.com.tr\/index.php\/wp-json\/wp\/v2\/media?parent=750609"}],"wp:term":[{"taxonomy":"product_brand","embeddable":true,"href":"https:\/\/roveyayinevi.com.tr\/index.php\/wp-json\/wp\/v2\/product_brand?post=750609"},{"taxonomy":"product_cat","embeddable":true,"href":"https:\/\/roveyayinevi.com.tr\/index.php\/wp-json\/wp\/v2\/product_cat?post=750609"},{"taxonomy":"product_tag","embeddable":true,"href":"https:\/\/roveyayinevi.com.tr\/index.php\/wp-json\/wp\/v2\/product_tag?post=750609"}],"curies":[{"name":"wp","href":"https:\/\/api.w.org\/{rel}","templated":true}]}}