{"id":750594,"date":"2025-08-28T04:24:32","date_gmt":"2025-08-28T01:24:32","guid":{"rendered":"https:\/\/roveyayinevi.com.tr\/index.php\/urun\/tohum-2\/"},"modified":"2026-04-16T03:03:56","modified_gmt":"2026-04-16T00:03:56","slug":"tohum-2","status":"publish","type":"product","link":"https:\/\/roveyayinevi.com.tr\/index.php\/urun\/tohum-2\/","title":{"rendered":"Tohum"},"content":{"rendered":"<p>Biz insanlar narsisist oldu\u011fumuz i\u00e7in, tarih boyunca her \u015feyi bildi\u011fimizi iddia ettik ve her defas\u0131nda yan\u0131ld\u0131k. D\u00fcnya\u2019n\u0131n hatta evrenin merkezinde oldu\u011fumuzu sand\u0131k. Evren, Samanyolu, G\u00fcne\u015f, y\u0131ld\u0131zlar, D\u00fcnya\u2026 Hepsi bizim i\u00e7in yarat\u0131lm\u0131\u015ft\u0131, fakat bizden \u00f6nce sadece D\u00fcnya\u2019da milyarlarca y\u0131l ge\u00e7mi\u015f oldu\u011funu \u00f6\u011frendik. G\u00fcne\u015f\u2019in, y\u0131ld\u0131zlar\u0131n bizim etraf\u0131m\u0131zda d\u00f6nd\u00fc\u011f\u00fcnden \u00e7ok emindik, ancak yan\u0131ld\u0131\u011f\u0131m\u0131z\u0131 elimizde bir tek Ay kal\u0131nca anlad\u0131k. D\u00fcnya\u2019n\u0131n yuvarlak oldu\u011funu, kendi etraf\u0131nda d\u00f6nd\u00fc\u011f\u00fcn\u00fc de yeni fark ettik. Narsisistler, kendilerini \u00f6zel ve en b\u00fcy\u00fck g\u00f6r\u00fcrler ama uzaydan kendimize bak\u0131nca k\u00fc\u00e7\u00fckt\u00fck, bir kum tanesi kadar bile de\u011fildik. \u015eim\u015fekler, yer\u00e7ekimi, gelgitler, depremler\u2026 Ne olduklar\u0131n\u0131 \u00f6\u011frenene kadar bamba\u015fka kesin do\u011frular\u0131m\u0131z vard\u0131. <\/p>\n","protected":false},"excerpt":{"rendered":"<p>Biz insanlar narsisist oldu\u011fumuz i\u00e7in, tarih boyunca her \u015feyi bildi\u011fimizi iddia ettik ve her defas\u0131nda yan\u0131ld\u0131k. D\u00fcnya\u2019n\u0131n hatta evrenin merkezinde oldu\u011fumuzu sand\u0131k. Evren, Samanyolu, G\u00fcne\u015f, y\u0131ld\u0131zlar,<span class=\"excerpt-hellip\"> [\u2026]<\/span><\/p>\n","protected":false},"featured_media":0,"template":"","meta":{"_monsterinsights_skip_tracking":false,"_monsterinsights_sitenote_active":false,"_monsterinsights_sitenote_note":"","_monsterinsights_sitenote_category":0},"product_brand":[],"product_cat":[12291,14777],"product_tag":[],"class_list":{"0":"post-750594","1":"product","2":"type-product","3":"status-publish","5":"product_cat-edebiyat","6":"product_cat-fantastik","7":"pa_cilt-ciltsiz","8":"pa_tur-kitap","9":"pa_yayinevi-dark-istanbul-yayinlari","10":"pa_yazar-samir-hamzaogullari","12":"first","13":"instock","14":"sale","15":"shipping-taxable","16":"purchasable","17":"product-type-simple"},"_links":{"self":[{"href":"https:\/\/roveyayinevi.com.tr\/index.php\/wp-json\/wp\/v2\/product\/750594","targetHints":{"allow":["GET"]}}],"collection":[{"href":"https:\/\/roveyayinevi.com.tr\/index.php\/wp-json\/wp\/v2\/product"}],"about":[{"href":"https:\/\/roveyayinevi.com.tr\/index.php\/wp-json\/wp\/v2\/types\/product"}],"wp:attachment":[{"href":"https:\/\/roveyayinevi.com.tr\/index.php\/wp-json\/wp\/v2\/media?parent=750594"}],"wp:term":[{"taxonomy":"product_brand","embeddable":true,"href":"https:\/\/roveyayinevi.com.tr\/index.php\/wp-json\/wp\/v2\/product_brand?post=750594"},{"taxonomy":"product_cat","embeddable":true,"href":"https:\/\/roveyayinevi.com.tr\/index.php\/wp-json\/wp\/v2\/product_cat?post=750594"},{"taxonomy":"product_tag","embeddable":true,"href":"https:\/\/roveyayinevi.com.tr\/index.php\/wp-json\/wp\/v2\/product_tag?post=750594"}],"curies":[{"name":"wp","href":"https:\/\/api.w.org\/{rel}","templated":true}]}}