{"id":750575,"date":"2025-08-28T04:24:06","date_gmt":"2025-08-28T01:24:06","guid":{"rendered":"https:\/\/roveyayinevi.com.tr\/index.php\/urun\/les\/"},"modified":"2026-04-16T03:03:55","modified_gmt":"2026-04-16T00:03:55","slug":"les","status":"publish","type":"product","link":"https:\/\/roveyayinevi.com.tr\/index.php\/urun\/les\/","title":{"rendered":"Le\u015f"},"content":{"rendered":"<p>K\u00fcbra bebek 3 kilo do\u011fdu, 1,5 kilo olarak defnedildi. \u201cKuru ekmek yiyorlarsa a\u00e7 de\u011filler!\u201d dendi. Bu kitap k\u00f6t\u00fcl\u00fc\u011f\u00fcn s\u0131radanla\u015ft\u0131\u011f\u0131 bir \u00fclkede ya\u015fananlar\u0131 anlat\u0131yor. K\u00f6t\u00fcl\u00fck her ne kadar yaralay\u0131c\u0131, y\u0131prat\u0131c\u0131 ve y\u0131k\u0131c\u0131 da olsa insanidir. Oysa \u201cle\u015f\u201d halini, insani kavramlarla a\u00e7\u0131klamak imk\u00e2ns\u0131z. \u00c7\u00fcnk\u00fc insan\u0131n ya\u015farken \u00e7\u00fcr\u00fcmesidir. Her k\u00f6t\u00fcl\u00fc\u011f\u00fc unutturarak \u00fclkeyi \u00e7\u00fcr\u00fctt\u00fcler. Peki ya unutulmazsa? \u0130\u015fte o zaman bu \u00fclke yeniden do\u011far. Neo-T\u00fcrkiye\u2019nin panzehri haf\u0131zad\u0131r! <\/p>\n","protected":false},"excerpt":{"rendered":"<p>K\u00fcbra bebek 3 kilo do\u011fdu, 1,5 kilo olarak defnedildi. \u201cKuru ekmek yiyorlarsa a\u00e7 de\u011filler!\u201d dendi. Bu kitap k\u00f6t\u00fcl\u00fc\u011f\u00fcn s\u0131radanla\u015ft\u0131\u011f\u0131 bir \u00fclkede ya\u015fananlar\u0131 anlat\u0131yor. K\u00f6t\u00fcl\u00fck her ne<span class=\"excerpt-hellip\"> [\u2026]<\/span><\/p>\n","protected":false},"featured_media":0,"template":"","meta":{"_monsterinsights_skip_tracking":false,"_monsterinsights_sitenote_active":false,"_monsterinsights_sitenote_note":"","_monsterinsights_sitenote_category":0},"product_brand":[],"product_cat":[13590,12337],"product_tag":[],"class_list":{"0":"post-750575","1":"product","2":"type-product","3":"status-publish","5":"product_cat-arastirma-inceleme-politika-siyaset","6":"product_cat-politika-siyaset","7":"pa_cilt-ciltsiz","8":"pa_tur-kitap","9":"pa_yayinevi-destek-yayinlari","10":"pa_yazar-mustafa-hos","12":"first","13":"instock","14":"sale","15":"shipping-taxable","16":"purchasable","17":"product-type-simple"},"_links":{"self":[{"href":"https:\/\/roveyayinevi.com.tr\/index.php\/wp-json\/wp\/v2\/product\/750575","targetHints":{"allow":["GET"]}}],"collection":[{"href":"https:\/\/roveyayinevi.com.tr\/index.php\/wp-json\/wp\/v2\/product"}],"about":[{"href":"https:\/\/roveyayinevi.com.tr\/index.php\/wp-json\/wp\/v2\/types\/product"}],"wp:attachment":[{"href":"https:\/\/roveyayinevi.com.tr\/index.php\/wp-json\/wp\/v2\/media?parent=750575"}],"wp:term":[{"taxonomy":"product_brand","embeddable":true,"href":"https:\/\/roveyayinevi.com.tr\/index.php\/wp-json\/wp\/v2\/product_brand?post=750575"},{"taxonomy":"product_cat","embeddable":true,"href":"https:\/\/roveyayinevi.com.tr\/index.php\/wp-json\/wp\/v2\/product_cat?post=750575"},{"taxonomy":"product_tag","embeddable":true,"href":"https:\/\/roveyayinevi.com.tr\/index.php\/wp-json\/wp\/v2\/product_tag?post=750575"}],"curies":[{"name":"wp","href":"https:\/\/api.w.org\/{rel}","templated":true}]}}