{"id":750563,"date":"2025-08-28T04:23:50","date_gmt":"2025-08-28T01:23:50","guid":{"rendered":"https:\/\/roveyayinevi.com.tr\/index.php\/urun\/isyan-3\/"},"modified":"2026-04-16T03:03:55","modified_gmt":"2026-04-16T00:03:55","slug":"isyan-3","status":"publish","type":"product","link":"https:\/\/roveyayinevi.com.tr\/index.php\/urun\/isyan-3\/","title":{"rendered":"\u0130syan"},"content":{"rendered":"<p>Bir \u015fehri kurtarmak i\u00e7in neleri feda edebilirsin?   D\u00fcnyada insanlar keskin \u00e7izgilerle ikiye ayr\u0131lm\u0131\u015ft\u0131r ve bu d\u00fczenin sadece bir kazanan\u0131 vard\u0131r. Zenginler, kendilerini hava kirlili\u011finden ve hastal\u0131klardan koruyan \u00f6zel kost\u00fcmler giyerken kalan herkes fakirli\u011fin pen\u00e7esinde k\u0131rkl\u0131 ya\u015flar\u0131n\u0131 bile g\u00f6remeden \u00f6lmektedir. \u0130nsanlar\u0131n yozla\u015fm\u0131\u015fl\u0131\u011f\u0131 y\u00fcz\u00fcnden hayat\u0131n\u0131 kaybetmi\u015f annesinin ac\u0131s\u0131n\u0131 i\u00e7inde ta\u015f\u0131yan Zhou, bedeli ne olursa olsun bu d\u00fczeni de\u011fi\u015ftirmeye kararl\u0131d\u0131r.   Arkada\u015flar\u0131n\u0131n da yard\u0131m\u0131yla, t\u00fcm bu felaketin yarat\u0131c\u0131s\u0131 olan \u015firket Jin Holding\u2019i i\u00e7eriden yok etmek \u00fczere zenginlerin aras\u0131na s\u0131zmay\u0131 ba\u015far\u0131r. Ancak bu yabanc\u0131 d\u00fcnyaya dald\u0131k\u00e7a planlar\u0131 daha da \u00e7etrefil bir h\u00e2le gelir. Att\u0131\u011f\u0131 her ad\u0131m, onu en k\u00f6t\u00fc d\u00fc\u015fmanlar\u0131n\u0131n k\u0131z\u0131 olan Daiyu\u2019yla beraber b\u00fcy\u00fck bir a\u00e7maza s\u00fcr\u00fckler.   Paste Magazine\u2019e G\u00f6re 2017 Y\u0131l\u0131n\u0131n En \u0130yi Gen\u00e7 Yeti\u015fkin Roman\u0131   \u201cY\u00fcksek doz aksiyonla dolu bir hik\u00e2ye.\u201d \u2014Marie Lu   \u201cG\u00fc\u00e7l\u00fc, g\u00fcncel ve yepyeni bir soluk.\u201d \u2014Veronica Roth   \u201c\u0130syan, kolayl\u0131kla bizim gelece\u011fimize d\u00f6n\u00fc\u015febilecek bir d\u00fcnya \u00f6ng\u00f6r\u00fcyor.\u201d \u2014Beth Revis   \u201c\u0130syan\u2019dan daha tatmin edici ve gerilimli bir distopya bulamayacaks\u0131n\u0131z.\u201d \u2014Ann Aguirre   \u201cToplumsal d\u00fczlemde bilin\u00e7li bir f\u00fct\u00fcristik gerilim.\u201d \u2014Kirkus   \u201cCindy Pon \u00e7evreyi, sesleri ve kokular\u0131 o kadar canl\u0131 anlatm\u0131\u015f ki kendinizi Taipei\u2019de hissedeceksiniz.\u201d \u2014Booklist   \u201cK\u00fclt\u00fcrel elementleri, yarat\u0131c\u0131 teknolojisi ve hava kirlili\u011fi a\u00e7\u0131s\u0131ndan g\u00fcn\u00fcm\u00fcz ko\u015fullar\u0131nda ad\u0131m ad\u0131m ilerledi\u011fimiz gelecek tasar\u0131s\u0131yla nefes kesici bir okuma deneyimi sunuyor.\u201d \u2014BCCB   \u201cOkuru ba\u015ftan \u00e7\u0131karacak denli g\u00fc\u00e7l\u00fc bir bilimkurgu roman\u0131.\u201d \u2014School Library Journal <\/p>\n","protected":false},"excerpt":{"rendered":"<p>Bir \u015fehri kurtarmak i\u00e7in neleri feda edebilirsin? D\u00fcnyada insanlar keskin \u00e7izgilerle ikiye ayr\u0131lm\u0131\u015ft\u0131r ve bu d\u00fczenin sadece bir kazanan\u0131 vard\u0131r. Zenginler, kendilerini hava kirlili\u011finden ve hastal\u0131klardan<span class=\"excerpt-hellip\"> [\u2026]<\/span><\/p>\n","protected":false},"featured_media":0,"template":"","meta":{"_monsterinsights_skip_tracking":false,"_monsterinsights_sitenote_active":false,"_monsterinsights_sitenote_note":"","_monsterinsights_sitenote_category":0},"product_brand":[],"product_cat":[12540,12291],"product_tag":[],"class_list":{"0":"post-750563","1":"product","2":"type-product","3":"status-publish","5":"product_cat-bilim-kurgu","6":"product_cat-edebiyat","7":"pa_cilt-ciltsiz","8":"pa_tur-kitap","9":"pa_yayinevi-yabanci-yayinevi","10":"pa_yazar-cindy-pon","12":"first","13":"instock","14":"sale","15":"shipping-taxable","16":"purchasable","17":"product-type-simple"},"_links":{"self":[{"href":"https:\/\/roveyayinevi.com.tr\/index.php\/wp-json\/wp\/v2\/product\/750563","targetHints":{"allow":["GET"]}}],"collection":[{"href":"https:\/\/roveyayinevi.com.tr\/index.php\/wp-json\/wp\/v2\/product"}],"about":[{"href":"https:\/\/roveyayinevi.com.tr\/index.php\/wp-json\/wp\/v2\/types\/product"}],"wp:attachment":[{"href":"https:\/\/roveyayinevi.com.tr\/index.php\/wp-json\/wp\/v2\/media?parent=750563"}],"wp:term":[{"taxonomy":"product_brand","embeddable":true,"href":"https:\/\/roveyayinevi.com.tr\/index.php\/wp-json\/wp\/v2\/product_brand?post=750563"},{"taxonomy":"product_cat","embeddable":true,"href":"https:\/\/roveyayinevi.com.tr\/index.php\/wp-json\/wp\/v2\/product_cat?post=750563"},{"taxonomy":"product_tag","embeddable":true,"href":"https:\/\/roveyayinevi.com.tr\/index.php\/wp-json\/wp\/v2\/product_tag?post=750563"}],"curies":[{"name":"wp","href":"https:\/\/api.w.org\/{rel}","templated":true}]}}