{"id":750561,"date":"2025-08-28T04:23:48","date_gmt":"2025-08-28T01:23:48","guid":{"rendered":"https:\/\/roveyayinevi.com.tr\/index.php\/urun\/ne-yesem-dokunuyor\/"},"modified":"2026-04-16T03:03:55","modified_gmt":"2026-04-16T00:03:55","slug":"ne-yesem-dokunuyor","status":"publish","type":"product","link":"https:\/\/roveyayinevi.com.tr\/index.php\/urun\/ne-yesem-dokunuyor\/","title":{"rendered":"Ne Yesem Dokunuyor"},"content":{"rendered":"<p>Bir insana yedi\u011fi her besin dokunabilir mi?  A\u011fr\u0131y\u0131 kesmek i\u00e7in kullan\u0131lan a\u011fr\u0131 kesiciler a\u011fr\u0131y\u0131 art\u0131rabilir mi? Ne yaparsan\u0131z yap\u0131n fibromiyalji a\u011fr\u0131lar\u0131ndan kurtulam\u0131yor musunuz? Yemeklerden sonra kafan\u0131z\u0131 toplayam\u0131yor, konsantre olam\u0131yor musunuz? Stresli oldu\u011funuzda yak\u0131nmalar kontrol\u00fcn\u00fczden \u00e7\u0131k\u0131yor mu?  \u0130\u00e7ti\u011finiz \u00e7o\u011fu ilaca \u201calerjiniz\u201d mi var? Sabahlar\u0131 d\u00fcmd\u00fcz olan karn\u0131n\u0131z ilk lokmayla \u015fi\u015fmeye ba\u015flay\u0131p, ak\u015fam saatlerinde patlama noktas\u0131na m\u0131 geliyor?  Ailenizde migren, alerji, tiroid hastal\u0131\u011f\u0131, mide ba\u011f\u0131rsak yak\u0131nmalar\u0131 s\u0131k m\u0131?   Besinlerle ald\u0131\u011f\u0131m\u0131z veya ba\u011f\u0131rsak bakterilerimizin sentezledi\u011fi histamini y\u0131kamad\u0131\u011f\u0131m\u0131z zaman kanda ve beyinde histamin d\u00fczeyleri y\u00fckselir; yalanc\u0131 alerji bulgular\u0131ndan n\u00f6rolojik yak\u0131nmalara, mide ba\u011f\u0131rsak \u015fik\u00e2yetlerinden kayg\u0131 bozuklu\u011funa, hiperaktif mesaneden uykusuzlu\u011fa uzanan \u00e7ok geni\u015f bir spektrumda yak\u0131nmalara yol a\u00e7ar.    Ne Yesem Dokunuyor\u2019da n\u00f6roloji uzman\u0131 Dr. Banu Ta\u015fc\u0131 Fresko; histamin intolerans\u0131n\u0131n bulgular\u0131n\u0131, nedenlerini, mast h\u00fccresi aktivasyonu, e\u015flik eden hastal\u0131klar ve di\u011fer intoleranslar\u0131 b\u00fct\u00fcn y\u00f6nleriyle ele al\u0131yor.  Histamin intolerans\u0131, uzun COVID, mast h\u00fccresi aktivasyonuyla birlikte kendini g\u00f6steren yak\u0131nmalarla ba\u015fa \u00e7\u0131kmak i\u00e7in \u00f6nerilerde bulunuyor. Ne yeseniz dokunuyor, hangi besinin dokundu\u011funu anlam\u0131yor ve ne yapaca\u011f\u0131n\u0131z\u0131 bilemiyorsan\u0131z bu kitap size yol g\u00f6sterecek. <\/p>\n","protected":false},"excerpt":{"rendered":"<p>Bir insana yedi\u011fi her besin dokunabilir mi? A\u011fr\u0131y\u0131 kesmek i\u00e7in kullan\u0131lan a\u011fr\u0131 kesiciler a\u011fr\u0131y\u0131 art\u0131rabilir mi? Ne yaparsan\u0131z yap\u0131n fibromiyalji a\u011fr\u0131lar\u0131ndan kurtulam\u0131yor musunuz? Yemeklerden sonra kafan\u0131z\u0131<span class=\"excerpt-hellip\"> [\u2026]<\/span><\/p>\n","protected":false},"featured_media":0,"template":"","meta":{"_monsterinsights_skip_tracking":false,"_monsterinsights_sitenote_active":false,"_monsterinsights_sitenote_note":"","_monsterinsights_sitenote_category":0},"product_brand":[],"product_cat":[13402,13365],"product_tag":[],"class_list":{"0":"post-750561","1":"product","2":"type-product","3":"status-publish","5":"product_cat-beslenme-ve-diyet","6":"product_cat-saglik","7":"pa_cilt-ciltsiz","8":"pa_tur-kitap","9":"pa_yayinevi-dogan-kitap","10":"pa_yazar-banu-tasci-fresko","12":"first","13":"instock","14":"sale","15":"shipping-taxable","16":"purchasable","17":"product-type-simple"},"_links":{"self":[{"href":"https:\/\/roveyayinevi.com.tr\/index.php\/wp-json\/wp\/v2\/product\/750561","targetHints":{"allow":["GET"]}}],"collection":[{"href":"https:\/\/roveyayinevi.com.tr\/index.php\/wp-json\/wp\/v2\/product"}],"about":[{"href":"https:\/\/roveyayinevi.com.tr\/index.php\/wp-json\/wp\/v2\/types\/product"}],"wp:attachment":[{"href":"https:\/\/roveyayinevi.com.tr\/index.php\/wp-json\/wp\/v2\/media?parent=750561"}],"wp:term":[{"taxonomy":"product_brand","embeddable":true,"href":"https:\/\/roveyayinevi.com.tr\/index.php\/wp-json\/wp\/v2\/product_brand?post=750561"},{"taxonomy":"product_cat","embeddable":true,"href":"https:\/\/roveyayinevi.com.tr\/index.php\/wp-json\/wp\/v2\/product_cat?post=750561"},{"taxonomy":"product_tag","embeddable":true,"href":"https:\/\/roveyayinevi.com.tr\/index.php\/wp-json\/wp\/v2\/product_tag?post=750561"}],"curies":[{"name":"wp","href":"https:\/\/api.w.org\/{rel}","templated":true}]}}