{"id":750551,"date":"2025-08-28T04:23:34","date_gmt":"2025-08-28T01:23:34","guid":{"rendered":"https:\/\/roveyayinevi.com.tr\/index.php\/urun\/iste-bu-benim-bedenim\/"},"modified":"2026-04-06T03:16:31","modified_gmt":"2026-04-06T00:16:31","slug":"iste-bu-benim-bedenim","status":"publish","type":"product","link":"https:\/\/roveyayinevi.com.tr\/index.php\/urun\/iste-bu-benim-bedenim\/","title":{"rendered":"\u0130\u015fte Bu Benim Bedenim"},"content":{"rendered":"<p>Haydi sen de kat\u0131l bize!   Bedenimizle, sesimizle, varl\u0131\u011f\u0131m\u0131zla yer kaplamaktan \u00e7ekinmiyoruz. D\u0131\u015f g\u00f6r\u00fcn\u00fc\u015fe \u00f6nem veren \u015fekilcilikten ka\u00e7\u0131n\u0131yoruz. Bedenimizden utanm\u0131yoruz. Kendimizi ve ba\u015fkalar\u0131n\u0131 fiziksel \u00f6zelliklere g\u00f6re de\u011ferlendirmiyoruz ve yarg\u0131lam\u0131yoruz. Bedenimizi her haliyle, oldu\u011fu gibi seviyoruz. Bedeni alay konusu yapm\u0131yoruz.Bunu yapanlar\u0131 uyar\u0131yoruz. Bedenlerimizin farkl\u0131 \u00f6l\u00e7\u00fcleri ve \u015fekilleri oldu\u011funu kabul ediyoruz. Kusurlara inanm\u0131yoruz \u00e7\u00fcnk\u00fc her bedenin kendine has \u00f6zellikleri oldu\u011funu biliyoruz. Arkada\u015flar\u0131m\u0131zla kol kola giriyor, bedenimizi kal\u0131plara sokmaya \u00e7al\u0131\u015fan herkese ve her \u015feye kar\u015f\u0131 m\u00fccadele ediyoruz. <\/p>\n","protected":false},"excerpt":{"rendered":"<p>Haydi sen de kat\u0131l bize! Bedenimizle, sesimizle, varl\u0131\u011f\u0131m\u0131zla yer kaplamaktan \u00e7ekinmiyoruz. D\u0131\u015f g\u00f6r\u00fcn\u00fc\u015fe \u00f6nem veren \u015fekilcilikten ka\u00e7\u0131n\u0131yoruz. Bedenimizden utanm\u0131yoruz. Kendimizi ve ba\u015fkalar\u0131n\u0131 fiziksel \u00f6zelliklere g\u00f6re de\u011ferlendirmiyoruz<span class=\"excerpt-hellip\"> [\u2026]<\/span><\/p>\n","protected":false},"featured_media":0,"template":"","meta":{"_monsterinsights_skip_tracking":false,"_monsterinsights_sitenote_active":false,"_monsterinsights_sitenote_note":"","_monsterinsights_sitenote_category":0},"product_brand":[],"product_cat":[12364,12376],"product_tag":[],"class_list":{"0":"post-750551","1":"product","2":"type-product","3":"status-publish","5":"product_cat-genel-konular","6":"product_cat-kisisel-gelisim","7":"pa_cilt-ciltsiz","8":"pa_tur-kitap","9":"pa_yayinevi-dex-yayinevi","10":"pa_yazar-seda-yilmaz","12":"first","13":"instock","14":"sale","15":"shipping-taxable","16":"purchasable","17":"product-type-simple"},"_links":{"self":[{"href":"https:\/\/roveyayinevi.com.tr\/index.php\/wp-json\/wp\/v2\/product\/750551","targetHints":{"allow":["GET"]}}],"collection":[{"href":"https:\/\/roveyayinevi.com.tr\/index.php\/wp-json\/wp\/v2\/product"}],"about":[{"href":"https:\/\/roveyayinevi.com.tr\/index.php\/wp-json\/wp\/v2\/types\/product"}],"wp:attachment":[{"href":"https:\/\/roveyayinevi.com.tr\/index.php\/wp-json\/wp\/v2\/media?parent=750551"}],"wp:term":[{"taxonomy":"product_brand","embeddable":true,"href":"https:\/\/roveyayinevi.com.tr\/index.php\/wp-json\/wp\/v2\/product_brand?post=750551"},{"taxonomy":"product_cat","embeddable":true,"href":"https:\/\/roveyayinevi.com.tr\/index.php\/wp-json\/wp\/v2\/product_cat?post=750551"},{"taxonomy":"product_tag","embeddable":true,"href":"https:\/\/roveyayinevi.com.tr\/index.php\/wp-json\/wp\/v2\/product_tag?post=750551"}],"curies":[{"name":"wp","href":"https:\/\/api.w.org\/{rel}","templated":true}]}}